216.73.216.209 - - [18/May/2026:14:20:55 +0000] "GET /items/U440791944201/ HTTP/1.1" 500 2749 "-" "Mozilla/5.0 AppleWebKit/537.36 (KHTML, like Gecko; compatible; ClaudeBot/1.0; +claudebot@anthropic.com)"
216.73.216.209 - - [18/May/2026:14:21:00 +0000] "GET /items/U440920799084/ HTTP/1.1" 500 2749 "-" "Mozilla/5.0 AppleWebKit/537.36 (KHTML, like Gecko; compatible; ClaudeBot/1.0; +claudebot@anthropic.com)"
216.73.216.209 - - [18/May/2026:14:21:05 +0000] "GET /items/U44061354371/ HTTP/1.1" 500 2749 "-" "Mozilla/5.0 AppleWebKit/537.36 (KHTML, like Gecko; compatible; ClaudeBot/1.0; +claudebot@anthropic.com)"
216.73.216.209 - - [18/May/2026:14:21:10 +0000] "GET /items/U4405787929/ HTTP/1.1" 500 2749 "-" "Mozilla/5.0 AppleWebKit/537.36 (KHTML, like Gecko; compatible; ClaudeBot/1.0; +claudebot@anthropic.com)"
216.73.216.209 - - [18/May/2026:14:21:16 +0000] "GET /items/U44098877807/ HTTP/1.1" 500 2749 "-" "Mozilla/5.0 AppleWebKit/537.36 (KHTML, like Gecko; compatible; ClaudeBot/1.0; +claudebot@anthropic.com)"
216.73.216.209 - - [18/May/2026:14:21:21 +0000] "GET /items/U44053939352/ HTTP/1.1" 500 2749 "-" "Mozilla/5.0 AppleWebKit/537.36 (KHTML, like Gecko; compatible; ClaudeBot/1.0; +claudebot@anthropic.com)"
216.73.216.209 - - [18/May/2026:14:21:26 +0000] "GET /items/U44064242907/ HTTP/1.1" 500 2749 "-" "Mozilla/5.0 AppleWebKit/537.36 (KHTML, like Gecko; compatible; ClaudeBot/1.0; +claudebot@anthropic.com)"
216.73.216.209 - - [18/May/2026:14:21:31 +0000] "GET /items/U44095817219/ HTTP/1.1" 500 2749 "-" "Mozilla/5.0 AppleWebKit/537.36 (KHTML, like Gecko; compatible; ClaudeBot/1.0; +claudebot@anthropic.com)"
216.73.216.209 - - [18/May/2026:14:21:36 +0000] "GET /items/U44071538575/ HTTP/1.1" 500 2749 "-" "Mozilla/5.0 AppleWebKit/537.36 (KHTML, like Gecko; compatible; ClaudeBot/1.0; +claudebot@anthropic.com)"
157.55.39.10 - - [18/May/2026:14:21:40 +0000] "GET /shop/c/c44041000692/ HTTP/1.1" 200 263308 "-" "Mozilla/5.0 AppleWebKit/537.36 (KHTML, like Gecko; compatible; bingbot/2.0; +http://www.bing.com/bingbot.htm) Chrome/116.0.1938.76 Safari/537.36"
59.91.73.196 - - [18/May/2026:14:21:40 +0000] "POST /xmlrpc.php HTTP/1.1" 500 2749 "-" "Jetpack/12.0; WordPress/6.3; http://site55066380.com"
216.73.216.209 - - [18/May/2026:14:21:41 +0000] "GET /items/U44085034741/ HTTP/1.1" 500 2749 "-" "Mozilla/5.0 AppleWebKit/537.36 (KHTML, like Gecko; compatible; ClaudeBot/1.0; +claudebot@anthropic.com)"
216.73.216.209 - - [18/May/2026:14:21:46 +0000] "GET /items/U440436465044/ HTTP/1.1" 500 2749 "-" "Mozilla/5.0 AppleWebKit/537.36 (KHTML, like Gecko; compatible; ClaudeBot/1.0; +claudebot@anthropic.com)"
216.73.216.209 - - [18/May/2026:14:21:51 +0000] "GET /items/U44085136723/ HTTP/1.1" 500 2749 "-" "Mozilla/5.0 AppleWebKit/537.36 (KHTML, like Gecko; compatible; ClaudeBot/1.0; +claudebot@anthropic.com)"
216.73.216.209 - - [18/May/2026:14:21:56 +0000] "GET /items/U44049031873/ HTTP/1.1" 500 2749 "-" "Mozilla/5.0 AppleWebKit/537.36 (KHTML, like Gecko; compatible; ClaudeBot/1.0; +claudebot@anthropic.com)"
216.73.216.209 - - [18/May/2026:14:22:01 +0000] "GET /items/U44085394329/ HTTP/1.1" 500 2749 "-" "Mozilla/5.0 AppleWebKit/537.36 (KHTML, like Gecko; compatible; ClaudeBot/1.0; +claudebot@anthropic.com)"
59.91.73.196 - - [18/May/2026:14:22:06 +0000] "POST /xmlrpc.php HTTP/1.1" 500 2749 "-" "Jetpack/12.5; WordPress/6.4; http://site37993508.com"
216.73.216.209 - - [18/May/2026:14:22:06 +0000] "GET /items/U44085393655/ HTTP/1.1" 500 2749 "-" "Mozilla/5.0 AppleWebKit/537.36 (KHTML, like Gecko; compatible; ClaudeBot/1.0; +claudebot@anthropic.com)"
216.73.216.209 - - [18/May/2026:14:22:11 +0000] "GET /items/U440911909756/ HTTP/1.1" 500 2749 "-" "Mozilla/5.0 AppleWebKit/537.36 (KHTML, like Gecko; compatible; ClaudeBot/1.0; +claudebot@anthropic.com)"
59.91.73.196 - - [18/May/2026:14:22:16 +0000] "POST /xmlrpc.php HTTP/1.1" 500 2749 "-" "WordPress.com; https://wordpress.com"
216.73.216.209 - - [18/May/2026:14:22:16 +0000] "GET /items/U44077666748/ HTTP/1.1" 500 2749 "-" "Mozilla/5.0 AppleWebKit/537.36 (KHTML, like Gecko; compatible; ClaudeBot/1.0; +claudebot@anthropic.com)"
216.73.216.209 - - [18/May/2026:14:22:21 +0000] "GET /items/U440989510482/ HTTP/1.1" 500 2749 "-" "Mozilla/5.0 AppleWebKit/537.36 (KHTML, like Gecko; compatible; ClaudeBot/1.0; +claudebot@anthropic.com)"
59.91.73.196 - - [18/May/2026:14:22:26 +0000] "POST /xmlrpc.php HTTP/1.1" 500 2749 "-" "Jetpack by WordPress.com"
216.73.216.209 - - [18/May/2026:14:22:26 +0000] "GET /items/U440493413686/ HTTP/1.1" 500 2749 "-" "Mozilla/5.0 AppleWebKit/537.36 (KHTML, like Gecko; compatible; ClaudeBot/1.0; +claudebot@anthropic.com)"
216.73.216.209 - - [18/May/2026:14:22:31 +0000] "GET /items/U440889485972/ HTTP/1.1" 500 2749 "-" "Mozilla/5.0 AppleWebKit/537.36 (KHTML, like Gecko; compatible; ClaudeBot/1.0; +claudebot@anthropic.com)"
216.73.216.209 - - [18/May/2026:14:22:36 +0000] "GET /items/U440892083758/ HTTP/1.1" 500 2749 "-" "Mozilla/5.0 AppleWebKit/537.36 (KHTML, like Gecko; compatible; ClaudeBot/1.0; +claudebot@anthropic.com)"
59.91.73.196 - - [18/May/2026:14:22:37 +0000] "POST /xmlrpc.php HTTP/1.1" 500 2749 "-" "WordPress.com; https://wordpress.com"
216.73.216.209 - - [18/May/2026:14:22:41 +0000] "GET /items/U440560719786/ HTTP/1.1" 500 2749 "-" "Mozilla/5.0 AppleWebKit/537.36 (KHTML, like Gecko; compatible; ClaudeBot/1.0; +claudebot@anthropic.com)"
216.73.216.209 - - [18/May/2026:14:22:46 +0000] "GET /items/U44056519131/ HTTP/1.1" 500 2749 "-" "Mozilla/5.0 AppleWebKit/537.36 (KHTML, like Gecko; compatible; ClaudeBot/1.0; +claudebot@anthropic.com)"
59.91.73.196 - - [18/May/2026:14:22:49 +0000] "POST /xmlrpc.php HTTP/1.1" 500 2749 "-" "WordPress.com; https://wordpress.com"
216.73.216.209 - - [18/May/2026:14:22:52 +0000] "GET /items/U44046347029/ HTTP/1.1" 500 2749 "-" "Mozilla/5.0 AppleWebKit/537.36 (KHTML, like Gecko; compatible; ClaudeBot/1.0; +claudebot@anthropic.com)"
216.73.216.209 - - [18/May/2026:14:22:52 +0000] "GET /items/U44071886517/ HTTP/1.1" 500 2749 "-" "Mozilla/5.0 AppleWebKit/537.36 (KHTML, like Gecko; compatible; ClaudeBot/1.0; +claudebot@anthropic.com)"
216.73.216.209 - - [18/May/2026:14:22:57 +0000] "GET /items/U44067376606/ HTTP/1.1" 500 2749 "-" "Mozilla/5.0 AppleWebKit/537.36 (KHTML, like Gecko; compatible; ClaudeBot/1.0; +claudebot@anthropic.com)"
59.91.73.196 - - [18/May/2026:14:23:00 +0000] "POST /xmlrpc.php HTTP/1.1" 500 2749 "-" "WordPress.com; https://wordpress.com"
216.73.216.209 - - [18/May/2026:14:23:02 +0000] "GET /items/U44056684016/ HTTP/1.1" 500 2749 "-" "Mozilla/5.0 AppleWebKit/537.36 (KHTML, like Gecko; compatible; ClaudeBot/1.0; +claudebot@anthropic.com)"
216.73.216.209 - - [18/May/2026:14:23:07 +0000] "GET /items/U44077557083/ HTTP/1.1" 500 2749 "-" "Mozilla/5.0 AppleWebKit/537.36 (KHTML, like Gecko; compatible; ClaudeBot/1.0; +claudebot@anthropic.com)"
59.91.73.196 - - [18/May/2026:14:23:10 +0000] "POST /xmlrpc.php HTTP/1.1" 500 2749 "-" "Jetpack by WordPress.com"
216.73.216.209 - - [18/May/2026:14:23:12 +0000] "GET /items/U44056784569/ HTTP/1.1" 500 2749 "-" "Mozilla/5.0 AppleWebKit/537.36 (KHTML, like Gecko; compatible; ClaudeBot/1.0; +claudebot@anthropic.com)"
216.73.216.209 - - [18/May/2026:14:23:17 +0000] "GET /items/U440587982084/ HTTP/1.1" 500 2749 "-" "Mozilla/5.0 AppleWebKit/537.36 (KHTML, like Gecko; compatible; ClaudeBot/1.0; +claudebot@anthropic.com)"
59.91.73.196 - - [18/May/2026:14:23:21 +0000] "POST /xmlrpc.php HTTP/1.1" 500 2749 "-" "Jetpack by WordPress.com (Jetpack 12.1; WordPress 6.1)"
216.73.216.209 - - [18/May/2026:14:23:22 +0000] "GET /items/U440835270564/ HTTP/1.1" 500 2749 "-" "Mozilla/5.0 AppleWebKit/537.36 (KHTML, like Gecko; compatible; ClaudeBot/1.0; +claudebot@anthropic.com)"
216.73.216.209 - - [18/May/2026:14:23:27 +0000] "GET /items/U440794600042/ HTTP/1.1" 500 2749 "-" "Mozilla/5.0 AppleWebKit/537.36 (KHTML, like Gecko; compatible; ClaudeBot/1.0; +claudebot@anthropic.com)"
59.91.73.196 - - [18/May/2026:14:23:31 +0000] "POST /xmlrpc.php HTTP/1.1" 500 2749 "-" "Jetpack by WordPress.com"
216.73.216.209 - - [18/May/2026:14:23:33 +0000] "GET /items/U44071806750/ HTTP/1.1" 500 2749 "-" "Mozilla/5.0 AppleWebKit/537.36 (KHTML, like Gecko; compatible; ClaudeBot/1.0; +claudebot@anthropic.com)"
216.73.216.209 - - [18/May/2026:14:23:38 +0000] "GET /items/U44082256672/ HTTP/1.1" 500 2749 "-" "Mozilla/5.0 AppleWebKit/537.36 (KHTML, like Gecko; compatible; ClaudeBot/1.0; +claudebot@anthropic.com)"
59.91.73.196 - - [18/May/2026:14:23:41 +0000] "POST /xmlrpc.php HTTP/1.1" 500 2749 "-" "Jetpack by WordPress.com"
216.73.216.209 - - [18/May/2026:14:23:43 +0000] "GET /items/U440788709161/ HTTP/1.1" 500 2749 "-" "Mozilla/5.0 AppleWebKit/537.36 (KHTML, like Gecko; compatible; ClaudeBot/1.0; +claudebot@anthropic.com)"
216.73.216.209 - - [18/May/2026:14:23:48 +0000] "GET /items/U44043422901/ HTTP/1.1" 500 2749 "-" "Mozilla/5.0 AppleWebKit/537.36 (KHTML, like Gecko; compatible; ClaudeBot/1.0; +claudebot@anthropic.com)"
59.91.73.196 - - [18/May/2026:14:23:52 +0000] "POST /xmlrpc.php HTTP/1.1" 500 2749 "-" "WordPress.com; https://wordpress.com"
216.73.216.209 - - [18/May/2026:14:23:53 +0000] "GET /items/U44043429403/ HTTP/1.1" 500 2749 "-" "Mozilla/5.0 AppleWebKit/537.36 (KHTML, like Gecko; compatible; ClaudeBot/1.0; +claudebot@anthropic.com)"
216.73.216.209 - - [18/May/2026:14:23:58 +0000] "GET /items/U44082040996/ HTTP/1.1" 500 2749 "-" "Mozilla/5.0 AppleWebKit/537.36 (KHTML, like Gecko; compatible; ClaudeBot/1.0; +claudebot@anthropic.com)"
59.91.73.196 - - [18/May/2026:14:24:02 +0000] "POST /xmlrpc.php HTTP/1.1" 500 2749 "-" "Jetpack by WordPress.com (Jetpack 12.1; WordPress 6.2)"
216.73.216.209 - - [18/May/2026:14:24:03 +0000] "GET /items/U44085099640/ HTTP/1.1" 500 2749 "-" "Mozilla/5.0 AppleWebKit/537.36 (KHTML, like Gecko; compatible; ClaudeBot/1.0; +claudebot@anthropic.com)"
216.73.216.209 - - [18/May/2026:14:24:08 +0000] "GET /items/U440493370937/ HTTP/1.1" 500 2749 "-" "Mozilla/5.0 AppleWebKit/537.36 (KHTML, like Gecko; compatible; ClaudeBot/1.0; +claudebot@anthropic.com)"
216.73.216.209 - - [18/May/2026:14:24:13 +0000] "GET /items/U44061015865/ HTTP/1.1" 500 2749 "-" "Mozilla/5.0 AppleWebKit/537.36 (KHTML, like Gecko; compatible; ClaudeBot/1.0; +claudebot@anthropic.com)"
59.91.73.196 - - [18/May/2026:14:24:13 +0000] "POST /xmlrpc.php HTTP/1.1" 500 2749 "-" "Jetpack by WordPress.com (Jetpack 13.0; WordPress 6.4)"
216.73.216.209 - - [18/May/2026:14:24:18 +0000] "GET /items/U440593761936/ HTTP/1.1" 500 2749 "-" "Mozilla/5.0 AppleWebKit/537.36 (KHTML, like Gecko; compatible; ClaudeBot/1.0; +claudebot@anthropic.com)"
216.73.216.209 - - [18/May/2026:14:24:23 +0000] "GET /items/U44071953585/ HTTP/1.1" 500 2749 "-" "Mozilla/5.0 AppleWebKit/537.36 (KHTML, like Gecko; compatible; ClaudeBot/1.0; +claudebot@anthropic.com)"
216.73.216.209 - - [18/May/2026:14:24:28 +0000] "GET /items/U44067414013/ HTTP/1.1" 500 2749 "-" "Mozilla/5.0 AppleWebKit/537.36 (KHTML, like Gecko; compatible; ClaudeBot/1.0; +claudebot@anthropic.com)"
216.73.216.209 - - [18/May/2026:14:24:33 +0000] "GET /items/U44064290651/ HTTP/1.1" 500 2749 "-" "Mozilla/5.0 AppleWebKit/537.36 (KHTML, like Gecko; compatible; ClaudeBot/1.0; +claudebot@anthropic.com)"
216.73.216.209 - - [18/May/2026:14:24:38 +0000] "GET /items/U44053617430/ HTTP/1.1" 500 2749 "-" "Mozilla/5.0 AppleWebKit/537.36 (KHTML, like Gecko; compatible; ClaudeBot/1.0; +claudebot@anthropic.com)"
216.73.216.209 - - [18/May/2026:14:24:43 +0000] "GET /items/U440587695434/ HTTP/1.1" 500 2749 "-" "Mozilla/5.0 AppleWebKit/537.36 (KHTML, like Gecko; compatible; ClaudeBot/1.0; +claudebot@anthropic.com)"
216.73.216.209 - - [18/May/2026:14:24:48 +0000] "GET /items/U44046472779/ HTTP/1.1" 500 2749 "-" "Mozilla/5.0 AppleWebKit/537.36 (KHTML, like Gecko; compatible; ClaudeBot/1.0; +claudebot@anthropic.com)"
216.73.216.209 - - [18/May/2026:14:24:53 +0000] "GET /items/U44067371885/ HTTP/1.1" 500 2749 "-" "Mozilla/5.0 AppleWebKit/537.36 (KHTML, like Gecko; compatible; ClaudeBot/1.0; +claudebot@anthropic.com)"
66.249.68.32 - - [18/May/2026:14:24:54 +0000] "GET /items/U440499542/ HTTP/1.1" 200 162326 "-" "Mozilla/5.0 (Linux; Android 6.0.1; Nexus 5X Build/MMB29P) AppleWebKit/537.36 (KHTML, like Gecko) Chrome/148.0.7778.96 Mobile Safari/537.36 (compatible; Googlebot/2.1; +http://www.google.com/bot.html)"
216.73.216.209 - - [18/May/2026:14:24:58 +0000] "GET /items/U44071766679/ HTTP/1.1" 500 2749 "-" "Mozilla/5.0 AppleWebKit/537.36 (KHTML, like Gecko; compatible; ClaudeBot/1.0; +claudebot@anthropic.com)"
216.73.216.209 - - [18/May/2026:14:25:03 +0000] "GET /items/U44067238635/ HTTP/1.1" 500 2749 "-" "Mozilla/5.0 AppleWebKit/537.36 (KHTML, like Gecko; compatible; ClaudeBot/1.0; +claudebot@anthropic.com)"
216.73.216.209 - - [18/May/2026:14:25:08 +0000] "GET /items/U44046388927/ HTTP/1.1" 500 2749 "-" "Mozilla/5.0 AppleWebKit/537.36 (KHTML, like Gecko; compatible; ClaudeBot/1.0; +claudebot@anthropic.com)"
216.73.216.209 - - [18/May/2026:14:25:13 +0000] "GET /items/U4405551305/ HTTP/1.1" 500 2749 "-" "Mozilla/5.0 AppleWebKit/537.36 (KHTML, like Gecko; compatible; ClaudeBot/1.0; +claudebot@anthropic.com)"
216.73.216.209 - - [18/May/2026:14:25:18 +0000] "GET /items/U440862117492/ HTTP/1.1" 500 2749 "-" "Mozilla/5.0 AppleWebKit/537.36 (KHTML, like Gecko; compatible; ClaudeBot/1.0; +claudebot@anthropic.com)"
216.73.216.209 - - [18/May/2026:14:25:23 +0000] "GET /items/U44046454152/ HTTP/1.1" 500 2749 "-" "Mozilla/5.0 AppleWebKit/537.36 (KHTML, like Gecko; compatible; ClaudeBot/1.0; +claudebot@anthropic.com)"
216.73.216.209 - - [18/May/2026:14:25:28 +0000] "GET /items/U440791839345/ HTTP/1.1" 500 2749 "-" "Mozilla/5.0 AppleWebKit/537.36 (KHTML, like Gecko; compatible; ClaudeBot/1.0; +claudebot@anthropic.com)"
216.73.216.209 - - [18/May/2026:14:25:33 +0000] "GET /items/U44074924576/ HTTP/1.1" 500 2749 "-" "Mozilla/5.0 AppleWebKit/537.36 (KHTML, like Gecko; compatible; ClaudeBot/1.0; +claudebot@anthropic.com)"
216.73.216.209 - - [18/May/2026:14:25:38 +0000] "GET /items/U44053644824/ HTTP/1.1" 500 2749 "-" "Mozilla/5.0 AppleWebKit/537.36 (KHTML, like Gecko; compatible; ClaudeBot/1.0; +claudebot@anthropic.com)"
216.73.216.209 - - [18/May/2026:14:25:43 +0000] "GET /items/U44046229514/ HTTP/1.1" 500 2749 "-" "Mozilla/5.0 AppleWebKit/537.36 (KHTML, like Gecko; compatible; ClaudeBot/1.0; +claudebot@anthropic.com)"
216.73.216.209 - - [18/May/2026:14:25:48 +0000] "GET /items/U44071795805/ HTTP/1.1" 500 2749 "-" "Mozilla/5.0 AppleWebKit/537.36 (KHTML, like Gecko; compatible; ClaudeBot/1.0; +claudebot@anthropic.com)"
216.73.216.209 - - [18/May/2026:14:25:53 +0000] "GET /items/U44085108273/ HTTP/1.1" 500 2749 "-" "Mozilla/5.0 AppleWebKit/537.36 (KHTML, like Gecko; compatible; ClaudeBot/1.0; +claudebot@anthropic.com)"
216.73.216.209 - - [18/May/2026:14:25:58 +0000] "GET /items/U44067119087/ HTTP/1.1" 500 2749 "-" "Mozilla/5.0 AppleWebKit/537.36 (KHTML, like Gecko; compatible; ClaudeBot/1.0; +claudebot@anthropic.com)"
216.73.216.209 - - [18/May/2026:14:26:03 +0000] "GET /items/U440613099162/ HTTP/1.1" 500 2749 "-" "Mozilla/5.0 AppleWebKit/537.36 (KHTML, like Gecko; compatible; ClaudeBot/1.0; +claudebot@anthropic.com)"
216.73.216.209 - - [18/May/2026:14:26:08 +0000] "GET /items/U440478373608/ HTTP/1.1" 500 2749 "-" "Mozilla/5.0 AppleWebKit/537.36 (KHTML, like Gecko; compatible; ClaudeBot/1.0; +claudebot@anthropic.com)"
216.73.216.209 - - [18/May/2026:14:26:13 +0000] "GET /items/U440737736231/ HTTP/1.1" 500 2749 "-" "Mozilla/5.0 AppleWebKit/537.36 (KHTML, like Gecko; compatible; ClaudeBot/1.0; +claudebot@anthropic.com)"
216.73.216.209 - - [18/May/2026:14:26:18 +0000] "GET /items/U440898286210/ HTTP/1.1" 500 2749 "-" "Mozilla/5.0 AppleWebKit/537.36 (KHTML, like Gecko; compatible; ClaudeBot/1.0; +claudebot@anthropic.com)"
43.131.36.84 - - [18/May/2026:14:26:23 +0000] "GET / HTTP/1.1" 500 2749 "http://utahrealestate.photo" "Mozilla/5.0 (iPhone; CPU iPhone OS 13_2_3 like Mac OS X) AppleWebKit/605.1.15 (KHTML, like Gecko) Version/13.0.3 Mobile/15E148 Safari/604.1"
216.73.216.209 - - [18/May/2026:14:26:23 +0000] "GET /items/U44061409840/ HTTP/1.1" 500 2749 "-" "Mozilla/5.0 AppleWebKit/537.36 (KHTML, like Gecko; compatible; ClaudeBot/1.0; +claudebot@anthropic.com)"
216.73.216.209 - - [18/May/2026:14:26:28 +0000] "GET /items/U4405788074/ HTTP/1.1" 500 2749 "-" "Mozilla/5.0 AppleWebKit/537.36 (KHTML, like Gecko; compatible; ClaudeBot/1.0; +claudebot@anthropic.com)"
216.73.216.209 - - [18/May/2026:14:26:33 +0000] "GET /items/U44053615606/ HTTP/1.1" 500 2749 "-" "Mozilla/5.0 AppleWebKit/537.36 (KHTML, like Gecko; compatible; ClaudeBot/1.0; +claudebot@anthropic.com)"
66.249.68.34 - - [18/May/2026:14:26:38 +0000] "GET /items/U4405963862/ HTTP/1.1" 200 156201 "-" "Mozilla/5.0 (Linux; Android 6.0.1; Nexus 5X Build/MMB29P) AppleWebKit/537.36 (KHTML, like Gecko) Chrome/148.0.7778.96 Mobile Safari/537.36 (compatible; Googlebot/2.1; +http://www.google.com/bot.html)"
216.73.216.209 - - [18/May/2026:14:26:38 +0000] "GET /items/U440965777591/ HTTP/1.1" 500 2749 "-" "Mozilla/5.0 AppleWebKit/537.36 (KHTML, like Gecko; compatible; ClaudeBot/1.0; +claudebot@anthropic.com)"
216.73.216.209 - - [18/May/2026:14:26:43 +0000] "GET /items/U440694019208/ HTTP/1.1" 500 2749 "-" "Mozilla/5.0 AppleWebKit/537.36 (KHTML, like Gecko; compatible; ClaudeBot/1.0; +claudebot@anthropic.com)"
216.73.216.209 - - [18/May/2026:14:26:48 +0000] "GET /items/U44085090767/ HTTP/1.1" 500 2749 "-" "Mozilla/5.0 AppleWebKit/537.36 (KHTML, like Gecko; compatible; ClaudeBot/1.0; +claudebot@anthropic.com)"
216.73.216.209 - - [18/May/2026:14:26:53 +0000] "GET /items/U440490036720/ HTTP/1.1" 500 2749 "-" "Mozilla/5.0 AppleWebKit/537.36 (KHTML, like Gecko; compatible; ClaudeBot/1.0; +claudebot@anthropic.com)"
216.73.216.209 - - [18/May/2026:14:26:58 +0000] "GET /items/U44071793590/ HTTP/1.1" 500 2749 "-" "Mozilla/5.0 AppleWebKit/537.36 (KHTML, like Gecko; compatible; ClaudeBot/1.0; +claudebot@anthropic.com)"
216.73.216.209 - - [18/May/2026:14:27:03 +0000] "GET /items/U440590622529/ HTTP/1.1" 500 2749 "-" "Mozilla/5.0 AppleWebKit/537.36 (KHTML, like Gecko; compatible; ClaudeBot/1.0; +claudebot@anthropic.com)"
216.73.216.209 - - [18/May/2026:14:27:08 +0000] "GET /items/U440466130052/ HTTP/1.1" 500 2749 "-" "Mozilla/5.0 AppleWebKit/537.36 (KHTML, like Gecko; compatible; ClaudeBot/1.0; +claudebot@anthropic.com)"
216.73.216.209 - - [18/May/2026:14:27:13 +0000] "GET /items/U44085357691/ HTTP/1.1" 500 2749 "-" "Mozilla/5.0 AppleWebKit/537.36 (KHTML, like Gecko; compatible; ClaudeBot/1.0; +claudebot@anthropic.com)"
216.73.216.209 - - [18/May/2026:14:27:18 +0000] "GET /items/U44064028942/ HTTP/1.1" 500 2749 "-" "Mozilla/5.0 AppleWebKit/537.36 (KHTML, like Gecko; compatible; ClaudeBot/1.0; +claudebot@anthropic.com)"
216.73.216.209 - - [18/May/2026:14:27:23 +0000] "GET /items/U440962919080/ HTTP/1.1" 500 2749 "-" "Mozilla/5.0 AppleWebKit/537.36 (KHTML, like Gecko; compatible; ClaudeBot/1.0; +claudebot@anthropic.com)"
216.73.216.209 - - [18/May/2026:14:27:28 +0000] "GET /items/U440935836887/ HTTP/1.1" 500 2749 "-" "Mozilla/5.0 AppleWebKit/537.36 (KHTML, like Gecko; compatible; ClaudeBot/1.0; +claudebot@anthropic.com)"
216.73.216.209 - - [18/May/2026:14:27:33 +0000] "GET /items/U440484247524/ HTTP/1.1" 500 2749 "-" "Mozilla/5.0 AppleWebKit/537.36 (KHTML, like Gecko; compatible; ClaudeBot/1.0; +claudebot@anthropic.com)"
216.73.216.209 - - [18/May/2026:14:27:38 +0000] "GET /items/U440490420291/ HTTP/1.1" 500 2749 "-" "Mozilla/5.0 AppleWebKit/537.36 (KHTML, like Gecko; compatible; ClaudeBot/1.0; +claudebot@anthropic.com)"
216.73.216.209 - - [18/May/2026:14:27:43 +0000] "GET /items/U440490041792/ HTTP/1.1" 500 2749 "-" "Mozilla/5.0 AppleWebKit/537.36 (KHTML, like Gecko; compatible; ClaudeBot/1.0; +claudebot@anthropic.com)"
216.73.216.209 - - [18/May/2026:14:27:48 +0000] "GET /items/U440631318923/ HTTP/1.1" 500 2749 "-" "Mozilla/5.0 AppleWebKit/537.36 (KHTML, like Gecko; compatible; ClaudeBot/1.0; +claudebot@anthropic.com)"
216.73.216.209 - - [18/May/2026:14:27:53 +0000] "GET /items/U440862458706/ HTTP/1.1" 500 2749 "-" "Mozilla/5.0 AppleWebKit/537.36 (KHTML, like Gecko; compatible; ClaudeBot/1.0; +claudebot@anthropic.com)"
216.73.216.209 - - [18/May/2026:14:27:58 +0000] "GET /items/U44046212544/ HTTP/1.1" 500 2749 "-" "Mozilla/5.0 AppleWebKit/537.36 (KHTML, like Gecko; compatible; ClaudeBot/1.0; +claudebot@anthropic.com)"
216.73.216.209 - - [18/May/2026:14:28:03 +0000] "GET /items/U44088277734/ HTTP/1.1" 500 2749 "-" "Mozilla/5.0 AppleWebKit/537.36 (KHTML, like Gecko; compatible; ClaudeBot/1.0; +claudebot@anthropic.com)"
216.73.216.209 - - [18/May/2026:14:28:08 +0000] "GET /items/U44061342818/ HTTP/1.1" 500 2749 "-" "Mozilla/5.0 AppleWebKit/537.36 (KHTML, like Gecko; compatible; ClaudeBot/1.0; +claudebot@anthropic.com)"
216.73.216.209 - - [18/May/2026:14:28:13 +0000] "GET /items/U44077617647/ HTTP/1.1" 500 2749 "-" "Mozilla/5.0 AppleWebKit/537.36 (KHTML, like Gecko; compatible; ClaudeBot/1.0; +claudebot@anthropic.com)"
216.73.216.209 - - [18/May/2026:14:28:18 +0000] "GET /items/U44064111798/ HTTP/1.1" 500 2749 "-" "Mozilla/5.0 AppleWebKit/537.36 (KHTML, like Gecko; compatible; ClaudeBot/1.0; +claudebot@anthropic.com)"
216.73.216.209 - - [18/May/2026:14:28:23 +0000] "GET /items/U44053573969/ HTTP/1.1" 500 2749 "-" "Mozilla/5.0 AppleWebKit/537.36 (KHTML, like Gecko; compatible; ClaudeBot/1.0; +claudebot@anthropic.com)"
216.73.216.209 - - [18/May/2026:14:28:28 +0000] "GET /items/U44049113723/ HTTP/1.1" 500 2749 "-" "Mozilla/5.0 AppleWebKit/537.36 (KHTML, like Gecko; compatible; ClaudeBot/1.0; +claudebot@anthropic.com)"
216.73.216.209 - - [18/May/2026:14:28:33 +0000] "GET /items/U440713868440/ HTTP/1.1" 500 2749 "-" "Mozilla/5.0 AppleWebKit/537.36 (KHTML, like Gecko; compatible; ClaudeBot/1.0; +claudebot@anthropic.com)"
216.73.216.209 - - [18/May/2026:14:28:38 +0000] "GET /items/U440989718184/ HTTP/1.1" 500 2749 "-" "Mozilla/5.0 AppleWebKit/537.36 (KHTML, like Gecko; compatible; ClaudeBot/1.0; +claudebot@anthropic.com)"
216.73.216.209 - - [18/May/2026:14:28:43 +0000] "GET /items/U440734539948/ HTTP/1.1" 500 2749 "-" "Mozilla/5.0 AppleWebKit/537.36 (KHTML, like Gecko; compatible; ClaudeBot/1.0; +claudebot@anthropic.com)"
216.73.216.209 - - [18/May/2026:14:28:48 +0000] "GET /items/U440791707506/ HTTP/1.1" 500 2749 "-" "Mozilla/5.0 AppleWebKit/537.36 (KHTML, like Gecko; compatible; ClaudeBot/1.0; +claudebot@anthropic.com)"
216.73.216.209 - - [18/May/2026:14:28:53 +0000] "GET /items/U440710794247/ HTTP/1.1" 500 2749 "-" "Mozilla/5.0 AppleWebKit/537.36 (KHTML, like Gecko; compatible; ClaudeBot/1.0; +claudebot@anthropic.com)"
216.73.216.209 - - [18/May/2026:14:28:58 +0000] "GET /items/U440811404181/ HTTP/1.1" 500 2749 "-" "Mozilla/5.0 AppleWebKit/537.36 (KHTML, like Gecko; compatible; ClaudeBot/1.0; +claudebot@anthropic.com)"
216.73.216.209 - - [18/May/2026:14:29:03 +0000] "GET /items/U44061055547/ HTTP/1.1" 500 2749 "-" "Mozilla/5.0 AppleWebKit/537.36 (KHTML, like Gecko; compatible; ClaudeBot/1.0; +claudebot@anthropic.com)"
216.73.216.209 - - [18/May/2026:14:29:08 +0000] "GET /items/U44053741055/ HTTP/1.1" 500 2749 "-" "Mozilla/5.0 AppleWebKit/537.36 (KHTML, like Gecko; compatible; ClaudeBot/1.0; +claudebot@anthropic.com)"
216.73.216.209 - - [18/May/2026:14:29:13 +0000] "GET /items/U440493497122/ HTTP/1.1" 500 2749 "-" "Mozilla/5.0 AppleWebKit/537.36 (KHTML, like Gecko; compatible; ClaudeBot/1.0; +claudebot@anthropic.com)"
216.73.216.209 - - [18/May/2026:14:29:18 +0000] "GET /items/U440688255357/ HTTP/1.1" 500 2749 "-" "Mozilla/5.0 AppleWebKit/537.36 (KHTML, like Gecko; compatible; ClaudeBot/1.0; +claudebot@anthropic.com)"
216.73.216.209 - - [18/May/2026:14:29:23 +0000] "GET /items/U440731596378/ HTTP/1.1" 500 2749 "-" "Mozilla/5.0 AppleWebKit/537.36 (KHTML, like Gecko; compatible; ClaudeBot/1.0; +claudebot@anthropic.com)"
216.73.216.209 - - [18/May/2026:14:29:28 +0000] "GET /items/U44056850585/ HTTP/1.1" 500 2749 "-" "Mozilla/5.0 AppleWebKit/537.36 (KHTML, like Gecko; compatible; ClaudeBot/1.0; +claudebot@anthropic.com)"
216.73.216.209 - - [18/May/2026:14:29:33 +0000] "GET /items/U440779846884/ HTTP/1.1" 500 2749 "-" "Mozilla/5.0 AppleWebKit/537.36 (KHTML, like Gecko; compatible; ClaudeBot/1.0; +claudebot@anthropic.com)"
216.73.216.209 - - [18/May/2026:14:29:38 +0000] "GET /items/U440992937212/ HTTP/1.1" 500 2749 "-" "Mozilla/5.0 AppleWebKit/537.36 (KHTML, like Gecko; compatible; ClaudeBot/1.0; +claudebot@anthropic.com)"
216.73.216.209 - - [18/May/2026:14:29:43 +0000] "GET /items/U440424457494/ HTTP/1.1" 500 2749 "-" "Mozilla/5.0 AppleWebKit/537.36 (KHTML, like Gecko; compatible; ClaudeBot/1.0; +claudebot@anthropic.com)"
216.73.216.209 - - [18/May/2026:14:29:48 +0000] "GET /items/U44043019179/ HTTP/1.1" 500 2749 "-" "Mozilla/5.0 AppleWebKit/537.36 (KHTML, like Gecko; compatible; ClaudeBot/1.0; +claudebot@anthropic.com)"
216.73.216.209 - - [18/May/2026:14:29:54 +0000] "GET /items/U44067432909/ HTTP/1.1" 500 2749 "-" "Mozilla/5.0 AppleWebKit/537.36 (KHTML, like Gecko; compatible; ClaudeBot/1.0; +claudebot@anthropic.com)"
216.73.216.209 - - [18/May/2026:14:29:58 +0000] "GET /items/U44056585645/ HTTP/1.1" 500 2749 "-" "Mozilla/5.0 AppleWebKit/537.36 (KHTML, like Gecko; compatible; ClaudeBot/1.0; +claudebot@anthropic.com)"
216.73.216.209 - - [18/May/2026:14:30:04 +0000] "GET /items/U44092756705/ HTTP/1.1" 500 2749 "-" "Mozilla/5.0 AppleWebKit/537.36 (KHTML, like Gecko; compatible; ClaudeBot/1.0; +claudebot@anthropic.com)"
216.73.216.209 - - [18/May/2026:14:30:09 +0000] "GET /items/U4405541917/ HTTP/1.1" 500 2749 "-" "Mozilla/5.0 AppleWebKit/537.36 (KHTML, like Gecko; compatible; ClaudeBot/1.0; +claudebot@anthropic.com)"
216.73.216.209 - - [18/May/2026:14:30:14 +0000] "GET /items/U440794864036/ HTTP/1.1" 500 2749 "-" "Mozilla/5.0 AppleWebKit/537.36 (KHTML, like Gecko; compatible; ClaudeBot/1.0; +claudebot@anthropic.com)"
216.73.216.209 - - [18/May/2026:14:30:19 +0000] "GET /items/U44049147337/ HTTP/1.1" 500 2749 "-" "Mozilla/5.0 AppleWebKit/537.36 (KHTML, like Gecko; compatible; ClaudeBot/1.0; +claudebot@anthropic.com)"
216.73.216.209 - - [18/May/2026:14:30:24 +0000] "GET /items/U44056528876/ HTTP/1.1" 500 2749 "-" "Mozilla/5.0 AppleWebKit/537.36 (KHTML, like Gecko; compatible; ClaudeBot/1.0; +claudebot@anthropic.com)"
216.73.216.209 - - [18/May/2026:14:30:29 +0000] "GET /items/U44056845472/ HTTP/1.1" 500 2749 "-" "Mozilla/5.0 AppleWebKit/537.36 (KHTML, like Gecko; compatible; ClaudeBot/1.0; +claudebot@anthropic.com)"
216.73.216.209 - - [18/May/2026:14:30:34 +0000] "GET /items/U44095560302/ HTTP/1.1" 500 2749 "-" "Mozilla/5.0 AppleWebKit/537.36 (KHTML, like Gecko; compatible; ClaudeBot/1.0; +claudebot@anthropic.com)"
216.73.216.209 - - [18/May/2026:14:30:39 +0000] "GET /items/U44067098526/ HTTP/1.1" 500 2749 "-" "Mozilla/5.0 AppleWebKit/537.36 (KHTML, like Gecko; compatible; ClaudeBot/1.0; +claudebot@anthropic.com)"
216.73.216.209 - - [18/May/2026:14:30:46 +0000] "GET /items/U44067217694/ HTTP/1.1" 500 2749 "-" "Mozilla/5.0 AppleWebKit/537.36 (KHTML, like Gecko; compatible; ClaudeBot/1.0; +claudebot@anthropic.com)"
216.73.216.209 - - [18/May/2026:14:30:49 +0000] "GET /items/U44092609936/ HTTP/1.1" 500 2749 "-" "Mozilla/5.0 AppleWebKit/537.36 (KHTML, like Gecko; compatible; ClaudeBot/1.0; +claudebot@anthropic.com)"
216.73.216.209 - - [18/May/2026:14:30:54 +0000] "GET /items/U440791679504/ HTTP/1.1" 500 2749 "-" "Mozilla/5.0 AppleWebKit/537.36 (KHTML, like Gecko; compatible; ClaudeBot/1.0; +claudebot@anthropic.com)"
216.73.216.209 - - [18/May/2026:14:30:59 +0000] "GET /items/U44059821549/ HTTP/1.1" 500 2749 "-" "Mozilla/5.0 AppleWebKit/537.36 (KHTML, like Gecko; compatible; ClaudeBot/1.0; +claudebot@anthropic.com)"
216.73.216.209 - - [18/May/2026:14:31:04 +0000] "GET /items/U440788920022/ HTTP/1.1" 500 2749 "-" "Mozilla/5.0 AppleWebKit/537.36 (KHTML, like Gecko; compatible; ClaudeBot/1.0; +claudebot@anthropic.com)"
216.73.216.209 - - [18/May/2026:14:31:11 +0000] "GET /items/U44067208901/ HTTP/1.1" 500 2749 "-" "Mozilla/5.0 AppleWebKit/537.36 (KHTML, like Gecko; compatible; ClaudeBot/1.0; +claudebot@anthropic.com)"
216.73.216.209 - - [18/May/2026:14:31:15 +0000] "GET /items/U44064451242/ HTTP/1.1" 500 2749 "-" "Mozilla/5.0 AppleWebKit/537.36 (KHTML, like Gecko; compatible; ClaudeBot/1.0; +claudebot@anthropic.com)"
216.73.216.209 - - [18/May/2026:14:31:20 +0000] "GET /items/U44082485874/ HTTP/1.1" 500 2749 "-" "Mozilla/5.0 AppleWebKit/537.36 (KHTML, like Gecko; compatible; ClaudeBot/1.0; +claudebot@anthropic.com)"
66.249.68.164 - - [18/May/2026:14:31:20 +0000] "GET /items/U44082273542/ HTTP/1.1" 200 165644 "-" "Mozilla/5.0 (Linux; Android 6.0.1; Nexus 5X Build/MMB29P) AppleWebKit/537.36 (KHTML, like Gecko) Chrome/148.0.7778.96 Mobile Safari/537.36 (compatible; Googlebot/2.1; +http://www.google.com/bot.html)"
216.73.216.209 - - [18/May/2026:14:31:25 +0000] "GET /items/U440797546448/ HTTP/1.1" 500 2749 "-" "Mozilla/5.0 AppleWebKit/537.36 (KHTML, like Gecko; compatible; ClaudeBot/1.0; +claudebot@anthropic.com)"
216.73.216.209 - - [18/May/2026:14:31:30 +0000] "GET /items/U44074909134/ HTTP/1.1" 500 2749 "-" "Mozilla/5.0 AppleWebKit/537.36 (KHTML, like Gecko; compatible; ClaudeBot/1.0; +claudebot@anthropic.com)"
216.73.216.209 - - [18/May/2026:14:31:35 +0000] "GET /items/U44053629285/ HTTP/1.1" 500 2749 "-" "Mozilla/5.0 AppleWebKit/537.36 (KHTML, like Gecko; compatible; ClaudeBot/1.0; +claudebot@anthropic.com)"
216.73.216.209 - - [18/May/2026:14:31:40 +0000] "GET /items/U44064368075/ HTTP/1.1" 500 2749 "-" "Mozilla/5.0 AppleWebKit/537.36 (KHTML, like Gecko; compatible; ClaudeBot/1.0; +claudebot@anthropic.com)"
216.73.216.209 - - [18/May/2026:14:31:45 +0000] "GET /items/U44095597890/ HTTP/1.1" 500 2749 "-" "Mozilla/5.0 AppleWebKit/537.36 (KHTML, like Gecko; compatible; ClaudeBot/1.0; +claudebot@anthropic.com)"
216.73.216.209 - - [18/May/2026:14:31:50 +0000] "GET /items/U440512866647/ HTTP/1.1" 500 2749 "-" "Mozilla/5.0 AppleWebKit/537.36 (KHTML, like Gecko; compatible; ClaudeBot/1.0; +claudebot@anthropic.com)"
216.73.216.209 - - [18/May/2026:14:31:55 +0000] "GET /items/U440415463075/ HTTP/1.1" 500 2749 "-" "Mozilla/5.0 AppleWebKit/537.36 (KHTML, like Gecko; compatible; ClaudeBot/1.0; +claudebot@anthropic.com)"
216.73.216.209 - - [18/May/2026:14:32:00 +0000] "GET /items/U44095984833/ HTTP/1.1" 500 2749 "-" "Mozilla/5.0 AppleWebKit/537.36 (KHTML, like Gecko; compatible; ClaudeBot/1.0; +claudebot@anthropic.com)"
216.73.216.209 - - [18/May/2026:14:32:05 +0000] "GET /items/U44082244908/ HTTP/1.1" 500 2749 "-" "Mozilla/5.0 AppleWebKit/537.36 (KHTML, like Gecko; compatible; ClaudeBot/1.0; +claudebot@anthropic.com)"
216.73.216.209 - - [18/May/2026:14:32:11 +0000] "GET /items/U44082433756/ HTTP/1.1" 500 2749 "-" "Mozilla/5.0 AppleWebKit/537.36 (KHTML, like Gecko; compatible; ClaudeBot/1.0; +claudebot@anthropic.com)"
216.73.216.209 - - [18/May/2026:14:32:15 +0000] "GET /items/U44064125533/ HTTP/1.1" 500 2749 "-" "Mozilla/5.0 AppleWebKit/537.36 (KHTML, like Gecko; compatible; ClaudeBot/1.0; +claudebot@anthropic.com)"
216.73.216.209 - - [18/May/2026:14:32:20 +0000] "GET /items/U44056654944/ HTTP/1.1" 500 2749 "-" "Mozilla/5.0 AppleWebKit/537.36 (KHTML, like Gecko; compatible; ClaudeBot/1.0; +claudebot@anthropic.com)"
216.73.216.209 - - [18/May/2026:14:32:25 +0000] "GET /items/U44067409108/ HTTP/1.1" 500 2749 "-" "Mozilla/5.0 AppleWebKit/537.36 (KHTML, like Gecko; compatible; ClaudeBot/1.0; +claudebot@anthropic.com)"
52.138.3.25 - - [18/May/2026:14:32:25 +0000] "GET / HTTP/1.1" 500 2749 "-" "Mozlila/5.0 (Linux; Android 7.0; SM-G892A Bulid/NRD90M; wv) AppleWebKit/537.36 (KHTML, like Gecko) Version/4.0 Chrome/60.0.3112.107 Moblie Safari/537.36"
52.138.3.25 - - [18/May/2026:14:32:25 +0000] "GET /wp-content/themes/seotheme/db.php?u HTTP/1.1" 500 2749 "www.google.com" "Mozlila/5.0 (Linux; Android 7.0; SM-G892A Bulid/NRD90M; wv) AppleWebKit/537.36 (KHTML, like Gecko) Version/4.0 Chrome/60.0.3112.107 Moblie Safari/537.36"
52.138.3.25 - - [18/May/2026:14:32:25 +0000] "GET /wp-content/plugins/apikey/apikey.php?test=hello HTTP/1.1" 500 2749 "-" "Mozlila/5.0 (Linux; Android 7.0; SM-G892A Bulid/NRD90M; wv) AppleWebKit/537.36 (KHTML, like Gecko) Version/4.0 Chrome/60.0.3112.107 Moblie Safari/537.36"
52.138.3.25 - - [18/May/2026:14:32:25 +0000] "GET /wp-content/themes/seotheme/db.php?u HTTP/1.1" 500 2749 "www.google.com" "Mozlila/5.0 (Linux; Android 7.0; SM-G892A Bulid/NRD90M; wv) AppleWebKit/537.36 (KHTML, like Gecko) Version/4.0 Chrome/60.0.3112.107 Moblie Safari/537.36"
52.138.3.25 - - [18/May/2026:14:32:25 +0000] "GET /plugins/content/apismtp/apismtp.php?test=hello HTTP/1.1" 500 2749 "-" "Mozlila/5.0 (Linux; Android 7.0; SM-G892A Bulid/NRD90M; wv) AppleWebKit/537.36 (KHTML, like Gecko) Version/4.0 Chrome/60.0.3112.107 Moblie Safari/537.36"
52.138.3.25 - - [18/May/2026:14:32:26 +0000] "GET /wp-content/plugins/apikey/apikey.php.suspected?test=hello HTTP/1.1" 500 2749 "-" "Mozlila/5.0 (Linux; Android 7.0; SM-G892A Bulid/NRD90M; wv) AppleWebKit/537.36 (KHTML, like Gecko) Version/4.0 Chrome/60.0.3112.107 Moblie Safari/537.36"
52.138.3.25 - - [18/May/2026:14:32:26 +0000] "GET /plugins/content/apismtp/apismtp.php.suspected?test=hello HTTP/1.1" 500 2749 "-" "Mozlila/5.0 (Linux; Android 7.0; SM-G892A Bulid/NRD90M; wv) AppleWebKit/537.36 (KHTML, like Gecko) Version/4.0 Chrome/60.0.3112.107 Moblie Safari/537.36"
216.73.216.209 - - [18/May/2026:14:32:30 +0000] "GET /items/U4405902060/ HTTP/1.1" 500 2749 "-" "Mozilla/5.0 AppleWebKit/537.36 (KHTML, like Gecko; compatible; ClaudeBot/1.0; +claudebot@anthropic.com)"
52.138.3.25 - - [18/May/2026:14:32:32 +0000] "POST /ALFA_DATA/alfacgiapi/perl.alfa HTTP/1.1" 500 2749 "www.google.com" "Mozlila/5.0 (Linux; Android 7.0; SM-G892A Bulid/NRD90M; wv) AppleWebKit/537.36 (KHTML, like Gecko) Version/4.0 Chrome/60.0.3112.107 Moblie Safari/537.36"
52.138.3.25 - - [18/May/2026:14:32:33 +0000] "POST /alfacgiapi/perl.alfa HTTP/1.1" 500 2749 "www.google.com" "Mozlila/5.0 (Linux; Android 7.0; SM-G892A Bulid/NRD90M; wv) AppleWebKit/537.36 (KHTML, like Gecko) Version/4.0 Chrome/60.0.3112.107 Moblie Safari/537.36"
216.73.216.209 - - [18/May/2026:14:32:35 +0000] "GET /items/U44095985518/ HTTP/1.1" 500 2749 "-" "Mozilla/5.0 AppleWebKit/537.36 (KHTML, like Gecko; compatible; ClaudeBot/1.0; +claudebot@anthropic.com)"
216.73.216.209 - - [18/May/2026:14:32:41 +0000] "GET /items/U44043371011/ HTTP/1.1" 500 2749 "-" "Mozilla/5.0 AppleWebKit/537.36 (KHTML, like Gecko; compatible; ClaudeBot/1.0; +claudebot@anthropic.com)"
216.73.216.209 - - [18/May/2026:14:32:45 +0000] "GET /items/U440484496320/ HTTP/1.1" 500 2749 "-" "Mozilla/5.0 AppleWebKit/537.36 (KHTML, like Gecko; compatible; ClaudeBot/1.0; +claudebot@anthropic.com)"
216.73.216.209 - - [18/May/2026:14:32:50 +0000] "GET /items/U44064153100/ HTTP/1.1" 500 2749 "-" "Mozilla/5.0 AppleWebKit/537.36 (KHTML, like Gecko; compatible; ClaudeBot/1.0; +claudebot@anthropic.com)"
216.73.216.209 - - [18/May/2026:14:32:55 +0000] "GET /items/U44095959448/ HTTP/1.1" 500 2749 "-" "Mozilla/5.0 AppleWebKit/537.36 (KHTML, like Gecko; compatible; ClaudeBot/1.0; +claudebot@anthropic.com)"
216.73.216.209 - - [18/May/2026:14:33:00 +0000] "GET /items/U44049394576/ HTTP/1.1" 500 2749 "-" "Mozilla/5.0 AppleWebKit/537.36 (KHTML, like Gecko; compatible; ClaudeBot/1.0; +claudebot@anthropic.com)"
216.73.216.209 - - [18/May/2026:14:33:05 +0000] "GET /items/U44098643760/ HTTP/1.1" 500 2749 "-" "Mozilla/5.0 AppleWebKit/537.36 (KHTML, like Gecko; compatible; ClaudeBot/1.0; +claudebot@anthropic.com)"
216.73.216.209 - - [18/May/2026:14:33:11 +0000] "GET /items/U440935892356/ HTTP/1.1" 500 2749 "-" "Mozilla/5.0 AppleWebKit/537.36 (KHTML, like Gecko; compatible; ClaudeBot/1.0; +claudebot@anthropic.com)"
216.73.216.209 - - [18/May/2026:14:33:16 +0000] "GET /items/U44082033022/ HTTP/1.1" 500 2749 "-" "Mozilla/5.0 AppleWebKit/537.36 (KHTML, like Gecko; compatible; ClaudeBot/1.0; +claudebot@anthropic.com)"
216.73.216.209 - - [18/May/2026:14:33:21 +0000] "GET /items/U440688235992/ HTTP/1.1" 500 2749 "-" "Mozilla/5.0 AppleWebKit/537.36 (KHTML, like Gecko; compatible; ClaudeBot/1.0; +claudebot@anthropic.com)"
216.73.216.209 - - [18/May/2026:14:33:26 +0000] "GET /items/U44085273584/ HTTP/1.1" 500 2749 "-" "Mozilla/5.0 AppleWebKit/537.36 (KHTML, like Gecko; compatible; ClaudeBot/1.0; +claudebot@anthropic.com)"
216.73.216.209 - - [18/May/2026:14:33:31 +0000] "GET /items/U44095777512/ HTTP/1.1" 500 2749 "-" "Mozilla/5.0 AppleWebKit/537.36 (KHTML, like Gecko; compatible; ClaudeBot/1.0; +claudebot@anthropic.com)"
216.73.216.209 - - [18/May/2026:14:33:36 +0000] "GET /items/U44046006380/ HTTP/1.1" 500 2749 "-" "Mozilla/5.0 AppleWebKit/537.36 (KHTML, like Gecko; compatible; ClaudeBot/1.0; +claudebot@anthropic.com)"
216.73.216.209 - - [18/May/2026:14:33:41 +0000] "GET /items/U44056865064/ HTTP/1.1" 500 2749 "-" "Mozilla/5.0 AppleWebKit/537.36 (KHTML, like Gecko; compatible; ClaudeBot/1.0; +claudebot@anthropic.com)"
216.73.216.209 - - [18/May/2026:14:33:46 +0000] "GET /items/U440932912385/ HTTP/1.1" 500 2749 "-" "Mozilla/5.0 AppleWebKit/537.36 (KHTML, like Gecko; compatible; ClaudeBot/1.0; +claudebot@anthropic.com)"
66.249.68.162 - - [18/May/2026:14:33:47 +0000] "GET /items/U44071880969/ HTTP/1.1" 200 170374 "-" "Mozilla/5.0 (Linux; Android 6.0.1; Nexus 5X Build/MMB29P) AppleWebKit/537.36 (KHTML, like Gecko) Chrome/148.0.7778.96 Mobile Safari/537.36 (compatible; GoogleOther)"
216.73.216.209 - - [18/May/2026:14:33:51 +0000] "GET /items/U44095762040/ HTTP/1.1" 500 2749 "-" "Mozilla/5.0 AppleWebKit/537.36 (KHTML, like Gecko; compatible; ClaudeBot/1.0; +claudebot@anthropic.com)"
216.73.216.209 - - [18/May/2026:14:33:56 +0000] "GET /items/U44064167882/ HTTP/1.1" 500 2749 "-" "Mozilla/5.0 AppleWebKit/537.36 (KHTML, like Gecko; compatible; ClaudeBot/1.0; +claudebot@anthropic.com)"
216.73.216.209 - - [18/May/2026:14:34:01 +0000] "GET /items/U440493073085/ HTTP/1.1" 500 2749 "-" "Mozilla/5.0 AppleWebKit/537.36 (KHTML, like Gecko; compatible; ClaudeBot/1.0; +claudebot@anthropic.com)"
216.73.216.209 - - [18/May/2026:14:34:06 +0000] "GET /items/U440995532408/ HTTP/1.1" 500 2749 "-" "Mozilla/5.0 AppleWebKit/537.36 (KHTML, like Gecko; compatible; ClaudeBot/1.0; +claudebot@anthropic.com)"
216.73.216.209 - - [18/May/2026:14:34:11 +0000] "GET /items/U44095537377/ HTTP/1.1" 500 2749 "-" "Mozilla/5.0 AppleWebKit/537.36 (KHTML, like Gecko; compatible; ClaudeBot/1.0; +claudebot@anthropic.com)"
216.73.216.209 - - [18/May/2026:14:34:16 +0000] "GET /items/U44085053429/ HTTP/1.1" 500 2749 "-" "Mozilla/5.0 AppleWebKit/537.36 (KHTML, like Gecko; compatible; ClaudeBot/1.0; +claudebot@anthropic.com)"
216.73.216.209 - - [18/May/2026:14:34:21 +0000] "GET /items/U44095758612/ HTTP/1.1" 500 2749 "-" "Mozilla/5.0 AppleWebKit/537.36 (KHTML, like Gecko; compatible; ClaudeBot/1.0; +claudebot@anthropic.com)"
216.73.216.209 - - [18/May/2026:14:34:26 +0000] "GET /items/U440889457467/ HTTP/1.1" 500 2749 "-" "Mozilla/5.0 AppleWebKit/537.36 (KHTML, like Gecko; compatible; ClaudeBot/1.0; +claudebot@anthropic.com)"
216.73.216.209 - - [18/May/2026:14:34:31 +0000] "GET /items/U44074957793/ HTTP/1.1" 500 2749 "-" "Mozilla/5.0 AppleWebKit/537.36 (KHTML, like Gecko; compatible; ClaudeBot/1.0; +claudebot@anthropic.com)"
216.73.216.209 - - [18/May/2026:14:34:36 +0000] "GET /items/U440794728111/ HTTP/1.1" 500 2749 "-" "Mozilla/5.0 AppleWebKit/537.36 (KHTML, like Gecko; compatible; ClaudeBot/1.0; +claudebot@anthropic.com)"
216.73.216.209 - - [18/May/2026:14:34:41 +0000] "GET /items/U440841295908/ HTTP/1.1" 500 2749 "-" "Mozilla/5.0 AppleWebKit/537.36 (KHTML, like Gecko; compatible; ClaudeBot/1.0; +claudebot@anthropic.com)"
216.73.216.209 - - [18/May/2026:14:34:46 +0000] "GET /items/U44061463274/ HTTP/1.1" 500 2749 "-" "Mozilla/5.0 AppleWebKit/537.36 (KHTML, like Gecko; compatible; ClaudeBot/1.0; +claudebot@anthropic.com)"
216.73.216.209 - - [18/May/2026:14:34:51 +0000] "GET /items/U440463141122/ HTTP/1.1" 500 2749 "-" "Mozilla/5.0 AppleWebKit/537.36 (KHTML, like Gecko; compatible; ClaudeBot/1.0; +claudebot@anthropic.com)"
216.73.216.209 - - [18/May/2026:14:34:56 +0000] "GET /items/U44082158092/ HTTP/1.1" 500 2749 "-" "Mozilla/5.0 AppleWebKit/537.36 (KHTML, like Gecko; compatible; ClaudeBot/1.0; +claudebot@anthropic.com)"
216.73.216.209 - - [18/May/2026:14:35:01 +0000] "GET /items/U440761655816/ HTTP/1.1" 500 2749 "-" "Mozilla/5.0 AppleWebKit/537.36 (KHTML, like Gecko; compatible; ClaudeBot/1.0; +claudebot@anthropic.com)"
185.191.171.18 - - [18/May/2026:14:35:01 +0000] "GET /testimonial/best-pocket-heating-ever/ HTTP/1.1" 500 434 "-" "Mozilla/5.0 (compatible; SemrushBot/7~bl; +http://www.semrush.com/bot.html)"
216.73.216.209 - - [18/May/2026:14:35:06 +0000] "GET /items/U440892019436/ HTTP/1.1" 500 2749 "-" "Mozilla/5.0 AppleWebKit/537.36 (KHTML, like Gecko; compatible; ClaudeBot/1.0; +claudebot@anthropic.com)"
216.73.216.209 - - [18/May/2026:14:35:11 +0000] "GET /items/U440691056779/ HTTP/1.1" 500 2749 "-" "Mozilla/5.0 AppleWebKit/537.36 (KHTML, like Gecko; compatible; ClaudeBot/1.0; +claudebot@anthropic.com)"
216.73.216.209 - - [18/May/2026:14:35:16 +0000] "GET /items/U440889496701/ HTTP/1.1" 500 2749 "-" "Mozilla/5.0 AppleWebKit/537.36 (KHTML, like Gecko; compatible; ClaudeBot/1.0; +claudebot@anthropic.com)"
216.73.216.209 - - [18/May/2026:14:35:21 +0000] "GET /items/U440791929404/ HTTP/1.1" 500 2749 "-" "Mozilla/5.0 AppleWebKit/537.36 (KHTML, like Gecko; compatible; ClaudeBot/1.0; +claudebot@anthropic.com)"
66.249.68.162 - - [18/May/2026:14:35:21 +0000] "GET /items/U44071943656/ HTTP/1.1" 200 161895 "-" "Mozilla/5.0 (Linux; Android 6.0.1; Nexus 5X Build/MMB29P) AppleWebKit/537.36 (KHTML, like Gecko) Chrome/148.0.7778.96 Mobile Safari/537.36 (compatible; Googlebot/2.1; +http://www.google.com/bot.html)"
66.249.68.163 - - [18/May/2026:14:35:22 +0000] "GET /items/U44071920318/ HTTP/1.1" 200 185210 "-" "Mozilla/5.0 (Linux; Android 6.0.1; Nexus 5X Build/MMB29P) AppleWebKit/537.36 (KHTML, like Gecko) Chrome/148.0.7778.96 Mobile Safari/537.36 (compatible; Googlebot/2.1; +http://www.google.com/bot.html)"
66.249.68.164 - - [18/May/2026:14:35:22 +0000] "GET /items/U440429124/ HTTP/1.1" 200 163317 "-" "Mozilla/5.0 (Linux; Android 6.0.1; Nexus 5X Build/MMB29P) AppleWebKit/537.36 (KHTML, like Gecko) Chrome/148.0.7778.96 Mobile Safari/537.36 (compatible; Googlebot/2.1; +http://www.google.com/bot.html)"
66.249.68.163 - - [18/May/2026:14:35:23 +0000] "GET /items/U44061075026/ HTTP/1.1" 200 165104 "-" "Mozilla/5.0 (Linux; Android 6.0.1; Nexus 5X Build/MMB29P) AppleWebKit/537.36 (KHTML, like Gecko) Chrome/148.0.7778.96 Mobile Safari/537.36 (compatible; Googlebot/2.1; +http://www.google.com/bot.html)"
66.249.68.164 - - [18/May/2026:14:35:23 +0000] "GET /items/U44071866974/ HTTP/1.1" 200 166835 "-" "Mozilla/5.0 (Linux; Android 6.0.1; Nexus 5X Build/MMB29P) AppleWebKit/537.36 (KHTML, like Gecko) Chrome/148.0.7778.96 Mobile Safari/537.36 (compatible; Googlebot/2.1; +http://www.google.com/bot.html)"
66.249.68.163 - - [18/May/2026:14:35:24 +0000] "GET /items/U44082050344/ HTTP/1.1" 200 175198 "-" "Mozilla/5.0 (Linux; Android 6.0.1; Nexus 5X Build/MMB29P) AppleWebKit/537.36 (KHTML, like Gecko) Chrome/148.0.7778.96 Mobile Safari/537.36 (compatible; Googlebot/2.1; +http://www.google.com/bot.html)"
66.249.68.162 - - [18/May/2026:14:35:25 +0000] "GET /items/U44061310791/ HTTP/1.1" 200 167103 "-" "Mozilla/5.0 (Linux; Android 6.0.1; Nexus 5X Build/MMB29P) AppleWebKit/537.36 (KHTML, like Gecko) Chrome/148.0.7778.96 Mobile Safari/537.36 (compatible; Googlebot/2.1; +http://www.google.com/bot.html)"
216.73.216.209 - - [18/May/2026:14:35:26 +0000] "GET /items/U44046035667/ HTTP/1.1" 500 2749 "-" "Mozilla/5.0 AppleWebKit/537.36 (KHTML, like Gecko; compatible; ClaudeBot/1.0; +claudebot@anthropic.com)"
66.249.68.163 - - [18/May/2026:14:35:26 +0000] "GET /items/U4405580674/ HTTP/1.1" 200 165908 "-" "Mozilla/5.0 (Linux; Android 6.0.1; Nexus 5X Build/MMB29P) AppleWebKit/537.36 (KHTML, like Gecko) Chrome/148.0.7778.96 Mobile Safari/537.36 (compatible; Googlebot/2.1; +http://www.google.com/bot.html)"
66.249.68.163 - - [18/May/2026:14:35:26 +0000] "GET /items/U44071883644/ HTTP/1.1" 200 155227 "-" "Mozilla/5.0 (Linux; Android 6.0.1; Nexus 5X Build/MMB29P) AppleWebKit/537.36 (KHTML, like Gecko) Chrome/148.0.7778.96 Mobile Safari/537.36 (compatible; Googlebot/2.1; +http://www.google.com/bot.html)"
66.249.68.163 - - [18/May/2026:14:35:27 +0000] "GET /items/U44092998053/ HTTP/1.1" 200 160373 "-" "Mozilla/5.0 (Linux; Android 6.0.1; Nexus 5X Build/MMB29P) AppleWebKit/537.36 (KHTML, like Gecko) Chrome/148.0.7778.96 Mobile Safari/537.36 (compatible; Googlebot/2.1; +http://www.google.com/bot.html)"
66.249.68.162 - - [18/May/2026:14:35:28 +0000] "GET /items/U44092879648/ HTTP/1.1" 200 161358 "-" "Mozilla/5.0 (Linux; Android 6.0.1; Nexus 5X Build/MMB29P) AppleWebKit/537.36 (KHTML, like Gecko) Chrome/148.0.7778.96 Mobile Safari/537.36 (compatible; Googlebot/2.1; +http://www.google.com/bot.html)"
66.249.68.163 - - [18/May/2026:14:35:29 +0000] "GET /items/U44071646930/ HTTP/1.1" 200 158352 "-" "Mozilla/5.0 (Linux; Android 6.0.1; Nexus 5X Build/MMB29P) AppleWebKit/537.36 (KHTML, like Gecko) Chrome/148.0.7778.96 Mobile Safari/537.36 (compatible; Googlebot/2.1; +http://www.google.com/bot.html)"
66.249.68.163 - - [18/May/2026:14:35:30 +0000] "GET /items/U44082368602/ HTTP/1.1" 200 162092 "-" "Mozilla/5.0 (Linux; Android 6.0.1; Nexus 5X Build/MMB29P) AppleWebKit/537.36 (KHTML, like Gecko) Chrome/148.0.7778.96 Mobile Safari/537.36 (compatible; Googlebot/2.1; +http://www.google.com/bot.html)"
66.249.68.163 - - [18/May/2026:14:35:30 +0000] "GET /items/U44092784119/ HTTP/1.1" 200 167901 "-" "Mozilla/5.0 (Linux; Android 6.0.1; Nexus 5X Build/MMB29P) AppleWebKit/537.36 (KHTML, like Gecko) Chrome/148.0.7778.96 Mobile Safari/537.36 (compatible; Googlebot/2.1; +http://www.google.com/bot.html)"
216.73.216.209 - - [18/May/2026:14:35:31 +0000] "GET /items/U440865455367/ HTTP/1.1" 500 2749 "-" "Mozilla/5.0 AppleWebKit/537.36 (KHTML, like Gecko; compatible; ClaudeBot/1.0; +claudebot@anthropic.com)"
66.249.68.162 - - [18/May/2026:14:35:31 +0000] "GET /items/U44092959012/ HTTP/1.1" 200 156052 "-" "Mozilla/5.0 (Linux; Android 6.0.1; Nexus 5X Build/MMB29P) AppleWebKit/537.36 (KHTML, like Gecko) Chrome/148.0.7778.96 Mobile Safari/537.36 (compatible; Googlebot/2.1; +http://www.google.com/bot.html)"
66.249.68.163 - - [18/May/2026:14:35:32 +0000] "GET /items/U44061363829/ HTTP/1.1" 200 157321 "-" "Mozilla/5.0 (Linux; Android 6.0.1; Nexus 5X Build/MMB29P) AppleWebKit/537.36 (KHTML, like Gecko) Chrome/148.0.7778.96 Mobile Safari/537.36 (compatible; Googlebot/2.1; +http://www.google.com/bot.html)"
66.249.68.162 - - [18/May/2026:14:35:33 +0000] "GET /items/U4404382160/ HTTP/1.1" 200 164481 "-" "Mozilla/5.0 (Linux; Android 6.0.1; Nexus 5X Build/MMB29P) AppleWebKit/537.36 (KHTML, like Gecko) Chrome/148.0.7778.96 Mobile Safari/537.36 (compatible; Googlebot/2.1; +http://www.google.com/bot.html)"
66.249.68.163 - - [18/May/2026:14:35:33 +0000] "GET /items/U44092896112/ HTTP/1.1" 200 164795 "-" "Mozilla/5.0 (Linux; Android 6.0.1; Nexus 5X Build/MMB29P) AppleWebKit/537.36 (KHTML, like Gecko) Chrome/148.0.7778.96 Mobile Safari/537.36 (compatible; Googlebot/2.1; +http://www.google.com/bot.html)"
66.249.68.163 - - [18/May/2026:14:35:34 +0000] "GET /items/U4405738407/ HTTP/1.1" 200 156283 "-" "Mozilla/5.0 (Linux; Android 6.0.1; Nexus 5X Build/MMB29P) AppleWebKit/537.36 (KHTML, like Gecko) Chrome/148.0.7778.96 Mobile Safari/537.36 (compatible; Googlebot/2.1; +http://www.google.com/bot.html)"
66.249.68.163 - - [18/May/2026:14:35:35 +0000] "GET /items/U44092624115/ HTTP/1.1" 200 161397 "-" "Mozilla/5.0 (Linux; Android 6.0.1; Nexus 5X Build/MMB29P) AppleWebKit/537.36 (KHTML, like Gecko) Chrome/148.0.7778.96 Mobile Safari/537.36 (compatible; Googlebot/2.1; +http://www.google.com/bot.html)"
216.73.216.209 - - [18/May/2026:14:35:36 +0000] "GET /items/U440992638862/ HTTP/1.1" 500 2749 "-" "Mozilla/5.0 AppleWebKit/537.36 (KHTML, like Gecko; compatible; ClaudeBot/1.0; +claudebot@anthropic.com)"
66.249.68.162 - - [18/May/2026:14:35:38 +0000] "GET /items/U44082135329/ HTTP/1.1" 200 166241 "-" "Mozilla/5.0 (Linux; Android 6.0.1; Nexus 5X Build/MMB29P) AppleWebKit/537.36 (KHTML, like Gecko) Chrome/148.0.7778.96 Mobile Safari/537.36 (compatible; Googlebot/2.1; +http://www.google.com/bot.html)"
216.73.216.209 - - [18/May/2026:14:35:41 +0000] "GET /items/U44082148729/ HTTP/1.1" 500 2749 "-" "Mozilla/5.0 AppleWebKit/537.36 (KHTML, like Gecko; compatible; ClaudeBot/1.0; +claudebot@anthropic.com)"
66.249.68.163 - - [18/May/2026:14:35:41 +0000] "GET /items/U4404158500/ HTTP/1.1" 200 157756 "-" "Mozilla/5.0 (Linux; Android 6.0.1; Nexus 5X Build/MMB29P) AppleWebKit/537.36 (KHTML, like Gecko) Chrome/148.0.7778.96 Mobile Safari/537.36 (compatible; Googlebot/2.1; +http://www.google.com/bot.html)"
66.249.68.162 - - [18/May/2026:14:35:44 +0000] "GET /items/U440413235/ HTTP/1.1" 200 155188 "-" "Mozilla/5.0 (Linux; Android 6.0.1; Nexus 5X Build/MMB29P) AppleWebKit/537.36 (KHTML, like Gecko) Chrome/148.0.7778.96 Mobile Safari/537.36 (compatible; Googlebot/2.1; +http://www.google.com/bot.html)"
66.249.68.163 - - [18/May/2026:14:35:45 +0000] "GET /?items/U4405576619/ HTTP/1.1" 200 165693 "-" "Mozilla/5.0 (Linux; Android 6.0.1; Nexus 5X Build/MMB29P) AppleWebKit/537.36 (KHTML, like Gecko) Chrome/148.0.7778.96 Mobile Safari/537.36 (compatible; GoogleOther)"
216.73.216.209 - - [18/May/2026:14:35:46 +0000] "GET /items/U440889378129/ HTTP/1.1" 500 2749 "-" "Mozilla/5.0 AppleWebKit/537.36 (KHTML, like Gecko; compatible; ClaudeBot/1.0; +claudebot@anthropic.com)"
66.249.68.163 - - [18/May/2026:14:35:47 +0000] "GET /items/U44092531646/ HTTP/1.1" 200 169272 "-" "Mozilla/5.0 (Linux; Android 6.0.1; Nexus 5X Build/MMB29P) AppleWebKit/537.36 (KHTML, like Gecko) Chrome/148.0.7778.96 Mobile Safari/537.36 (compatible; Googlebot/2.1; +http://www.google.com/bot.html)"
