216.73.216.209 - - [18/May/2026:10:55:21 +0000] "GET /items/U44067485080/ HTTP/1.1" 500 2749 "-" "Mozilla/5.0 AppleWebKit/537.36 (KHTML, like Gecko; compatible; ClaudeBot/1.0; +claudebot@anthropic.com)"
216.73.216.209 - - [18/May/2026:10:55:26 +0000] "GET /items/U44077620733/ HTTP/1.1" 500 2749 "-" "Mozilla/5.0 AppleWebKit/537.36 (KHTML, like Gecko; compatible; ClaudeBot/1.0; +claudebot@anthropic.com)"
216.73.216.209 - - [18/May/2026:10:55:31 +0000] "GET /items/U44043068249/ HTTP/1.1" 500 2749 "-" "Mozilla/5.0 AppleWebKit/537.36 (KHTML, like Gecko; compatible; ClaudeBot/1.0; +claudebot@anthropic.com)"
216.73.216.209 - - [18/May/2026:10:55:36 +0000] "GET /items/U44046072936/ HTTP/1.1" 500 2749 "-" "Mozilla/5.0 AppleWebKit/537.36 (KHTML, like Gecko; compatible; ClaudeBot/1.0; +claudebot@anthropic.com)"
216.73.216.209 - - [18/May/2026:10:55:41 +0000] "GET /items/U44092900706/ HTTP/1.1" 500 2749 "-" "Mozilla/5.0 AppleWebKit/537.36 (KHTML, like Gecko; compatible; ClaudeBot/1.0; +claudebot@anthropic.com)"
216.73.216.209 - - [18/May/2026:10:55:49 +0000] "GET /items/U4405861575/ HTTP/1.1" 500 2749 "-" "Mozilla/5.0 AppleWebKit/537.36 (KHTML, like Gecko; compatible; ClaudeBot/1.0; +claudebot@anthropic.com)"
216.73.216.209 - - [18/May/2026:10:55:52 +0000] "GET /items/U44092658897/ HTTP/1.1" 500 2749 "-" "Mozilla/5.0 AppleWebKit/537.36 (KHTML, like Gecko; compatible; ClaudeBot/1.0; +claudebot@anthropic.com)"
216.73.216.209 - - [18/May/2026:10:55:57 +0000] "GET /items/U44056525304/ HTTP/1.1" 500 2749 "-" "Mozilla/5.0 AppleWebKit/537.36 (KHTML, like Gecko; compatible; ClaudeBot/1.0; +claudebot@anthropic.com)"
216.73.216.209 - - [18/May/2026:10:56:03 +0000] "GET /items/U44077704765/ HTTP/1.1" 500 2749 "-" "Mozilla/5.0 AppleWebKit/537.36 (KHTML, like Gecko; compatible; ClaudeBot/1.0; +claudebot@anthropic.com)"
207.46.13.168 - - [18/May/2026:10:56:05 +0000] "GET /?items/H44092598154/ HTTP/1.1" 200 170658 "-" "Mozilla/5.0 AppleWebKit/537.36 (KHTML, like Gecko; compatible; bingbot/2.0; +http://www.bing.com/bingbot.htm) Chrome/116.0.1938.76 Safari/537.36"
216.73.216.209 - - [18/May/2026:10:56:07 +0000] "GET /items/U44085356466/ HTTP/1.1" 500 2749 "-" "Mozilla/5.0 AppleWebKit/537.36 (KHTML, like Gecko; compatible; ClaudeBot/1.0; +claudebot@anthropic.com)"
216.73.216.209 - - [18/May/2026:10:56:12 +0000] "GET /items/U44092625537/ HTTP/1.1" 500 2749 "-" "Mozilla/5.0 AppleWebKit/537.36 (KHTML, like Gecko; compatible; ClaudeBot/1.0; +claudebot@anthropic.com)"
216.73.216.209 - - [18/May/2026:10:56:17 +0000] "GET /items/U44095777879/ HTTP/1.1" 500 2749 "-" "Mozilla/5.0 AppleWebKit/537.36 (KHTML, like Gecko; compatible; ClaudeBot/1.0; +claudebot@anthropic.com)"
216.73.216.209 - - [18/May/2026:10:56:22 +0000] "GET /items/U440490383430/ HTTP/1.1" 500 2749 "-" "Mozilla/5.0 AppleWebKit/537.36 (KHTML, like Gecko; compatible; ClaudeBot/1.0; +claudebot@anthropic.com)"
216.73.216.209 - - [18/May/2026:10:56:27 +0000] "GET /items/U44043360818/ HTTP/1.1" 500 2749 "-" "Mozilla/5.0 AppleWebKit/537.36 (KHTML, like Gecko; compatible; ClaudeBot/1.0; +claudebot@anthropic.com)"
216.73.216.209 - - [18/May/2026:10:56:32 +0000] "GET /items/U44046019716/ HTTP/1.1" 500 2749 "-" "Mozilla/5.0 AppleWebKit/537.36 (KHTML, like Gecko; compatible; ClaudeBot/1.0; +claudebot@anthropic.com)"
216.73.216.209 - - [18/May/2026:10:56:37 +0000] "GET /items/U44064018026/ HTTP/1.1" 500 2749 "-" "Mozilla/5.0 AppleWebKit/537.36 (KHTML, like Gecko; compatible; ClaudeBot/1.0; +claudebot@anthropic.com)"
216.73.216.209 - - [18/May/2026:10:56:42 +0000] "GET /items/U4405542542/ HTTP/1.1" 500 2749 "-" "Mozilla/5.0 AppleWebKit/537.36 (KHTML, like Gecko; compatible; ClaudeBot/1.0; +claudebot@anthropic.com)"
216.73.216.209 - - [18/May/2026:10:56:47 +0000] "GET /items/U440593863391/ HTTP/1.1" 500 2749 "-" "Mozilla/5.0 AppleWebKit/537.36 (KHTML, like Gecko; compatible; ClaudeBot/1.0; +claudebot@anthropic.com)"
216.73.216.209 - - [18/May/2026:10:56:52 +0000] "GET /items/U44046067984/ HTTP/1.1" 500 2749 "-" "Mozilla/5.0 AppleWebKit/537.36 (KHTML, like Gecko; compatible; ClaudeBot/1.0; +claudebot@anthropic.com)"
216.73.216.209 - - [18/May/2026:10:56:57 +0000] "GET /items/U440490204306/ HTTP/1.1" 500 2749 "-" "Mozilla/5.0 AppleWebKit/537.36 (KHTML, like Gecko; compatible; ClaudeBot/1.0; +claudebot@anthropic.com)"
216.73.216.209 - - [18/May/2026:10:57:02 +0000] "GET /items/U44092581270/ HTTP/1.1" 500 2749 "-" "Mozilla/5.0 AppleWebKit/537.36 (KHTML, like Gecko; compatible; ClaudeBot/1.0; +claudebot@anthropic.com)"
216.73.216.209 - - [18/May/2026:10:57:07 +0000] "GET /items/U440697180436/ HTTP/1.1" 500 2749 "-" "Mozilla/5.0 AppleWebKit/537.36 (KHTML, like Gecko; compatible; ClaudeBot/1.0; +claudebot@anthropic.com)"
216.73.216.209 - - [18/May/2026:10:57:12 +0000] "GET /items/U440415494964/ HTTP/1.1" 500 2749 "-" "Mozilla/5.0 AppleWebKit/537.36 (KHTML, like Gecko; compatible; ClaudeBot/1.0; +claudebot@anthropic.com)"
216.73.216.209 - - [18/May/2026:10:57:17 +0000] "GET /items/U440832356451/ HTTP/1.1" 500 2749 "-" "Mozilla/5.0 AppleWebKit/537.36 (KHTML, like Gecko; compatible; ClaudeBot/1.0; +claudebot@anthropic.com)"
216.73.216.209 - - [18/May/2026:10:57:22 +0000] "GET /items/U440581590109/ HTTP/1.1" 500 2749 "-" "Mozilla/5.0 AppleWebKit/537.36 (KHTML, like Gecko; compatible; ClaudeBot/1.0; +claudebot@anthropic.com)"
66.249.68.34 - - [18/May/2026:10:57:25 +0000] "GET /items/U44082074867/ HTTP/1.1" 200 157716 "-" "Mozilla/5.0 (Linux; Android 6.0.1; Nexus 5X Build/MMB29P) AppleWebKit/537.36 (KHTML, like Gecko) Chrome/148.0.7778.96 Mobile Safari/537.36 (compatible; GoogleOther)"
216.73.216.209 - - [18/May/2026:10:57:27 +0000] "GET /items/U44056945121/ HTTP/1.1" 500 2749 "-" "Mozilla/5.0 AppleWebKit/537.36 (KHTML, like Gecko; compatible; ClaudeBot/1.0; +claudebot@anthropic.com)"
216.73.216.209 - - [18/May/2026:10:57:32 +0000] "GET /items/U440844136507/ HTTP/1.1" 500 2749 "-" "Mozilla/5.0 AppleWebKit/537.36 (KHTML, like Gecko; compatible; ClaudeBot/1.0; +claudebot@anthropic.com)"
66.249.68.32 - - [18/May/2026:10:57:35 +0000] "GET /items/U44061486508/ HTTP/1.1" 200 164607 "-" "Mozilla/5.0 (Linux; Android 6.0.1; Nexus 5X Build/MMB29P) AppleWebKit/537.36 (KHTML, like Gecko) Chrome/148.0.7778.96 Mobile Safari/537.36 (compatible; GoogleOther)"
216.73.216.209 - - [18/May/2026:10:57:37 +0000] "GET /items/U44092856822/ HTTP/1.1" 500 2749 "-" "Mozilla/5.0 AppleWebKit/537.36 (KHTML, like Gecko; compatible; ClaudeBot/1.0; +claudebot@anthropic.com)"
66.249.79.34 - - [18/May/2026:10:57:38 +0000] "GET /items/H4405781163/ HTTP/1.1" 200 164550 "-" "Mozilla/5.0 (Linux; Android 6.0.1; Nexus 5X Build/MMB29P) AppleWebKit/537.36 (KHTML, like Gecko) Chrome/148.0.7778.96 Mobile Safari/537.36 (compatible; GoogleOther)"
216.73.216.209 - - [18/May/2026:10:57:42 +0000] "GET /items/U44071759624/ HTTP/1.1" 500 2749 "-" "Mozilla/5.0 AppleWebKit/537.36 (KHTML, like Gecko; compatible; ClaudeBot/1.0; +claudebot@anthropic.com)"
216.73.216.209 - - [18/May/2026:10:57:47 +0000] "GET /items/U44092636899/ HTTP/1.1" 500 2749 "-" "Mozilla/5.0 AppleWebKit/537.36 (KHTML, like Gecko; compatible; ClaudeBot/1.0; +claudebot@anthropic.com)"
216.73.216.209 - - [18/May/2026:10:57:54 +0000] "GET /items/U440965726636/ HTTP/1.1" 500 2749 "-" "Mozilla/5.0 AppleWebKit/537.36 (KHTML, like Gecko; compatible; ClaudeBot/1.0; +claudebot@anthropic.com)"
216.73.216.209 - - [18/May/2026:10:57:58 +0000] "GET /items/U440490226758/ HTTP/1.1" 500 2749 "-" "Mozilla/5.0 AppleWebKit/537.36 (KHTML, like Gecko; compatible; ClaudeBot/1.0; +claudebot@anthropic.com)"
216.73.216.209 - - [18/May/2026:10:58:03 +0000] "GET /items/U44043452352/ HTTP/1.1" 500 2749 "-" "Mozilla/5.0 AppleWebKit/537.36 (KHTML, like Gecko; compatible; ClaudeBot/1.0; +claudebot@anthropic.com)"
216.73.216.209 - - [18/May/2026:10:58:08 +0000] "GET /items/U440664067792/ HTTP/1.1" 500 2749 "-" "Mozilla/5.0 AppleWebKit/537.36 (KHTML, like Gecko; compatible; ClaudeBot/1.0; +claudebot@anthropic.com)"
216.73.216.209 - - [18/May/2026:10:58:13 +0000] "GET /items/U44071526545/ HTTP/1.1" 500 2749 "-" "Mozilla/5.0 AppleWebKit/537.36 (KHTML, like Gecko; compatible; ClaudeBot/1.0; +claudebot@anthropic.com)"
216.73.216.209 - - [18/May/2026:10:58:18 +0000] "GET /items/U440761807286/ HTTP/1.1" 500 2749 "-" "Mozilla/5.0 AppleWebKit/537.36 (KHTML, like Gecko; compatible; ClaudeBot/1.0; +claudebot@anthropic.com)"
216.73.216.209 - - [18/May/2026:10:58:23 +0000] "GET /items/U44061280774/ HTTP/1.1" 500 2749 "-" "Mozilla/5.0 AppleWebKit/537.36 (KHTML, like Gecko; compatible; ClaudeBot/1.0; +claudebot@anthropic.com)"
216.73.216.209 - - [18/May/2026:10:58:28 +0000] "GET /items/U44043047561/ HTTP/1.1" 500 2749 "-" "Mozilla/5.0 AppleWebKit/537.36 (KHTML, like Gecko; compatible; ClaudeBot/1.0; +claudebot@anthropic.com)"
216.73.216.209 - - [18/May/2026:10:58:34 +0000] "GET /items/U44046236561/ HTTP/1.1" 500 2749 "-" "Mozilla/5.0 AppleWebKit/537.36 (KHTML, like Gecko; compatible; ClaudeBot/1.0; +claudebot@anthropic.com)"
216.73.216.209 - - [18/May/2026:10:58:39 +0000] "GET /items/U44074813199/ HTTP/1.1" 500 2749 "-" "Mozilla/5.0 AppleWebKit/537.36 (KHTML, like Gecko; compatible; ClaudeBot/1.0; +claudebot@anthropic.com)"
216.73.216.209 - - [18/May/2026:10:58:46 +0000] "GET /items/U44061273286/ HTTP/1.1" 500 2749 "-" "Mozilla/5.0 AppleWebKit/537.36 (KHTML, like Gecko; compatible; ClaudeBot/1.0; +claudebot@anthropic.com)"
216.73.216.209 - - [18/May/2026:10:58:50 +0000] "GET /items/U44071958369/ HTTP/1.1" 500 2749 "-" "Mozilla/5.0 AppleWebKit/537.36 (KHTML, like Gecko; compatible; ClaudeBot/1.0; +claudebot@anthropic.com)"
66.249.68.32 - - [18/May/2026:10:58:52 +0000] "GET /items/U44082074867/ HTTP/1.1" 200 157716 "-" "Mozilla/5.0 (Linux; Android 6.0.1; Nexus 5X Build/MMB29P) AppleWebKit/537.36 (KHTML, like Gecko) Chrome/148.0.7778.96 Mobile Safari/537.36 (compatible; Googlebot/2.1; +http://www.google.com/bot.html)"
216.73.216.209 - - [18/May/2026:10:58:55 +0000] "GET /items/U44046295774/ HTTP/1.1" 500 2749 "-" "Mozilla/5.0 AppleWebKit/537.36 (KHTML, like Gecko; compatible; ClaudeBot/1.0; +claudebot@anthropic.com)"
216.73.216.209 - - [18/May/2026:10:59:00 +0000] "GET /items/U44046271600/ HTTP/1.1" 500 2749 "-" "Mozilla/5.0 AppleWebKit/537.36 (KHTML, like Gecko; compatible; ClaudeBot/1.0; +claudebot@anthropic.com)"
216.73.216.209 - - [18/May/2026:10:59:05 +0000] "GET /items/U44071536695/ HTTP/1.1" 500 2749 "-" "Mozilla/5.0 AppleWebKit/537.36 (KHTML, like Gecko; compatible; ClaudeBot/1.0; +claudebot@anthropic.com)"
216.73.216.209 - - [18/May/2026:10:59:10 +0000] "GET /items/U4404217181/ HTTP/1.1" 500 2749 "-" "Mozilla/5.0 AppleWebKit/537.36 (KHTML, like Gecko; compatible; ClaudeBot/1.0; +claudebot@anthropic.com)"
66.249.68.32 - - [18/May/2026:10:59:11 +0000] "GET /items/U4404215632/ HTTP/1.1" 200 165332 "-" "Mozilla/5.0 (Linux; Android 6.0.1; Nexus 5X Build/MMB29P) AppleWebKit/537.36 (KHTML, like Gecko) Chrome/148.0.7778.96 Mobile Safari/537.36 (compatible; Googlebot/2.1; +http://www.google.com/bot.html)"
216.73.216.209 - - [18/May/2026:10:59:15 +0000] "GET /items/U44043160015/ HTTP/1.1" 500 2749 "-" "Mozilla/5.0 AppleWebKit/537.36 (KHTML, like Gecko; compatible; ClaudeBot/1.0; +claudebot@anthropic.com)"
216.73.216.209 - - [18/May/2026:10:59:20 +0000] "GET /items/U44046062114/ HTTP/1.1" 500 2749 "-" "Mozilla/5.0 AppleWebKit/537.36 (KHTML, like Gecko; compatible; ClaudeBot/1.0; +claudebot@anthropic.com)"
216.73.216.209 - - [18/May/2026:10:59:25 +0000] "GET /items/U44095980114/ HTTP/1.1" 500 2749 "-" "Mozilla/5.0 AppleWebKit/537.36 (KHTML, like Gecko; compatible; ClaudeBot/1.0; +claudebot@anthropic.com)"
216.73.216.209 - - [18/May/2026:10:59:30 +0000] "GET /items/U44046042094/ HTTP/1.1" 500 2749 "-" "Mozilla/5.0 AppleWebKit/537.36 (KHTML, like Gecko; compatible; ClaudeBot/1.0; +claudebot@anthropic.com)"
216.73.216.209 - - [18/May/2026:10:59:35 +0000] "GET /items/U44053933383/ HTTP/1.1" 500 2749 "-" "Mozilla/5.0 AppleWebKit/537.36 (KHTML, like Gecko; compatible; ClaudeBot/1.0; +claudebot@anthropic.com)"
216.73.216.209 - - [18/May/2026:10:59:40 +0000] "GET /items/U44074524382/ HTTP/1.1" 500 2749 "-" "Mozilla/5.0 AppleWebKit/537.36 (KHTML, like Gecko; compatible; ClaudeBot/1.0; +claudebot@anthropic.com)"
216.73.216.209 - - [18/May/2026:10:59:45 +0000] "GET /items/U44088420734/ HTTP/1.1" 500 2749 "-" "Mozilla/5.0 AppleWebKit/537.36 (KHTML, like Gecko; compatible; ClaudeBot/1.0; +claudebot@anthropic.com)"
216.73.216.209 - - [18/May/2026:10:59:50 +0000] "GET /items/U44071988693/ HTTP/1.1" 500 2749 "-" "Mozilla/5.0 AppleWebKit/537.36 (KHTML, like Gecko; compatible; ClaudeBot/1.0; +claudebot@anthropic.com)"
216.73.216.209 - - [18/May/2026:10:59:55 +0000] "GET /items/U44053791650/ HTTP/1.1" 500 2749 "-" "Mozilla/5.0 AppleWebKit/537.36 (KHTML, like Gecko; compatible; ClaudeBot/1.0; +claudebot@anthropic.com)"
216.73.216.209 - - [18/May/2026:11:00:00 +0000] "GET /items/U44092644958/ HTTP/1.1" 500 2749 "-" "Mozilla/5.0 AppleWebKit/537.36 (KHTML, like Gecko; compatible; ClaudeBot/1.0; +claudebot@anthropic.com)"
66.249.68.32 - - [18/May/2026:11:00:03 +0000] "GET /items/U44071767384/ HTTP/1.1" 200 156527 "-" "Mozilla/5.0 (Linux; Android 6.0.1; Nexus 5X Build/MMB29P) AppleWebKit/537.36 (KHTML, like Gecko) Chrome/148.0.7778.96 Mobile Safari/537.36 (compatible; GoogleOther)"
216.73.216.209 - - [18/May/2026:11:00:05 +0000] "GET /items/U44046235160/ HTTP/1.1" 500 2749 "-" "Mozilla/5.0 AppleWebKit/537.36 (KHTML, like Gecko; compatible; ClaudeBot/1.0; +claudebot@anthropic.com)"
216.73.216.209 - - [18/May/2026:11:00:10 +0000] "GET /items/U44074550303/ HTTP/1.1" 500 2749 "-" "Mozilla/5.0 AppleWebKit/537.36 (KHTML, like Gecko; compatible; ClaudeBot/1.0; +claudebot@anthropic.com)"
216.73.216.209 - - [18/May/2026:11:00:15 +0000] "GET /items/U44071516811/ HTTP/1.1" 500 2749 "-" "Mozilla/5.0 AppleWebKit/537.36 (KHTML, like Gecko; compatible; ClaudeBot/1.0; +claudebot@anthropic.com)"
216.73.216.209 - - [18/May/2026:11:00:20 +0000] "GET /items/U44077836457/ HTTP/1.1" 500 2749 "-" "Mozilla/5.0 AppleWebKit/537.36 (KHTML, like Gecko; compatible; ClaudeBot/1.0; +claudebot@anthropic.com)"
216.73.216.209 - - [18/May/2026:11:00:25 +0000] "GET /items/U44067283509/ HTTP/1.1" 500 2749 "-" "Mozilla/5.0 AppleWebKit/537.36 (KHTML, like Gecko; compatible; ClaudeBot/1.0; +claudebot@anthropic.com)"
216.73.216.209 - - [18/May/2026:11:00:30 +0000] "GET /items/U44074953044/ HTTP/1.1" 500 2749 "-" "Mozilla/5.0 AppleWebKit/537.36 (KHTML, like Gecko; compatible; ClaudeBot/1.0; +claudebot@anthropic.com)"
216.73.216.209 - - [18/May/2026:11:00:35 +0000] "GET /items/U44092593455/ HTTP/1.1" 500 2749 "-" "Mozilla/5.0 AppleWebKit/537.36 (KHTML, like Gecko; compatible; ClaudeBot/1.0; +claudebot@anthropic.com)"
216.73.216.209 - - [18/May/2026:11:00:40 +0000] "GET /items/U44049158693/ HTTP/1.1" 500 2749 "-" "Mozilla/5.0 AppleWebKit/537.36 (KHTML, like Gecko; compatible; ClaudeBot/1.0; +claudebot@anthropic.com)"
216.73.216.209 - - [18/May/2026:11:00:45 +0000] "GET /items/U440935691194/ HTTP/1.1" 500 2749 "-" "Mozilla/5.0 AppleWebKit/537.36 (KHTML, like Gecko; compatible; ClaudeBot/1.0; +claudebot@anthropic.com)"
216.73.216.209 - - [18/May/2026:11:00:50 +0000] "GET /items/U44071857885/ HTTP/1.1" 500 2749 "-" "Mozilla/5.0 AppleWebKit/537.36 (KHTML, like Gecko; compatible; ClaudeBot/1.0; +claudebot@anthropic.com)"
216.73.216.209 - - [18/May/2026:11:00:55 +0000] "GET /items/U44098813894/ HTTP/1.1" 500 2749 "-" "Mozilla/5.0 AppleWebKit/537.36 (KHTML, like Gecko; compatible; ClaudeBot/1.0; +claudebot@anthropic.com)"
216.73.216.209 - - [18/May/2026:11:01:00 +0000] "GET /items/U44082134056/ HTTP/1.1" 500 2749 "-" "Mozilla/5.0 AppleWebKit/537.36 (KHTML, like Gecko; compatible; ClaudeBot/1.0; +claudebot@anthropic.com)"
216.73.216.209 - - [18/May/2026:11:01:05 +0000] "GET /items/U44077655820/ HTTP/1.1" 500 2749 "-" "Mozilla/5.0 AppleWebKit/537.36 (KHTML, like Gecko; compatible; ClaudeBot/1.0; +claudebot@anthropic.com)"
216.73.216.209 - - [18/May/2026:11:01:10 +0000] "GET /items/U44095893137/ HTTP/1.1" 500 2749 "-" "Mozilla/5.0 AppleWebKit/537.36 (KHTML, like Gecko; compatible; ClaudeBot/1.0; +claudebot@anthropic.com)"
216.73.216.209 - - [18/May/2026:11:01:15 +0000] "GET /items/U44098583206/ HTTP/1.1" 500 2749 "-" "Mozilla/5.0 AppleWebKit/537.36 (KHTML, like Gecko; compatible; ClaudeBot/1.0; +claudebot@anthropic.com)"
216.73.216.209 - - [18/May/2026:11:01:20 +0000] "GET /items/U44077699374/ HTTP/1.1" 500 2749 "-" "Mozilla/5.0 AppleWebKit/537.36 (KHTML, like Gecko; compatible; ClaudeBot/1.0; +claudebot@anthropic.com)"
216.73.216.209 - - [18/May/2026:11:01:25 +0000] "GET /items/U440889295076/ HTTP/1.1" 500 2749 "-" "Mozilla/5.0 AppleWebKit/537.36 (KHTML, like Gecko; compatible; ClaudeBot/1.0; +claudebot@anthropic.com)"
216.73.216.209 - - [18/May/2026:11:01:30 +0000] "GET /items/U440938797934/ HTTP/1.1" 500 2749 "-" "Mozilla/5.0 AppleWebKit/537.36 (KHTML, like Gecko; compatible; ClaudeBot/1.0; +claudebot@anthropic.com)"
216.73.216.209 - - [18/May/2026:11:01:35 +0000] "GET /items/U44064001397/ HTTP/1.1" 500 2749 "-" "Mozilla/5.0 AppleWebKit/537.36 (KHTML, like Gecko; compatible; ClaudeBot/1.0; +claudebot@anthropic.com)"
216.73.216.209 - - [18/May/2026:11:01:40 +0000] "GET /items/U44071640571/ HTTP/1.1" 500 2749 "-" "Mozilla/5.0 AppleWebKit/537.36 (KHTML, like Gecko; compatible; ClaudeBot/1.0; +claudebot@anthropic.com)"
216.73.216.209 - - [18/May/2026:11:01:45 +0000] "GET /items/U44071586341/ HTTP/1.1" 500 2749 "-" "Mozilla/5.0 AppleWebKit/537.36 (KHTML, like Gecko; compatible; ClaudeBot/1.0; +claudebot@anthropic.com)"
216.73.216.209 - - [18/May/2026:11:01:50 +0000] "GET /items/U44092753520/ HTTP/1.1" 500 2749 "-" "Mozilla/5.0 AppleWebKit/537.36 (KHTML, like Gecko; compatible; ClaudeBot/1.0; +claudebot@anthropic.com)"
216.73.216.209 - - [18/May/2026:11:01:55 +0000] "GET /items/U440989630402/ HTTP/1.1" 500 2749 "-" "Mozilla/5.0 AppleWebKit/537.36 (KHTML, like Gecko; compatible; ClaudeBot/1.0; +claudebot@anthropic.com)"
216.73.216.209 - - [18/May/2026:11:02:00 +0000] "GET /items/U440442236348/ HTTP/1.1" 500 2749 "-" "Mozilla/5.0 AppleWebKit/537.36 (KHTML, like Gecko; compatible; ClaudeBot/1.0; +claudebot@anthropic.com)"
66.249.68.34 - - [18/May/2026:11:02:03 +0000] "GET /items/U44071767384/ HTTP/1.1" 200 156527 "-" "Mozilla/5.0 (Linux; Android 6.0.1; Nexus 5X Build/MMB29P) AppleWebKit/537.36 (KHTML, like Gecko) Chrome/148.0.7778.96 Mobile Safari/537.36 (compatible; Googlebot/2.1; +http://www.google.com/bot.html)"
216.73.216.209 - - [18/May/2026:11:02:05 +0000] "GET /items/U440460332147/ HTTP/1.1" 500 2749 "-" "Mozilla/5.0 AppleWebKit/537.36 (KHTML, like Gecko; compatible; ClaudeBot/1.0; +claudebot@anthropic.com)"
216.73.216.209 - - [18/May/2026:11:02:10 +0000] "GET /items/U44071703458/ HTTP/1.1" 500 2749 "-" "Mozilla/5.0 AppleWebKit/537.36 (KHTML, like Gecko; compatible; ClaudeBot/1.0; +claudebot@anthropic.com)"
216.73.216.209 - - [18/May/2026:11:02:15 +0000] "GET /items/U44056634501/ HTTP/1.1" 500 2749 "-" "Mozilla/5.0 AppleWebKit/537.36 (KHTML, like Gecko; compatible; ClaudeBot/1.0; +claudebot@anthropic.com)"
216.73.216.209 - - [18/May/2026:11:02:20 +0000] "GET /items/U440439198656/ HTTP/1.1" 500 2749 "-" "Mozilla/5.0 AppleWebKit/537.36 (KHTML, like Gecko; compatible; ClaudeBot/1.0; +claudebot@anthropic.com)"
216.73.216.209 - - [18/May/2026:11:02:25 +0000] "GET /items/U44053644667/ HTTP/1.1" 500 2749 "-" "Mozilla/5.0 AppleWebKit/537.36 (KHTML, like Gecko; compatible; ClaudeBot/1.0; +claudebot@anthropic.com)"
66.249.68.38 - - [18/May/2026:11:02:28 +0000] "GET /items/U44071973580/ HTTP/1.1" 200 158760 "-" "Mozilla/5.0 (Linux; Android 6.0.1; Nexus 5X Build/MMB29P) AppleWebKit/537.36 (KHTML, like Gecko) Chrome/148.0.7778.96 Mobile Safari/537.36 (compatible; GoogleOther)"
216.73.216.209 - - [18/May/2026:11:02:30 +0000] "GET /items/U44082173407/ HTTP/1.1" 500 2749 "-" "Mozilla/5.0 AppleWebKit/537.36 (KHTML, like Gecko; compatible; ClaudeBot/1.0; +claudebot@anthropic.com)"
66.249.68.38 - - [18/May/2026:11:02:31 +0000] "GET /items/U44071892162/ HTTP/1.1" 200 157263 "-" "Mozilla/5.0 (Linux; Android 6.0.1; Nexus 5X Build/MMB29P) AppleWebKit/537.36 (KHTML, like Gecko) Chrome/148.0.7778.96 Mobile Safari/537.36 (compatible; GoogleOther)"
216.73.216.209 - - [18/May/2026:11:02:35 +0000] "GET /items/U44049095798/ HTTP/1.1" 500 2749 "-" "Mozilla/5.0 AppleWebKit/537.36 (KHTML, like Gecko; compatible; ClaudeBot/1.0; +claudebot@anthropic.com)"
216.73.216.209 - - [18/May/2026:11:02:40 +0000] "GET /items/U44082387799/ HTTP/1.1" 500 2749 "-" "Mozilla/5.0 AppleWebKit/537.36 (KHTML, like Gecko; compatible; ClaudeBot/1.0; +claudebot@anthropic.com)"
216.73.216.209 - - [18/May/2026:11:02:45 +0000] "GET /items/U44056555745/ HTTP/1.1" 500 2749 "-" "Mozilla/5.0 AppleWebKit/537.36 (KHTML, like Gecko; compatible; ClaudeBot/1.0; +claudebot@anthropic.com)"
216.73.216.209 - - [18/May/2026:11:02:50 +0000] "GET /items/U440935665973/ HTTP/1.1" 500 2749 "-" "Mozilla/5.0 AppleWebKit/537.36 (KHTML, like Gecko; compatible; ClaudeBot/1.0; +claudebot@anthropic.com)"
216.73.216.209 - - [18/May/2026:11:02:55 +0000] "GET /items/U44085006745/ HTTP/1.1" 500 2749 "-" "Mozilla/5.0 AppleWebKit/537.36 (KHTML, like Gecko; compatible; ClaudeBot/1.0; +claudebot@anthropic.com)"
216.73.216.209 - - [18/May/2026:11:03:00 +0000] "GET /items/U44074972256/ HTTP/1.1" 500 2749 "-" "Mozilla/5.0 AppleWebKit/537.36 (KHTML, like Gecko; compatible; ClaudeBot/1.0; +claudebot@anthropic.com)"
216.73.216.209 - - [18/May/2026:11:03:05 +0000] "GET /items/U44085319044/ HTTP/1.1" 500 2749 "-" "Mozilla/5.0 AppleWebKit/537.36 (KHTML, like Gecko; compatible; ClaudeBot/1.0; +claudebot@anthropic.com)"
216.73.216.209 - - [18/May/2026:11:03:10 +0000] "GET /items/U4405849462/ HTTP/1.1" 500 2749 "-" "Mozilla/5.0 AppleWebKit/537.36 (KHTML, like Gecko; compatible; ClaudeBot/1.0; +claudebot@anthropic.com)"
216.73.216.209 - - [18/May/2026:11:03:15 +0000] "GET /items/U44095644707/ HTTP/1.1" 500 2749 "-" "Mozilla/5.0 AppleWebKit/537.36 (KHTML, like Gecko; compatible; ClaudeBot/1.0; +claudebot@anthropic.com)"
216.73.216.209 - - [18/May/2026:11:03:20 +0000] "GET /items/U440560577967/ HTTP/1.1" 500 2749 "-" "Mozilla/5.0 AppleWebKit/537.36 (KHTML, like Gecko; compatible; ClaudeBot/1.0; +claudebot@anthropic.com)"
216.73.216.209 - - [18/May/2026:11:03:25 +0000] "GET /items/U44088278680/ HTTP/1.1" 500 2749 "-" "Mozilla/5.0 AppleWebKit/537.36 (KHTML, like Gecko; compatible; ClaudeBot/1.0; +claudebot@anthropic.com)"
216.73.216.209 - - [18/May/2026:11:03:30 +0000] "GET /items/U44092862583/ HTTP/1.1" 500 2749 "-" "Mozilla/5.0 AppleWebKit/537.36 (KHTML, like Gecko; compatible; ClaudeBot/1.0; +claudebot@anthropic.com)"
216.73.216.209 - - [18/May/2026:11:03:35 +0000] "GET /items/U44092579529/ HTTP/1.1" 500 2749 "-" "Mozilla/5.0 AppleWebKit/537.36 (KHTML, like Gecko; compatible; ClaudeBot/1.0; +claudebot@anthropic.com)"
216.73.216.209 - - [18/May/2026:11:03:40 +0000] "GET /items/U440892074237/ HTTP/1.1" 500 2749 "-" "Mozilla/5.0 AppleWebKit/537.36 (KHTML, like Gecko; compatible; ClaudeBot/1.0; +claudebot@anthropic.com)"
216.73.216.209 - - [18/May/2026:11:03:45 +0000] "GET /items/U44074720941/ HTTP/1.1" 500 2749 "-" "Mozilla/5.0 AppleWebKit/537.36 (KHTML, like Gecko; compatible; ClaudeBot/1.0; +claudebot@anthropic.com)"
216.73.216.209 - - [18/May/2026:11:03:50 +0000] "GET /items/U440938847983/ HTTP/1.1" 500 2749 "-" "Mozilla/5.0 AppleWebKit/537.36 (KHTML, like Gecko; compatible; ClaudeBot/1.0; +claudebot@anthropic.com)"
216.73.216.209 - - [18/May/2026:11:03:55 +0000] "GET /items/U440835229281/ HTTP/1.1" 500 2749 "-" "Mozilla/5.0 AppleWebKit/537.36 (KHTML, like Gecko; compatible; ClaudeBot/1.0; +claudebot@anthropic.com)"
66.249.68.38 - - [18/May/2026:11:03:57 +0000] "GET /items/U44071892162/ HTTP/1.1" 200 157263 "-" "Mozilla/5.0 (Linux; Android 6.0.1; Nexus 5X Build/MMB29P) AppleWebKit/537.36 (KHTML, like Gecko) Chrome/148.0.7778.96 Mobile Safari/537.36 (compatible; Googlebot/2.1; +http://www.google.com/bot.html)"
216.73.216.209 - - [18/May/2026:11:04:00 +0000] "GET /items/U44082451369/ HTTP/1.1" 500 2749 "-" "Mozilla/5.0 AppleWebKit/537.36 (KHTML, like Gecko; compatible; ClaudeBot/1.0; +claudebot@anthropic.com)"
216.73.216.209 - - [18/May/2026:11:04:05 +0000] "GET /items/U440737764593/ HTTP/1.1" 500 2749 "-" "Mozilla/5.0 AppleWebKit/537.36 (KHTML, like Gecko; compatible; ClaudeBot/1.0; +claudebot@anthropic.com)"
216.73.216.209 - - [18/May/2026:11:04:10 +0000] "GET /items/U440794887217/ HTTP/1.1" 500 2749 "-" "Mozilla/5.0 AppleWebKit/537.36 (KHTML, like Gecko; compatible; ClaudeBot/1.0; +claudebot@anthropic.com)"
216.73.216.209 - - [18/May/2026:11:04:15 +0000] "GET /items/U440989640779/ HTTP/1.1" 500 2749 "-" "Mozilla/5.0 AppleWebKit/537.36 (KHTML, like Gecko; compatible; ClaudeBot/1.0; +claudebot@anthropic.com)"
216.73.216.209 - - [18/May/2026:11:04:20 +0000] "GET /items/U44092846526/ HTTP/1.1" 500 2749 "-" "Mozilla/5.0 AppleWebKit/537.36 (KHTML, like Gecko; compatible; ClaudeBot/1.0; +claudebot@anthropic.com)"
216.73.216.209 - - [18/May/2026:11:04:27 +0000] "GET /items/U440992995117/ HTTP/1.1" 500 2749 "-" "Mozilla/5.0 AppleWebKit/537.36 (KHTML, like Gecko; compatible; ClaudeBot/1.0; +claudebot@anthropic.com)"
216.73.216.209 - - [18/May/2026:11:04:30 +0000] "GET /items/U44082046597/ HTTP/1.1" 500 2749 "-" "Mozilla/5.0 AppleWebKit/537.36 (KHTML, like Gecko; compatible; ClaudeBot/1.0; +claudebot@anthropic.com)"
216.73.216.209 - - [18/May/2026:11:04:35 +0000] "GET /items/U44046071301/ HTTP/1.1" 500 2749 "-" "Mozilla/5.0 AppleWebKit/537.36 (KHTML, like Gecko; compatible; ClaudeBot/1.0; +claudebot@anthropic.com)"
216.73.216.209 - - [18/May/2026:11:04:40 +0000] "GET /items/U44095553522/ HTTP/1.1" 500 2749 "-" "Mozilla/5.0 AppleWebKit/537.36 (KHTML, like Gecko; compatible; ClaudeBot/1.0; +claudebot@anthropic.com)"
216.73.216.209 - - [18/May/2026:11:04:45 +0000] "GET /items/U44046380004/ HTTP/1.1" 500 2749 "-" "Mozilla/5.0 AppleWebKit/537.36 (KHTML, like Gecko; compatible; ClaudeBot/1.0; +claudebot@anthropic.com)"
216.73.216.209 - - [18/May/2026:11:04:50 +0000] "GET /items/U44077629968/ HTTP/1.1" 500 2749 "-" "Mozilla/5.0 AppleWebKit/537.36 (KHTML, like Gecko; compatible; ClaudeBot/1.0; +claudebot@anthropic.com)"
216.73.216.209 - - [18/May/2026:11:04:55 +0000] "GET /items/U44082164191/ HTTP/1.1" 500 2749 "-" "Mozilla/5.0 AppleWebKit/537.36 (KHTML, like Gecko; compatible; ClaudeBot/1.0; +claudebot@anthropic.com)"
216.73.216.209 - - [18/May/2026:11:05:00 +0000] "GET /items/U440490093076/ HTTP/1.1" 500 2749 "-" "Mozilla/5.0 AppleWebKit/537.36 (KHTML, like Gecko; compatible; ClaudeBot/1.0; +claudebot@anthropic.com)"
216.73.216.209 - - [18/May/2026:11:05:05 +0000] "GET /items/U44071709772/ HTTP/1.1" 500 2749 "-" "Mozilla/5.0 AppleWebKit/537.36 (KHTML, like Gecko; compatible; ClaudeBot/1.0; +claudebot@anthropic.com)"
216.73.216.209 - - [18/May/2026:11:05:13 +0000] "GET /items/U44064192290/ HTTP/1.1" 500 2749 "-" "Mozilla/5.0 AppleWebKit/537.36 (KHTML, like Gecko; compatible; ClaudeBot/1.0; +claudebot@anthropic.com)"
216.73.216.209 - - [18/May/2026:11:05:16 +0000] "GET /items/U440490072746/ HTTP/1.1" 500 2749 "-" "Mozilla/5.0 AppleWebKit/537.36 (KHTML, like Gecko; compatible; ClaudeBot/1.0; +claudebot@anthropic.com)"
216.73.216.209 - - [18/May/2026:11:05:21 +0000] "GET /items/U440862379236/ HTTP/1.1" 500 2749 "-" "Mozilla/5.0 AppleWebKit/537.36 (KHTML, like Gecko; compatible; ClaudeBot/1.0; +claudebot@anthropic.com)"
216.73.216.209 - - [18/May/2026:11:05:26 +0000] "GET /items/U44098883506/ HTTP/1.1" 500 2749 "-" "Mozilla/5.0 AppleWebKit/537.36 (KHTML, like Gecko; compatible; ClaudeBot/1.0; +claudebot@anthropic.com)"
216.73.216.209 - - [18/May/2026:11:05:31 +0000] "GET /items/U440466225092/ HTTP/1.1" 500 2749 "-" "Mozilla/5.0 AppleWebKit/537.36 (KHTML, like Gecko; compatible; ClaudeBot/1.0; +claudebot@anthropic.com)"
216.73.216.209 - - [18/May/2026:11:05:36 +0000] "GET /items/U44077617175/ HTTP/1.1" 500 2749 "-" "Mozilla/5.0 AppleWebKit/537.36 (KHTML, like Gecko; compatible; ClaudeBot/1.0; +claudebot@anthropic.com)"
216.73.216.209 - - [18/May/2026:11:05:41 +0000] "GET /items/U44098616406/ HTTP/1.1" 500 2749 "-" "Mozilla/5.0 AppleWebKit/537.36 (KHTML, like Gecko; compatible; ClaudeBot/1.0; +claudebot@anthropic.com)"
216.73.216.209 - - [18/May/2026:11:05:46 +0000] "GET /items/U44046102807/ HTTP/1.1" 500 2749 "-" "Mozilla/5.0 AppleWebKit/537.36 (KHTML, like Gecko; compatible; ClaudeBot/1.0; +claudebot@anthropic.com)"
216.73.216.209 - - [18/May/2026:11:05:51 +0000] "GET /items/U44056740080/ HTTP/1.1" 500 2749 "-" "Mozilla/5.0 AppleWebKit/537.36 (KHTML, like Gecko; compatible; ClaudeBot/1.0; +claudebot@anthropic.com)"
216.73.216.209 - - [18/May/2026:11:05:56 +0000] "GET /items/U440791649025/ HTTP/1.1" 500 2749 "-" "Mozilla/5.0 AppleWebKit/537.36 (KHTML, like Gecko; compatible; ClaudeBot/1.0; +claudebot@anthropic.com)"
216.73.216.209 - - [18/May/2026:11:06:01 +0000] "GET /items/U44074661655/ HTTP/1.1" 500 2749 "-" "Mozilla/5.0 AppleWebKit/537.36 (KHTML, like Gecko; compatible; ClaudeBot/1.0; +claudebot@anthropic.com)"
216.73.216.209 - - [18/May/2026:11:06:06 +0000] "GET /items/U440995852235/ HTTP/1.1" 500 2749 "-" "Mozilla/5.0 AppleWebKit/537.36 (KHTML, like Gecko; compatible; ClaudeBot/1.0; +claudebot@anthropic.com)"
216.73.216.209 - - [18/May/2026:11:06:11 +0000] "GET /items/U44064418610/ HTTP/1.1" 500 2749 "-" "Mozilla/5.0 AppleWebKit/537.36 (KHTML, like Gecko; compatible; ClaudeBot/1.0; +claudebot@anthropic.com)"
216.73.216.209 - - [18/May/2026:11:06:16 +0000] "GET /items/U44082340019/ HTTP/1.1" 500 2749 "-" "Mozilla/5.0 AppleWebKit/537.36 (KHTML, like Gecko; compatible; ClaudeBot/1.0; +claudebot@anthropic.com)"
216.73.216.209 - - [18/May/2026:11:06:21 +0000] "GET /items/U44071570690/ HTTP/1.1" 500 2749 "-" "Mozilla/5.0 AppleWebKit/537.36 (KHTML, like Gecko; compatible; ClaudeBot/1.0; +claudebot@anthropic.com)"
216.73.216.209 - - [18/May/2026:11:06:26 +0000] "GET /items/U440661014047/ HTTP/1.1" 500 2749 "-" "Mozilla/5.0 AppleWebKit/537.36 (KHTML, like Gecko; compatible; ClaudeBot/1.0; +claudebot@anthropic.com)"
216.73.216.209 - - [18/May/2026:11:06:31 +0000] "GET /items/U44064272384/ HTTP/1.1" 500 2749 "-" "Mozilla/5.0 AppleWebKit/537.36 (KHTML, like Gecko; compatible; ClaudeBot/1.0; +claudebot@anthropic.com)"
216.73.216.209 - - [18/May/2026:11:06:36 +0000] "GET /items/U44088285828/ HTTP/1.1" 500 2749 "-" "Mozilla/5.0 AppleWebKit/537.36 (KHTML, like Gecko; compatible; ClaudeBot/1.0; +claudebot@anthropic.com)"
216.73.216.209 - - [18/May/2026:11:06:44 +0000] "GET /items/U44064248496/ HTTP/1.1" 500 2749 "-" "Mozilla/5.0 AppleWebKit/537.36 (KHTML, like Gecko; compatible; ClaudeBot/1.0; +claudebot@anthropic.com)"
216.73.216.209 - - [18/May/2026:11:06:46 +0000] "GET /items/U44067208374/ HTTP/1.1" 500 2749 "-" "Mozilla/5.0 AppleWebKit/537.36 (KHTML, like Gecko; compatible; ClaudeBot/1.0; +claudebot@anthropic.com)"
216.73.216.209 - - [18/May/2026:11:06:51 +0000] "GET /items/U440554778677/ HTTP/1.1" 500 2749 "-" "Mozilla/5.0 AppleWebKit/537.36 (KHTML, like Gecko; compatible; ClaudeBot/1.0; +claudebot@anthropic.com)"
216.73.216.209 - - [18/May/2026:11:06:56 +0000] "GET /items/U44071832324/ HTTP/1.1" 500 2749 "-" "Mozilla/5.0 AppleWebKit/537.36 (KHTML, like Gecko; compatible; ClaudeBot/1.0; +claudebot@anthropic.com)"
216.73.216.209 - - [18/May/2026:11:07:01 +0000] "GET /items/U440613000717/ HTTP/1.1" 500 2749 "-" "Mozilla/5.0 AppleWebKit/537.36 (KHTML, like Gecko; compatible; ClaudeBot/1.0; +claudebot@anthropic.com)"
216.73.216.209 - - [18/May/2026:11:07:06 +0000] "GET /items/U440814494464/ HTTP/1.1" 500 2749 "-" "Mozilla/5.0 AppleWebKit/537.36 (KHTML, like Gecko; compatible; ClaudeBot/1.0; +claudebot@anthropic.com)"
216.73.216.209 - - [18/May/2026:11:07:11 +0000] "GET /items/U440797781501/ HTTP/1.1" 500 2749 "-" "Mozilla/5.0 AppleWebKit/537.36 (KHTML, like Gecko; compatible; ClaudeBot/1.0; +claudebot@anthropic.com)"
216.73.216.209 - - [18/May/2026:11:07:16 +0000] "GET /items/U440764960871/ HTTP/1.1" 500 2749 "-" "Mozilla/5.0 AppleWebKit/537.36 (KHTML, like Gecko; compatible; ClaudeBot/1.0; +claudebot@anthropic.com)"
216.73.216.209 - - [18/May/2026:11:07:21 +0000] "GET /items/U44077671612/ HTTP/1.1" 500 2749 "-" "Mozilla/5.0 AppleWebKit/537.36 (KHTML, like Gecko; compatible; ClaudeBot/1.0; +claudebot@anthropic.com)"
66.249.68.32 - - [18/May/2026:11:07:25 +0000] "GET /items/U44071711121/ HTTP/1.1" 200 161355 "-" "Mozilla/5.0 (Linux; Android 6.0.1; Nexus 5X Build/MMB29P) AppleWebKit/537.36 (KHTML, like Gecko) Chrome/148.0.7778.96 Mobile Safari/537.36 (compatible; GoogleOther)"
216.73.216.209 - - [18/May/2026:11:07:26 +0000] "GET /items/U440667227002/ HTTP/1.1" 500 2749 "-" "Mozilla/5.0 AppleWebKit/537.36 (KHTML, like Gecko; compatible; ClaudeBot/1.0; +claudebot@anthropic.com)"
216.73.216.209 - - [18/May/2026:11:07:31 +0000] "GET /items/U440512684388/ HTTP/1.1" 500 2749 "-" "Mozilla/5.0 AppleWebKit/537.36 (KHTML, like Gecko; compatible; ClaudeBot/1.0; +claudebot@anthropic.com)"
216.73.216.209 - - [18/May/2026:11:07:36 +0000] "GET /items/U440838108633/ HTTP/1.1" 500 2749 "-" "Mozilla/5.0 AppleWebKit/537.36 (KHTML, like Gecko; compatible; ClaudeBot/1.0; +claudebot@anthropic.com)"
216.73.216.209 - - [18/May/2026:11:07:41 +0000] "GET /items/U44095825452/ HTTP/1.1" 500 2749 "-" "Mozilla/5.0 AppleWebKit/537.36 (KHTML, like Gecko; compatible; ClaudeBot/1.0; +claudebot@anthropic.com)"
216.73.216.209 - - [18/May/2026:11:07:46 +0000] "GET /items/U44085485107/ HTTP/1.1" 500 2749 "-" "Mozilla/5.0 AppleWebKit/537.36 (KHTML, like Gecko; compatible; ClaudeBot/1.0; +claudebot@anthropic.com)"
216.73.216.209 - - [18/May/2026:11:07:51 +0000] "GET /items/U44092663181/ HTTP/1.1" 500 2749 "-" "Mozilla/5.0 AppleWebKit/537.36 (KHTML, like Gecko; compatible; ClaudeBot/1.0; +claudebot@anthropic.com)"
216.73.216.209 - - [18/May/2026:11:07:56 +0000] "GET /items/U440989599757/ HTTP/1.1" 500 2749 "-" "Mozilla/5.0 AppleWebKit/537.36 (KHTML, like Gecko; compatible; ClaudeBot/1.0; +claudebot@anthropic.com)"
216.73.216.209 - - [18/May/2026:11:08:01 +0000] "GET /items/U44046290857/ HTTP/1.1" 500 2749 "-" "Mozilla/5.0 AppleWebKit/537.36 (KHTML, like Gecko; compatible; ClaudeBot/1.0; +claudebot@anthropic.com)"
216.73.216.209 - - [18/May/2026:11:08:06 +0000] "GET /items/U440667007366/ HTTP/1.1" 500 2749 "-" "Mozilla/5.0 AppleWebKit/537.36 (KHTML, like Gecko; compatible; ClaudeBot/1.0; +claudebot@anthropic.com)"
216.73.216.209 - - [18/May/2026:11:08:11 +0000] "GET /items/U44074646976/ HTTP/1.1" 500 2749 "-" "Mozilla/5.0 AppleWebKit/537.36 (KHTML, like Gecko; compatible; ClaudeBot/1.0; +claudebot@anthropic.com)"
66.249.68.32 - - [18/May/2026:11:08:11 +0000] "GET /items/U440422824/ HTTP/1.1" 200 154057 "-" "Mozilla/5.0 (Linux; Android 6.0.1; Nexus 5X Build/MMB29P) AppleWebKit/537.36 (KHTML, like Gecko) Chrome/148.0.7778.96 Mobile Safari/537.36 (compatible; Googlebot/2.1; +http://www.google.com/bot.html)"
216.73.216.209 - - [18/May/2026:11:08:16 +0000] "GET /items/U44043236991/ HTTP/1.1" 500 2749 "-" "Mozilla/5.0 AppleWebKit/537.36 (KHTML, like Gecko; compatible; ClaudeBot/1.0; +claudebot@anthropic.com)"
216.73.216.209 - - [18/May/2026:11:08:21 +0000] "GET /items/U440716568469/ HTTP/1.1" 500 2749 "-" "Mozilla/5.0 AppleWebKit/537.36 (KHTML, like Gecko; compatible; ClaudeBot/1.0; +claudebot@anthropic.com)"
216.73.216.209 - - [18/May/2026:11:08:26 +0000] "GET /items/U440992839455/ HTTP/1.1" 500 2749 "-" "Mozilla/5.0 AppleWebKit/537.36 (KHTML, like Gecko; compatible; ClaudeBot/1.0; +claudebot@anthropic.com)"
216.73.216.209 - - [18/May/2026:11:08:31 +0000] "GET /items/U440631442397/ HTTP/1.1" 500 2749 "-" "Mozilla/5.0 AppleWebKit/537.36 (KHTML, like Gecko; compatible; ClaudeBot/1.0; +claudebot@anthropic.com)"
216.73.216.209 - - [18/May/2026:11:08:36 +0000] "GET /items/U44085345061/ HTTP/1.1" 500 2749 "-" "Mozilla/5.0 AppleWebKit/537.36 (KHTML, like Gecko; compatible; ClaudeBot/1.0; +claudebot@anthropic.com)"
216.73.216.209 - - [18/May/2026:11:08:41 +0000] "GET /items/U440593556982/ HTTP/1.1" 500 2749 "-" "Mozilla/5.0 AppleWebKit/537.36 (KHTML, like Gecko; compatible; ClaudeBot/1.0; +claudebot@anthropic.com)"
216.73.216.209 - - [18/May/2026:11:08:46 +0000] "GET /items/U44074994158/ HTTP/1.1" 500 2749 "-" "Mozilla/5.0 AppleWebKit/537.36 (KHTML, like Gecko; compatible; ClaudeBot/1.0; +claudebot@anthropic.com)"
216.73.216.209 - - [18/May/2026:11:08:51 +0000] "GET /items/U44046193359/ HTTP/1.1" 500 2749 "-" "Mozilla/5.0 AppleWebKit/537.36 (KHTML, like Gecko; compatible; ClaudeBot/1.0; +claudebot@anthropic.com)"
216.73.216.209 - - [18/May/2026:11:08:56 +0000] "GET /items/U44085177148/ HTTP/1.1" 500 2749 "-" "Mozilla/5.0 AppleWebKit/537.36 (KHTML, like Gecko; compatible; ClaudeBot/1.0; +claudebot@anthropic.com)"
216.73.216.209 - - [18/May/2026:11:09:01 +0000] "GET /items/U44082063512/ HTTP/1.1" 500 2749 "-" "Mozilla/5.0 AppleWebKit/537.36 (KHTML, like Gecko; compatible; ClaudeBot/1.0; +claudebot@anthropic.com)"
140.245.33.146 - - [18/May/2026:11:09:05 +0000] "GET / HTTP/1.1" 500 2749 "-" "Mozilla/5.0 (X11; Linux x86_64) Gecko/20100101 Firefox/117.0"
140.245.33.146 - - [18/May/2026:11:09:06 +0000] "GET / HTTP/1.1" 500 2749 "-" "Go-http-client/2.0"
216.73.216.209 - - [18/May/2026:11:09:06 +0000] "GET /items/U44067152160/ HTTP/1.1" 500 2749 "-" "Mozilla/5.0 AppleWebKit/537.36 (KHTML, like Gecko; compatible; ClaudeBot/1.0; +claudebot@anthropic.com)"
140.245.33.146 - - [18/May/2026:11:09:07 +0000] "GET /wp-login.php HTTP/1.1" 500 2749 "-" "Mozilla/5.0 (iPad; CPU OS 17_4 like Mac OS X) AppleWebKit/605.1.15 Mobile/15E148"
140.245.33.146 - - [18/May/2026:11:09:07 +0000] "GET /wp-admin/ HTTP/1.1" 500 2749 "-" "Mozilla/5.0 (iPhone; CPU iPhone OS 17_4_1 like Mac OS X) AppleWebKit/605.1.15 Mobile/15E148"
140.245.33.146 - - [18/May/2026:11:09:08 +0000] "GET /administrator/ HTTP/1.1" 500 2749 "-" "Mozilla/5.0 (iPad; CPU OS 17_4 like Mac OS X) AppleWebKit/605.1.15 Mobile/15E148"
140.245.33.146 - - [18/May/2026:11:09:09 +0000] "GET /user/login HTTP/1.1" 500 2749 "-" "Mozilla/5.0 (iPhone; CPU iPhone OS 17_4_1 like Mac OS X) AppleWebKit/605.1.15 Mobile/15E148"
140.245.33.146 - - [18/May/2026:11:09:10 +0000] "GET /admin HTTP/1.1" 500 2749 "-" "Mozilla/5.0 (X11; Linux x86_64) Gecko/20100101 Firefox/117.0"
216.73.216.209 - - [18/May/2026:11:09:11 +0000] "GET /items/U4405974194/ HTTP/1.1" 500 2749 "-" "Mozilla/5.0 AppleWebKit/537.36 (KHTML, like Gecko; compatible; ClaudeBot/1.0; +claudebot@anthropic.com)"
140.245.33.146 - - [18/May/2026:11:09:11 +0000] "GET /login HTTP/1.1" 500 2749 "-" "Mozilla/5.0 (iPhone; CPU iPhone OS 17_4_1 like Mac OS X) AppleWebKit/605.1.15 Mobile/15E148"
140.245.33.146 - - [18/May/2026:11:09:12 +0000] "GET /register HTTP/1.1" 500 2749 "-" "Mozilla/5.0 (Macintosh; Intel Mac OS X 13_5_1) AppleWebKit/605.1.15 Safari/605.1.15"
140.245.33.146 - - [18/May/2026:11:09:13 +0000] "GET /admin HTTP/1.1" 500 2749 "-" "Mozilla/5.0 (Android 13; Mobile; rv:117.0) Gecko/117.0 Firefox/117.0"
140.245.33.146 - - [18/May/2026:11:09:13 +0000] "GET /login HTTP/1.1" 500 2749 "-" "Mozilla/5.0 (iPad; CPU OS 17_4 like Mac OS X) AppleWebKit/605.1.15 Mobile/15E148"
216.73.216.209 - - [18/May/2026:11:09:16 +0000] "GET /items/U440439321863/ HTTP/1.1" 500 2749 "-" "Mozilla/5.0 AppleWebKit/537.36 (KHTML, like Gecko; compatible; ClaudeBot/1.0; +claudebot@anthropic.com)"
216.73.216.209 - - [18/May/2026:11:09:21 +0000] "GET /items/U44085202655/ HTTP/1.1" 500 2749 "-" "Mozilla/5.0 AppleWebKit/537.36 (KHTML, like Gecko; compatible; ClaudeBot/1.0; +claudebot@anthropic.com)"
216.73.216.209 - - [18/May/2026:11:09:26 +0000] "GET /items/U44095721893/ HTTP/1.1" 500 2749 "-" "Mozilla/5.0 AppleWebKit/537.36 (KHTML, like Gecko; compatible; ClaudeBot/1.0; +claudebot@anthropic.com)"
216.73.216.209 - - [18/May/2026:11:09:31 +0000] "GET /items/U440664093559/ HTTP/1.1" 500 2749 "-" "Mozilla/5.0 AppleWebKit/537.36 (KHTML, like Gecko; compatible; ClaudeBot/1.0; +claudebot@anthropic.com)"
104.244.73.103 - - [18/May/2026:11:09:31 +0000] "GET /wp-login.php HTTP/1.1" 500 2749 "-" "Mozilla/5.0 (Windows NT 6.1) AppleWebKit/537.36 (KHTML, like Gecko) Chrome/36.0.1985.143 Safari/537.36"
216.73.216.209 - - [18/May/2026:11:09:36 +0000] "GET /items/U44074665385/ HTTP/1.1" 500 2749 "-" "Mozilla/5.0 AppleWebKit/537.36 (KHTML, like Gecko; compatible; ClaudeBot/1.0; +claudebot@anthropic.com)"
216.73.216.209 - - [18/May/2026:11:09:41 +0000] "GET /items/U440460230441/ HTTP/1.1" 500 2749 "-" "Mozilla/5.0 AppleWebKit/537.36 (KHTML, like Gecko; compatible; ClaudeBot/1.0; +claudebot@anthropic.com)"
216.73.216.209 - - [18/May/2026:11:09:46 +0000] "GET /items/U44043015309/ HTTP/1.1" 500 2749 "-" "Mozilla/5.0 AppleWebKit/537.36 (KHTML, like Gecko; compatible; ClaudeBot/1.0; +claudebot@anthropic.com)"
216.73.216.209 - - [18/May/2026:11:09:51 +0000] "GET /items/U440548982062/ HTTP/1.1" 500 2749 "-" "Mozilla/5.0 AppleWebKit/537.36 (KHTML, like Gecko; compatible; ClaudeBot/1.0; +claudebot@anthropic.com)"
66.249.68.38 - - [18/May/2026:11:09:55 +0000] "GET /items/U4404490658/ HTTP/1.1" 200 166745 "-" "Mozilla/5.0 (Linux; Android 6.0.1; Nexus 5X Build/MMB29P) AppleWebKit/537.36 (KHTML, like Gecko) Chrome/148.0.7778.96 Mobile Safari/537.36 (compatible; GoogleOther)"
216.73.216.209 - - [18/May/2026:11:09:56 +0000] "GET /items/U44046279975/ HTTP/1.1" 500 2749 "-" "Mozilla/5.0 AppleWebKit/537.36 (KHTML, like Gecko; compatible; ClaudeBot/1.0; +claudebot@anthropic.com)"
216.73.216.209 - - [18/May/2026:11:10:01 +0000] "GET /items/U440889331203/ HTTP/1.1" 500 2749 "-" "Mozilla/5.0 AppleWebKit/537.36 (KHTML, like Gecko; compatible; ClaudeBot/1.0; +claudebot@anthropic.com)"
216.73.216.209 - - [18/May/2026:11:10:06 +0000] "GET /items/U44092552854/ HTTP/1.1" 500 2749 "-" "Mozilla/5.0 AppleWebKit/537.36 (KHTML, like Gecko; compatible; ClaudeBot/1.0; +claudebot@anthropic.com)"
216.73.216.209 - - [18/May/2026:11:10:11 +0000] "GET /items/U440923959038/ HTTP/1.1" 500 2749 "-" "Mozilla/5.0 AppleWebKit/537.36 (KHTML, like Gecko; compatible; ClaudeBot/1.0; +claudebot@anthropic.com)"
216.73.216.209 - - [18/May/2026:11:10:16 +0000] "GET /items/U440883090487/ HTTP/1.1" 500 2749 "-" "Mozilla/5.0 AppleWebKit/537.36 (KHTML, like Gecko; compatible; ClaudeBot/1.0; +claudebot@anthropic.com)"
216.73.216.209 - - [18/May/2026:11:10:21 +0000] "GET /items/U44085139359/ HTTP/1.1" 500 2749 "-" "Mozilla/5.0 AppleWebKit/537.36 (KHTML, like Gecko; compatible; ClaudeBot/1.0; +claudebot@anthropic.com)"
216.73.216.209 - - [18/May/2026:11:10:26 +0000] "GET /items/U44095950541/ HTTP/1.1" 500 2749 "-" "Mozilla/5.0 AppleWebKit/537.36 (KHTML, like Gecko; compatible; ClaudeBot/1.0; +claudebot@anthropic.com)"
216.73.216.209 - - [18/May/2026:11:10:31 +0000] "GET /items/U440625149356/ HTTP/1.1" 500 2749 "-" "Mozilla/5.0 AppleWebKit/537.36 (KHTML, like Gecko; compatible; ClaudeBot/1.0; +claudebot@anthropic.com)"
216.73.216.209 - - [18/May/2026:11:10:36 +0000] "GET /items/U440649059447/ HTTP/1.1" 500 2749 "-" "Mozilla/5.0 AppleWebKit/537.36 (KHTML, like Gecko; compatible; ClaudeBot/1.0; +claudebot@anthropic.com)"
66.249.68.39 - - [18/May/2026:11:10:40 +0000] "GET /items/U4404490658/ HTTP/1.1" 200 166745 "-" "Mozilla/5.0 (Linux; Android 6.0.1; Nexus 5X Build/MMB29P) AppleWebKit/537.36 (KHTML, like Gecko) Chrome/148.0.7778.96 Mobile Safari/537.36 (compatible; Googlebot/2.1; +http://www.google.com/bot.html)"
216.73.216.209 - - [18/May/2026:11:10:41 +0000] "GET /items/U440490190566/ HTTP/1.1" 500 2749 "-" "Mozilla/5.0 AppleWebKit/537.36 (KHTML, like Gecko; compatible; ClaudeBot/1.0; +claudebot@anthropic.com)"
216.73.216.209 - - [18/May/2026:11:10:46 +0000] "GET /items/U440883408064/ HTTP/1.1" 500 2749 "-" "Mozilla/5.0 AppleWebKit/537.36 (KHTML, like Gecko; compatible; ClaudeBot/1.0; +claudebot@anthropic.com)"
216.73.216.209 - - [18/May/2026:11:10:51 +0000] "GET /items/U4405760654/ HTTP/1.1" 500 2749 "-" "Mozilla/5.0 AppleWebKit/537.36 (KHTML, like Gecko; compatible; ClaudeBot/1.0; +claudebot@anthropic.com)"
216.73.216.209 - - [18/May/2026:11:10:56 +0000] "GET /items/U44067389422/ HTTP/1.1" 500 2749 "-" "Mozilla/5.0 AppleWebKit/537.36 (KHTML, like Gecko; compatible; ClaudeBot/1.0; +claudebot@anthropic.com)"
216.73.216.209 - - [18/May/2026:11:11:01 +0000] "GET /items/U44088334185/ HTTP/1.1" 500 2749 "-" "Mozilla/5.0 AppleWebKit/537.36 (KHTML, like Gecko; compatible; ClaudeBot/1.0; +claudebot@anthropic.com)"
216.73.216.209 - - [18/May/2026:11:11:06 +0000] "GET /items/U44046251571/ HTTP/1.1" 500 2749 "-" "Mozilla/5.0 AppleWebKit/537.36 (KHTML, like Gecko; compatible; ClaudeBot/1.0; +claudebot@anthropic.com)"
216.73.216.209 - - [18/May/2026:11:11:11 +0000] "GET /items/U440490130712/ HTTP/1.1" 500 2749 "-" "Mozilla/5.0 AppleWebKit/537.36 (KHTML, like Gecko; compatible; ClaudeBot/1.0; +claudebot@anthropic.com)"
66.249.79.36 - - [18/May/2026:11:11:13 +0000] "GET /items/H44061191189/ HTTP/1.1" 200 162032 "-" "Mozilla/5.0 (Linux; Android 6.0.1; Nexus 5X Build/MMB29P) AppleWebKit/537.36 (KHTML, like Gecko) Chrome/148.0.7778.96 Mobile Safari/537.36 (compatible; Googlebot/2.1; +http://www.google.com/bot.html)"
216.73.216.209 - - [18/May/2026:11:11:16 +0000] "GET /items/U440761606784/ HTTP/1.1" 500 2749 "-" "Mozilla/5.0 AppleWebKit/537.36 (KHTML, like Gecko; compatible; ClaudeBot/1.0; +claudebot@anthropic.com)"
216.73.216.209 - - [18/May/2026:11:11:21 +0000] "GET /items/U440593968417/ HTTP/1.1" 500 2749 "-" "Mozilla/5.0 AppleWebKit/537.36 (KHTML, like Gecko; compatible; ClaudeBot/1.0; +claudebot@anthropic.com)"
216.73.216.209 - - [18/May/2026:11:11:26 +0000] "GET /items/U440865076506/ HTTP/1.1" 500 2749 "-" "Mozilla/5.0 AppleWebKit/537.36 (KHTML, like Gecko; compatible; ClaudeBot/1.0; +claudebot@anthropic.com)"
216.73.216.209 - - [18/May/2026:11:11:31 +0000] "GET /items/U440691302596/ HTTP/1.1" 500 2749 "-" "Mozilla/5.0 AppleWebKit/537.36 (KHTML, like Gecko; compatible; ClaudeBot/1.0; +claudebot@anthropic.com)"
216.73.216.209 - - [18/May/2026:11:11:36 +0000] "GET /robots.txt HTTP/1.1" 200 132 "-" "Mozilla/5.0 AppleWebKit/537.36 (KHTML, like Gecko; compatible; ClaudeBot/1.0; +claudebot@anthropic.com)"
216.73.216.209 - - [18/May/2026:11:11:36 +0000] "GET /items/U44043122064/ HTTP/1.1" 500 2749 "-" "Mozilla/5.0 AppleWebKit/537.36 (KHTML, like Gecko; compatible; ClaudeBot/1.0; +claudebot@anthropic.com)"
216.73.216.209 - - [18/May/2026:11:11:41 +0000] "GET /items/U440992976580/ HTTP/1.1" 500 2749 "-" "Mozilla/5.0 AppleWebKit/537.36 (KHTML, like Gecko; compatible; ClaudeBot/1.0; +claudebot@anthropic.com)"
216.73.216.209 - - [18/May/2026:11:11:46 +0000] "GET /items/U440998750576/ HTTP/1.1" 500 2749 "-" "Mozilla/5.0 AppleWebKit/537.36 (KHTML, like Gecko; compatible; ClaudeBot/1.0; +claudebot@anthropic.com)"
216.73.216.209 - - [18/May/2026:11:11:51 +0000] "GET /items/U440811415218/ HTTP/1.1" 500 2749 "-" "Mozilla/5.0 AppleWebKit/537.36 (KHTML, like Gecko; compatible; ClaudeBot/1.0; +claudebot@anthropic.com)"
216.73.216.209 - - [18/May/2026:11:11:56 +0000] "GET /items/U440850050563/ HTTP/1.1" 500 2749 "-" "Mozilla/5.0 AppleWebKit/537.36 (KHTML, like Gecko; compatible; ClaudeBot/1.0; +claudebot@anthropic.com)"
216.73.216.209 - - [18/May/2026:11:12:01 +0000] "GET /items/U4405808500/ HTTP/1.1" 500 2749 "-" "Mozilla/5.0 AppleWebKit/537.36 (KHTML, like Gecko; compatible; ClaudeBot/1.0; +claudebot@anthropic.com)"
216.73.216.209 - - [18/May/2026:11:12:06 +0000] "GET /items/U4407100787585/ HTTP/1.1" 500 2749 "-" "Mozilla/5.0 AppleWebKit/537.36 (KHTML, like Gecko; compatible; ClaudeBot/1.0; +claudebot@anthropic.com)"
216.73.216.209 - - [18/May/2026:11:12:11 +0000] "GET /items/U440515607089/ HTTP/1.1" 500 2749 "-" "Mozilla/5.0 AppleWebKit/537.36 (KHTML, like Gecko; compatible; ClaudeBot/1.0; +claudebot@anthropic.com)"
216.73.216.209 - - [18/May/2026:11:12:16 +0000] "GET /items/U440682495713/ HTTP/1.1" 500 2749 "-" "Mozilla/5.0 AppleWebKit/537.36 (KHTML, like Gecko; compatible; ClaudeBot/1.0; +claudebot@anthropic.com)"
216.73.216.209 - - [18/May/2026:11:12:21 +0000] "GET /items/U44061241982/ HTTP/1.1" 500 2749 "-" "Mozilla/5.0 AppleWebKit/537.36 (KHTML, like Gecko; compatible; ClaudeBot/1.0; +claudebot@anthropic.com)"
216.73.216.209 - - [18/May/2026:11:12:26 +0000] "GET /items/U44049494238/ HTTP/1.1" 500 2749 "-" "Mozilla/5.0 AppleWebKit/537.36 (KHTML, like Gecko; compatible; ClaudeBot/1.0; +claudebot@anthropic.com)"
157.55.39.195 - - [18/May/2026:11:12:28 +0000] "GET /?items/H44092773429/ HTTP/1.1" 200 157501 "-" "Mozilla/5.0 AppleWebKit/537.36 (KHTML, like Gecko; compatible; bingbot/2.0; +http://www.bing.com/bingbot.htm) Chrome/116.0.1938.76 Safari/537.36"
216.73.216.209 - - [18/May/2026:11:12:32 +0000] "GET /items/U44067274407/ HTTP/1.1" 500 2749 "-" "Mozilla/5.0 AppleWebKit/537.36 (KHTML, like Gecko; compatible; ClaudeBot/1.0; +claudebot@anthropic.com)"
216.73.216.209 - - [18/May/2026:11:12:37 +0000] "GET /items/U440515687325/ HTTP/1.1" 500 2749 "-" "Mozilla/5.0 AppleWebKit/537.36 (KHTML, like Gecko; compatible; ClaudeBot/1.0; +claudebot@anthropic.com)"
216.73.216.209 - - [18/May/2026:11:12:42 +0000] "GET /items/U440463489557/ HTTP/1.1" 500 2749 "-" "Mozilla/5.0 AppleWebKit/537.36 (KHTML, like Gecko; compatible; ClaudeBot/1.0; +claudebot@anthropic.com)"
216.73.216.209 - - [18/May/2026:11:12:47 +0000] "GET /items/U44098898802/ HTTP/1.1" 500 2749 "-" "Mozilla/5.0 AppleWebKit/537.36 (KHTML, like Gecko; compatible; ClaudeBot/1.0; +claudebot@anthropic.com)"
216.73.216.209 - - [18/May/2026:11:12:52 +0000] "GET /items/U440995932922/ HTTP/1.1" 500 2749 "-" "Mozilla/5.0 AppleWebKit/537.36 (KHTML, like Gecko; compatible; ClaudeBot/1.0; +claudebot@anthropic.com)"
216.73.216.209 - - [18/May/2026:11:12:57 +0000] "GET /items/U440512539752/ HTTP/1.1" 500 2749 "-" "Mozilla/5.0 AppleWebKit/537.36 (KHTML, like Gecko; compatible; ClaudeBot/1.0; +claudebot@anthropic.com)"
216.73.216.209 - - [18/May/2026:11:13:03 +0000] "GET /items/U440791582631/ HTTP/1.1" 500 2749 "-" "Mozilla/5.0 AppleWebKit/537.36 (KHTML, like Gecko; compatible; ClaudeBot/1.0; +claudebot@anthropic.com)"
