216.73.216.209 - - [18/May/2026:12:59:20 +0000] "GET /items/U440625075022/ HTTP/1.1" 500 2749 "-" "Mozilla/5.0 AppleWebKit/537.36 (KHTML, like Gecko; compatible; ClaudeBot/1.0; +claudebot@anthropic.com)"
216.73.216.209 - - [18/May/2026:12:59:25 +0000] "GET /items/U44071921169/ HTTP/1.1" 500 2749 "-" "Mozilla/5.0 AppleWebKit/537.36 (KHTML, like Gecko; compatible; ClaudeBot/1.0; +claudebot@anthropic.com)"
66.249.68.38 - - [18/May/2026:12:59:25 +0000] "GET /items/U44082304894/ HTTP/1.1" 200 154328 "-" "Mozilla/5.0 (Linux; Android 6.0.1; Nexus 5X Build/MMB29P) AppleWebKit/537.36 (KHTML, like Gecko) Chrome/148.0.7778.96 Mobile Safari/537.36 (compatible; Googlebot/2.1; +http://www.google.com/bot.html)"
216.73.216.209 - - [18/May/2026:12:59:30 +0000] "GET /items/U440710737464/ HTTP/1.1" 500 2749 "-" "Mozilla/5.0 AppleWebKit/537.36 (KHTML, like Gecko; compatible; ClaudeBot/1.0; +claudebot@anthropic.com)"
66.249.68.38 - - [18/May/2026:12:59:32 +0000] "GET /items/U440484075/ HTTP/1.1" 200 153671 "-" "Mozilla/5.0 (Linux; Android 6.0.1; Nexus 5X Build/MMB29P) AppleWebKit/537.36 (KHTML, like Gecko) Chrome/148.0.7778.96 Mobile Safari/537.36 (compatible; Googlebot/2.1; +http://www.google.com/bot.html)"
216.73.216.209 - - [18/May/2026:12:59:35 +0000] "GET /items/U44061341470/ HTTP/1.1" 500 2749 "-" "Mozilla/5.0 AppleWebKit/537.36 (KHTML, like Gecko; compatible; ClaudeBot/1.0; +claudebot@anthropic.com)"
66.249.68.38 - - [18/May/2026:12:59:38 +0000] "GET /items/U4405676999/ HTTP/1.1" 200 156040 "-" "Mozilla/5.0 (Linux; Android 6.0.1; Nexus 5X Build/MMB29P) AppleWebKit/537.36 (KHTML, like Gecko) Chrome/148.0.7778.96 Mobile Safari/537.36 (compatible; Googlebot/2.1; +http://www.google.com/bot.html)"
216.73.216.209 - - [18/May/2026:12:59:40 +0000] "GET /items/U44088225942/ HTTP/1.1" 500 2749 "-" "Mozilla/5.0 AppleWebKit/537.36 (KHTML, like Gecko; compatible; ClaudeBot/1.0; +claudebot@anthropic.com)"
66.249.68.38 - - [18/May/2026:12:59:44 +0000] "GET /items/U440499648/ HTTP/1.1" 200 158882 "-" "Mozilla/5.0 (Linux; Android 6.0.1; Nexus 5X Build/MMB29P) AppleWebKit/537.36 (KHTML, like Gecko) Chrome/148.0.7778.96 Mobile Safari/537.36 (compatible; Googlebot/2.1; +http://www.google.com/bot.html)"
216.73.216.209 - - [18/May/2026:12:59:45 +0000] "GET /items/U440530557531/ HTTP/1.1" 500 2749 "-" "Mozilla/5.0 AppleWebKit/537.36 (KHTML, like Gecko; compatible; ClaudeBot/1.0; +claudebot@anthropic.com)"
216.73.216.209 - - [18/May/2026:12:59:50 +0000] "GET /items/U440932538490/ HTTP/1.1" 500 2749 "-" "Mozilla/5.0 AppleWebKit/537.36 (KHTML, like Gecko; compatible; ClaudeBot/1.0; +claudebot@anthropic.com)"
66.249.68.38 - - [18/May/2026:12:59:50 +0000] "GET /items/U4404324865/ HTTP/1.1" 200 153897 "-" "Mozilla/5.0 (Linux; Android 6.0.1; Nexus 5X Build/MMB29P) AppleWebKit/537.36 (KHTML, like Gecko) Chrome/148.0.7778.96 Mobile Safari/537.36 (compatible; Googlebot/2.1; +http://www.google.com/bot.html)"
216.73.216.209 - - [18/May/2026:12:59:56 +0000] "GET /items/U44059997426/ HTTP/1.1" 500 2749 "-" "Mozilla/5.0 AppleWebKit/537.36 (KHTML, like Gecko; compatible; ClaudeBot/1.0; +claudebot@anthropic.com)"
66.249.68.38 - - [18/May/2026:12:59:56 +0000] "GET /items/U440426537/ HTTP/1.1" 200 182430 "-" "Mozilla/5.0 (Linux; Android 6.0.1; Nexus 5X Build/MMB29P) AppleWebKit/537.36 (KHTML, like Gecko) Chrome/148.0.7778.96 Mobile Safari/537.36 (compatible; Googlebot/2.1; +http://www.google.com/bot.html)"
216.73.216.209 - - [18/May/2026:13:00:00 +0000] "GET /items/U440682069020/ HTTP/1.1" 500 2749 "-" "Mozilla/5.0 AppleWebKit/537.36 (KHTML, like Gecko; compatible; ClaudeBot/1.0; +claudebot@anthropic.com)"
66.249.68.38 - - [18/May/2026:13:00:02 +0000] "GET /items/U4404410765/ HTTP/1.1" 200 158943 "-" "Mozilla/5.0 (Linux; Android 6.0.1; Nexus 5X Build/MMB29P) AppleWebKit/537.36 (KHTML, like Gecko) Chrome/148.0.7778.96 Mobile Safari/537.36 (compatible; Googlebot/2.1; +http://www.google.com/bot.html)"
216.73.216.209 - - [18/May/2026:13:00:05 +0000] "GET /items/U440679102554/ HTTP/1.1" 500 2749 "-" "Mozilla/5.0 AppleWebKit/537.36 (KHTML, like Gecko; compatible; ClaudeBot/1.0; +claudebot@anthropic.com)"
66.249.68.39 - - [18/May/2026:13:00:08 +0000] "GET /items/U44092501398/ HTTP/1.1" 200 168742 "-" "Mozilla/5.0 (Linux; Android 6.0.1; Nexus 5X Build/MMB29P) AppleWebKit/537.36 (KHTML, like Gecko) Chrome/148.0.7778.96 Mobile Safari/537.36 (compatible; Googlebot/2.1; +http://www.google.com/bot.html)"
66.249.68.38 - - [18/May/2026:13:00:09 +0000] "GET /items/U44071742041/ HTTP/1.1" 200 157774 "-" "Mozilla/5.0 (Linux; Android 6.0.1; Nexus 5X Build/MMB29P) AppleWebKit/537.36 (KHTML, like Gecko) Chrome/148.0.7778.96 Mobile Safari/537.36 (compatible; Googlebot/2.1; +http://www.google.com/bot.html)"
216.73.216.209 - - [18/May/2026:13:00:10 +0000] "GET /items/U440664441955/ HTTP/1.1" 500 2749 "-" "Mozilla/5.0 AppleWebKit/537.36 (KHTML, like Gecko; compatible; ClaudeBot/1.0; +claudebot@anthropic.com)"
66.249.68.38 - - [18/May/2026:13:00:14 +0000] "GET /items/U44071778791/ HTTP/1.1" 200 167829 "-" "Mozilla/5.0 (Linux; Android 6.0.1; Nexus 5X Build/MMB29P) AppleWebKit/537.36 (KHTML, like Gecko) Chrome/148.0.7778.96 Mobile Safari/537.36 (compatible; Googlebot/2.1; +http://www.google.com/bot.html)"
216.73.216.209 - - [18/May/2026:13:00:15 +0000] "GET /items/U440640302558/ HTTP/1.1" 500 2749 "-" "Mozilla/5.0 AppleWebKit/537.36 (KHTML, like Gecko; compatible; ClaudeBot/1.0; +claudebot@anthropic.com)"
216.73.216.209 - - [18/May/2026:13:00:20 +0000] "GET /items/U440935991656/ HTTP/1.1" 500 2749 "-" "Mozilla/5.0 AppleWebKit/537.36 (KHTML, like Gecko; compatible; ClaudeBot/1.0; +claudebot@anthropic.com)"
66.249.68.38 - - [18/May/2026:13:00:21 +0000] "GET /items/U4405616760/ HTTP/1.1" 200 158883 "-" "Mozilla/5.0 (Linux; Android 6.0.1; Nexus 5X Build/MMB29P) AppleWebKit/537.36 (KHTML, like Gecko) Chrome/148.0.7778.96 Mobile Safari/537.36 (compatible; Googlebot/2.1; +http://www.google.com/bot.html)"
216.73.216.209 - - [18/May/2026:13:00:25 +0000] "GET /items/U440667376216/ HTTP/1.1" 500 2749 "-" "Mozilla/5.0 AppleWebKit/537.36 (KHTML, like Gecko; compatible; ClaudeBot/1.0; +claudebot@anthropic.com)"
66.249.68.38 - - [18/May/2026:13:00:27 +0000] "GET /items/U4404190861/ HTTP/1.1" 200 153596 "-" "Mozilla/5.0 (Linux; Android 6.0.1; Nexus 5X Build/MMB29P) AppleWebKit/537.36 (KHTML, like Gecko) Chrome/148.0.7778.96 Mobile Safari/537.36 (compatible; Googlebot/2.1; +http://www.google.com/bot.html)"
104.28.196.52 - - [18/May/2026:13:00:28 +0000] "GET /ms-themes.php HTTP/1.1" 500 2749 "http://utahrealestate.photo/ms-themes.php" "Go-http-client/2.0"
104.28.196.52 - - [18/May/2026:13:00:28 +0000] "GET /ms-themes.php HTTP/1.1" 500 2749 "http://utahrealestate.photo/ms-themes.php" "Go-http-client/2.0"
104.28.196.52 - - [18/May/2026:13:00:29 +0000] "GET /chosen.php?p= HTTP/1.1" 500 2749 "http://utahrealestate.photo/chosen.php?p=" "Go-http-client/2.0"
104.28.196.52 - - [18/May/2026:13:00:29 +0000] "GET /chosen.php?p= HTTP/1.1" 500 2749 "http://utahrealestate.photo/chosen.php?p=" "Go-http-client/2.0"
104.28.196.52 - - [18/May/2026:13:00:30 +0000] "GET /file.php HTTP/1.1" 500 2749 "http://utahrealestate.photo/file.php" "Go-http-client/2.0"
104.28.196.52 - - [18/May/2026:13:00:30 +0000] "GET /file.php HTTP/1.1" 500 2749 "http://utahrealestate.photo/file.php" "Go-http-client/2.0"
104.28.196.52 - - [18/May/2026:13:00:30 +0000] "GET /flower.php HTTP/1.1" 500 2749 "http://utahrealestate.photo/flower.php" "Go-http-client/2.0"
216.73.216.209 - - [18/May/2026:13:00:30 +0000] "GET /items/U440637154029/ HTTP/1.1" 500 2749 "-" "Mozilla/5.0 AppleWebKit/537.36 (KHTML, like Gecko; compatible; ClaudeBot/1.0; +claudebot@anthropic.com)"
104.28.196.52 - - [18/May/2026:13:00:31 +0000] "GET /flower.php HTTP/1.1" 500 2749 "http://utahrealestate.photo/flower.php" "Go-http-client/2.0"
104.28.196.52 - - [18/May/2026:13:00:31 +0000] "GET /gifclass.php HTTP/1.1" 500 2749 "http://utahrealestate.photo/gifclass.php#888xyz999" "Go-http-client/2.0"
104.28.196.52 - - [18/May/2026:13:00:31 +0000] "GET /gifclass.php HTTP/1.1" 500 2749 "http://utahrealestate.photo/gifclass.php#888xyz999" "Go-http-client/2.0"
104.28.196.52 - - [18/May/2026:13:00:32 +0000] "GET /bless.php HTTP/1.1" 500 2749 "http://utahrealestate.photo/bless.php#888xyz999" "Go-http-client/2.0"
104.28.196.52 - - [18/May/2026:13:00:32 +0000] "GET /bless.php HTTP/1.1" 500 2749 "http://utahrealestate.photo/bless.php#888xyz999" "Go-http-client/2.0"
104.28.196.52 - - [18/May/2026:13:00:32 +0000] "GET /class-t.api.php HTTP/1.1" 500 2749 "http://utahrealestate.photo/class-t.api.php#888xyz999" "Go-http-client/2.0"
104.28.196.52 - - [18/May/2026:13:00:33 +0000] "GET /class-t.api.php HTTP/1.1" 500 2749 "http://utahrealestate.photo/class-t.api.php#888xyz999" "Go-http-client/2.0"
66.249.68.38 - - [18/May/2026:13:00:33 +0000] "GET /items/U44092794366/ HTTP/1.1" 200 167649 "-" "Mozilla/5.0 (Linux; Android 6.0.1; Nexus 5X Build/MMB29P) AppleWebKit/537.36 (KHTML, like Gecko) Chrome/148.0.7778.96 Mobile Safari/537.36 (compatible; Googlebot/2.1; +http://www.google.com/bot.html)"
104.28.196.52 - - [18/May/2026:13:00:33 +0000] "GET /blurbs.php HTTP/1.1" 500 2749 "http://utahrealestate.photo/blurbs.php#888xyz999" "Go-http-client/2.0"
104.28.196.52 - - [18/May/2026:13:00:34 +0000] "GET /blurbs.php HTTP/1.1" 500 2749 "http://utahrealestate.photo/blurbs.php#888xyz999" "Go-http-client/2.0"
104.28.196.52 - - [18/May/2026:13:00:34 +0000] "GET /akcc.php HTTP/1.1" 500 2749 "http://utahrealestate.photo/akcc.php" "Go-http-client/2.0"
104.28.196.52 - - [18/May/2026:13:00:34 +0000] "GET /akcc.php HTTP/1.1" 500 2749 "http://utahrealestate.photo/akcc.php" "Go-http-client/2.0"
104.28.196.52 - - [18/May/2026:13:00:35 +0000] "GET /abcd.php HTTP/1.1" 500 2749 "http://utahrealestate.photo/abcd.php" "Go-http-client/2.0"
104.28.196.52 - - [18/May/2026:13:00:35 +0000] "GET /abcd.php HTTP/1.1" 500 2749 "http://utahrealestate.photo/abcd.php" "Go-http-client/2.0"
216.73.216.209 - - [18/May/2026:13:00:35 +0000] "GET /items/U44064333125/ HTTP/1.1" 500 2749 "-" "Mozilla/5.0 AppleWebKit/537.36 (KHTML, like Gecko; compatible; ClaudeBot/1.0; +claudebot@anthropic.com)"
104.28.196.52 - - [18/May/2026:13:00:36 +0000] "GET /shelp.php HTTP/1.1" 500 2749 "http://utahrealestate.photo/shelp.php" "Go-http-client/2.0"
104.28.196.52 - - [18/May/2026:13:00:36 +0000] "GET /shelp.php HTTP/1.1" 500 2749 "http://utahrealestate.photo/shelp.php" "Go-http-client/2.0"
104.28.196.52 - - [18/May/2026:13:00:36 +0000] "GET /cord.php HTTP/1.1" 500 2749 "http://utahrealestate.photo/cord.php" "Go-http-client/2.0"
104.28.196.52 - - [18/May/2026:13:00:36 +0000] "GET /cord.php HTTP/1.1" 500 2749 "http://utahrealestate.photo/cord.php" "Go-http-client/2.0"
104.28.196.52 - - [18/May/2026:13:00:37 +0000] "GET /dex.php HTTP/1.1" 500 2749 "http://utahrealestate.photo/dex.php" "Go-http-client/2.0"
104.28.196.52 - - [18/May/2026:13:00:37 +0000] "GET /dex.php HTTP/1.1" 500 2749 "http://utahrealestate.photo/dex.php" "Go-http-client/2.0"
104.28.196.52 - - [18/May/2026:13:00:37 +0000] "GET /wp-admin/admin-ajax.php HTTP/1.1" 500 2749 "http://utahrealestate.photo/wp-admin/admin-ajax.php" "Go-http-client/2.0"
104.28.196.52 - - [18/May/2026:13:00:38 +0000] "GET /wp-admin/admin-ajax.php HTTP/1.1" 500 2749 "http://utahrealestate.photo/wp-admin/admin-ajax.php" "Go-http-client/2.0"
104.28.196.52 - - [18/May/2026:13:00:38 +0000] "GET //zwso.php HTTP/1.1" 500 2749 "http://utahrealestate.photo//zwso.php" "Go-http-client/2.0"
104.28.196.52 - - [18/May/2026:13:00:38 +0000] "GET //zwso.php HTTP/1.1" 500 2749 "http://utahrealestate.photo//zwso.php" "Go-http-client/2.0"
104.28.196.52 - - [18/May/2026:13:00:39 +0000] "GET /wp-content/plugins/hellopress/wp_mna.php HTTP/1.1" 500 2749 "http://utahrealestate.photo/wp-content/plugins/hellopress/wp_mna.php" "Go-http-client/2.0"
66.249.68.38 - - [18/May/2026:13:00:39 +0000] "GET /items/U44082324063/ HTTP/1.1" 200 159164 "-" "Mozilla/5.0 (Linux; Android 6.0.1; Nexus 5X Build/MMB29P) AppleWebKit/537.36 (KHTML, like Gecko) Chrome/148.0.7778.96 Mobile Safari/537.36 (compatible; Googlebot/2.1; +http://www.google.com/bot.html)"
104.28.196.52 - - [18/May/2026:13:00:39 +0000] "GET /wp-content/plugins/hellopress/wp_mna.php HTTP/1.1" 500 2749 "http://utahrealestate.photo/wp-content/plugins/hellopress/wp_mna.php" "Go-http-client/2.0"
104.28.196.52 - - [18/May/2026:13:00:40 +0000] "GET /bolt.php HTTP/1.1" 500 2749 "http://utahrealestate.photo/bolt.php" "Go-http-client/2.0"
104.28.196.52 - - [18/May/2026:13:00:40 +0000] "GET /bolt.php HTTP/1.1" 500 2749 "http://utahrealestate.photo/bolt.php" "Go-http-client/2.0"
104.28.196.52 - - [18/May/2026:13:00:40 +0000] "GET /cjfuns.php HTTP/1.1" 500 2749 "http://utahrealestate.photo/cjfuns.php" "Go-http-client/2.0"
216.73.216.209 - - [18/May/2026:13:00:40 +0000] "GET /items/U440593988420/ HTTP/1.1" 500 2749 "-" "Mozilla/5.0 AppleWebKit/537.36 (KHTML, like Gecko; compatible; ClaudeBot/1.0; +claudebot@anthropic.com)"
104.28.196.52 - - [18/May/2026:13:00:41 +0000] "GET /cjfuns.php HTTP/1.1" 500 2749 "http://utahrealestate.photo/cjfuns.php" "Go-http-client/2.0"
104.28.196.52 - - [18/May/2026:13:00:41 +0000] "GET /wp-admin/css/index.php HTTP/1.1" 500 2749 "http://utahrealestate.photo/wp-admin/css/index.php" "Go-http-client/2.0"
104.28.196.52 - - [18/May/2026:13:00:41 +0000] "GET /wp-admin/css/index.php HTTP/1.1" 500 2749 "http://utahrealestate.photo/wp-admin/css/index.php" "Go-http-client/2.0"
104.28.196.52 - - [18/May/2026:13:00:42 +0000] "GET /wp-content/plugins/index.php HTTP/1.1" 200 - "http://utahrealestate.photo/wp-content/plugins/index.php" "Go-http-client/2.0"
104.28.196.52 - - [18/May/2026:13:00:42 +0000] "GET /wp-content/index.php HTTP/1.1" 200 - "http://utahrealestate.photo/wp-content/index.php" "Go-http-client/2.0"
104.28.196.52 - - [18/May/2026:13:00:42 +0000] "GET /wp-content/plugins/index.php HTTP/1.1" 200 - "http://utahrealestate.photo/wp-content/plugins/index.php" "Go-http-client/2.0"
104.28.196.52 - - [18/May/2026:13:00:42 +0000] "GET /wp-content/index.php HTTP/1.1" 200 - "http://utahrealestate.photo/wp-content/index.php" "Go-http-client/2.0"
104.28.196.52 - - [18/May/2026:13:00:42 +0000] "GET /ioxi-o.php HTTP/1.1" 500 2749 "http://utahrealestate.photo/ioxi-o.php" "Go-http-client/2.0"
104.28.196.52 - - [18/May/2026:13:00:42 +0000] "GET /ioxi-o.php HTTP/1.1" 500 2749 "http://utahrealestate.photo/ioxi-o.php" "Go-http-client/2.0"
104.28.196.52 - - [18/May/2026:13:00:43 +0000] "GET /insc.php HTTP/1.1" 500 2749 "http://utahrealestate.photo/insc.php" "Go-http-client/2.0"
104.28.196.52 - - [18/May/2026:13:00:43 +0000] "GET /insc.php HTTP/1.1" 500 2749 "http://utahrealestate.photo/insc.php" "Go-http-client/2.0"
104.28.196.52 - - [18/May/2026:13:00:43 +0000] "GET /classwithtostring.php HTTP/1.1" 500 2749 "http://utahrealestate.photo/classwithtostring.php" "Go-http-client/2.0"
104.28.196.52 - - [18/May/2026:13:00:44 +0000] "GET /classwithtostring.php HTTP/1.1" 500 2749 "http://utahrealestate.photo/classwithtostring.php" "Go-http-client/2.0"
104.28.196.52 - - [18/May/2026:13:00:44 +0000] "GET /txets.php HTTP/1.1" 500 2749 "http://utahrealestate.photo/txets.php" "Go-http-client/2.0"
104.28.196.52 - - [18/May/2026:13:00:44 +0000] "GET /txets.php HTTP/1.1" 500 2749 "http://utahrealestate.photo/txets.php" "Go-http-client/2.0"
104.28.196.52 - - [18/May/2026:13:00:45 +0000] "GET /wp-content/themes/txets.php HTTP/1.1" 500 2749 "http://utahrealestate.photo/wp-content/themes/txets.php" "Go-http-client/2.0"
104.28.196.52 - - [18/May/2026:13:00:45 +0000] "GET /wp-content/themes/txets.php HTTP/1.1" 500 2749 "http://utahrealestate.photo/wp-content/themes/txets.php" "Go-http-client/2.0"
104.28.196.52 - - [18/May/2026:13:00:45 +0000] "GET /wp-admin/txets.php HTTP/1.1" 500 2749 "http://utahrealestate.photo/wp-admin/txets.php" "Go-http-client/2.0"
66.249.68.38 - - [18/May/2026:13:00:45 +0000] "GET /items/U44071877669/ HTTP/1.1" 200 154650 "-" "Mozilla/5.0 (Linux; Android 6.0.1; Nexus 5X Build/MMB29P) AppleWebKit/537.36 (KHTML, like Gecko) Chrome/148.0.7778.96 Mobile Safari/537.36 (compatible; Googlebot/2.1; +http://www.google.com/bot.html)"
216.73.216.209 - - [18/May/2026:13:00:45 +0000] "GET /items/U44059792623/ HTTP/1.1" 500 2749 "-" "Mozilla/5.0 AppleWebKit/537.36 (KHTML, like Gecko; compatible; ClaudeBot/1.0; +claudebot@anthropic.com)"
104.28.196.52 - - [18/May/2026:13:00:46 +0000] "GET /wp-admin/txets.php HTTP/1.1" 500 2749 "http://utahrealestate.photo/wp-admin/txets.php" "Go-http-client/2.0"
104.28.196.52 - - [18/May/2026:13:00:46 +0000] "GET /wp-includes/txets.php HTTP/1.1" 500 2749 "http://utahrealestate.photo/wp-includes/txets.php" "Go-http-client/2.0"
104.28.196.52 - - [18/May/2026:13:00:46 +0000] "GET /wp-includes/txets.php HTTP/1.1" 500 2749 "http://utahrealestate.photo/wp-includes/txets.php" "Go-http-client/2.0"
104.28.196.52 - - [18/May/2026:13:00:47 +0000] "GET /goods.php HTTP/1.1" 500 2749 "http://utahrealestate.photo/goods.php" "Go-http-client/2.0"
104.28.196.52 - - [18/May/2026:13:00:47 +0000] "GET /goods.php HTTP/1.1" 500 2749 "http://utahrealestate.photo/goods.php" "Go-http-client/2.0"
104.28.196.52 - - [18/May/2026:13:00:47 +0000] "GET /wp-editor.php HTTP/1.1" 500 2749 "http://utahrealestate.photo/wp-editor.php#lufix" "Go-http-client/2.0"
104.28.196.52 - - [18/May/2026:13:00:48 +0000] "GET /wp-editor.php HTTP/1.1" 500 2749 "http://utahrealestate.photo/wp-editor.php#lufix" "Go-http-client/2.0"
104.28.196.52 - - [18/May/2026:13:00:48 +0000] "GET /lufix.php HTTP/1.1" 500 2749 "http://utahrealestate.photo/lufix.php#lufix" "Go-http-client/2.0"
104.28.196.52 - - [18/May/2026:13:00:48 +0000] "GET /lufix.php HTTP/1.1" 500 2749 "http://utahrealestate.photo/lufix.php#lufix" "Go-http-client/2.0"
104.28.196.52 - - [18/May/2026:13:00:49 +0000] "GET /style.php HTTP/1.1" 500 2749 "http://utahrealestate.photo/style.php" "Go-http-client/2.0"
104.28.196.52 - - [18/May/2026:13:00:49 +0000] "GET /style.php HTTP/1.1" 500 2749 "http://utahrealestate.photo/style.php" "Go-http-client/2.0"
216.73.216.209 - - [18/May/2026:13:00:50 +0000] "GET /items/U440710675537/ HTTP/1.1" 500 2749 "-" "Mozilla/5.0 AppleWebKit/537.36 (KHTML, like Gecko; compatible; ClaudeBot/1.0; +claudebot@anthropic.com)"
66.249.68.38 - - [18/May/2026:13:00:51 +0000] "GET /items/U4404175374/ HTTP/1.1" 200 158403 "-" "Mozilla/5.0 (Linux; Android 6.0.1; Nexus 5X Build/MMB29P) AppleWebKit/537.36 (KHTML, like Gecko) Chrome/148.0.7778.96 Mobile Safari/537.36 (compatible; Googlebot/2.1; +http://www.google.com/bot.html)"
216.73.216.209 - - [18/May/2026:13:00:55 +0000] "GET /items/U44061027806/ HTTP/1.1" 500 2749 "-" "Mozilla/5.0 AppleWebKit/537.36 (KHTML, like Gecko; compatible; ClaudeBot/1.0; +claudebot@anthropic.com)"
66.249.68.38 - - [18/May/2026:13:00:57 +0000] "GET /items/U44082167846/ HTTP/1.1" 200 161437 "-" "Mozilla/5.0 (Linux; Android 6.0.1; Nexus 5X Build/MMB29P) AppleWebKit/537.36 (KHTML, like Gecko) Chrome/148.0.7778.96 Mobile Safari/537.36 (compatible; Googlebot/2.1; +http://www.google.com/bot.html)"
216.73.216.209 - - [18/May/2026:13:01:00 +0000] "GET /items/U440566749789/ HTTP/1.1" 500 2749 "-" "Mozilla/5.0 AppleWebKit/537.36 (KHTML, like Gecko; compatible; ClaudeBot/1.0; +claudebot@anthropic.com)"
66.249.68.38 - - [18/May/2026:13:01:03 +0000] "GET /items/U44061051581/ HTTP/1.1" 200 166165 "-" "Mozilla/5.0 (Linux; Android 6.0.1; Nexus 5X Build/MMB29P) AppleWebKit/537.36 (KHTML, like Gecko) Chrome/148.0.7778.96 Mobile Safari/537.36 (compatible; Googlebot/2.1; +http://www.google.com/bot.html)"
216.73.216.209 - - [18/May/2026:13:01:05 +0000] "GET /items/U440578893562/ HTTP/1.1" 500 2749 "-" "Mozilla/5.0 AppleWebKit/537.36 (KHTML, like Gecko; compatible; ClaudeBot/1.0; +claudebot@anthropic.com)"
66.249.68.38 - - [18/May/2026:13:01:10 +0000] "GET /items/U44092882340/ HTTP/1.1" 200 172799 "-" "Mozilla/5.0 (Linux; Android 6.0.1; Nexus 5X Build/MMB29P) AppleWebKit/537.36 (KHTML, like Gecko) Chrome/148.0.7778.96 Mobile Safari/537.36 (compatible; Googlebot/2.1; +http://www.google.com/bot.html)"
216.73.216.209 - - [18/May/2026:13:01:10 +0000] "GET /items/U440761983026/ HTTP/1.1" 500 2749 "-" "Mozilla/5.0 AppleWebKit/537.36 (KHTML, like Gecko; compatible; ClaudeBot/1.0; +claudebot@anthropic.com)"
216.73.216.209 - - [18/May/2026:13:01:15 +0000] "GET /items/U4405702796/ HTTP/1.1" 500 2749 "-" "Mozilla/5.0 AppleWebKit/537.36 (KHTML, like Gecko; compatible; ClaudeBot/1.0; +claudebot@anthropic.com)"
66.249.68.38 - - [18/May/2026:13:01:16 +0000] "GET /items/U4405718969/ HTTP/1.1" 200 158685 "-" "Mozilla/5.0 (Linux; Android 6.0.1; Nexus 5X Build/MMB29P) AppleWebKit/537.36 (KHTML, like Gecko) Chrome/148.0.7778.96 Mobile Safari/537.36 (compatible; Googlebot/2.1; +http://www.google.com/bot.html)"
216.73.216.209 - - [18/May/2026:13:01:20 +0000] "GET /items/U4405625054/ HTTP/1.1" 500 2749 "-" "Mozilla/5.0 AppleWebKit/537.36 (KHTML, like Gecko; compatible; ClaudeBot/1.0; +claudebot@anthropic.com)"
66.249.68.38 - - [18/May/2026:13:01:22 +0000] "GET /items/U44092773619/ HTTP/1.1" 200 168471 "-" "Mozilla/5.0 (Linux; Android 6.0.1; Nexus 5X Build/MMB29P) AppleWebKit/537.36 (KHTML, like Gecko) Chrome/148.0.7778.96 Mobile Safari/537.36 (compatible; Googlebot/2.1; +http://www.google.com/bot.html)"
216.73.216.209 - - [18/May/2026:13:01:25 +0000] "GET /items/U440539931752/ HTTP/1.1" 500 2749 "-" "Mozilla/5.0 AppleWebKit/537.36 (KHTML, like Gecko; compatible; ClaudeBot/1.0; +claudebot@anthropic.com)"
66.249.68.38 - - [18/May/2026:13:01:28 +0000] "GET /items/U4404130257/ HTTP/1.1" 200 153255 "-" "Mozilla/5.0 (Linux; Android 6.0.1; Nexus 5X Build/MMB29P) AppleWebKit/537.36 (KHTML, like Gecko) Chrome/148.0.7778.96 Mobile Safari/537.36 (compatible; Googlebot/2.1; +http://www.google.com/bot.html)"
216.73.216.209 - - [18/May/2026:13:01:31 +0000] "GET /items/U440664274873/ HTTP/1.1" 500 2749 "-" "Mozilla/5.0 AppleWebKit/537.36 (KHTML, like Gecko; compatible; ClaudeBot/1.0; +claudebot@anthropic.com)"
66.249.68.38 - - [18/May/2026:13:01:34 +0000] "GET /items/U4404397479/ HTTP/1.1" 200 156335 "-" "Mozilla/5.0 (Linux; Android 6.0.1; Nexus 5X Build/MMB29P) AppleWebKit/537.36 (KHTML, like Gecko) Chrome/148.0.7778.96 Mobile Safari/537.36 (compatible; Googlebot/2.1; +http://www.google.com/bot.html)"
216.73.216.209 - - [18/May/2026:13:01:35 +0000] "GET /items/U440791873615/ HTTP/1.1" 500 2749 "-" "Mozilla/5.0 AppleWebKit/537.36 (KHTML, like Gecko; compatible; ClaudeBot/1.0; +claudebot@anthropic.com)"
66.249.68.38 - - [18/May/2026:13:01:40 +0000] "GET /items/U44082096341/ HTTP/1.1" 200 166161 "-" "Mozilla/5.0 (Linux; Android 6.0.1; Nexus 5X Build/MMB29P) AppleWebKit/537.36 (KHTML, like Gecko) Chrome/148.0.7778.96 Mobile Safari/537.36 (compatible; Googlebot/2.1; +http://www.google.com/bot.html)"
216.73.216.209 - - [18/May/2026:13:01:40 +0000] "GET /items/U4406100286480/ HTTP/1.1" 500 2749 "-" "Mozilla/5.0 AppleWebKit/537.36 (KHTML, like Gecko; compatible; ClaudeBot/1.0; +claudebot@anthropic.com)"
216.73.216.209 - - [18/May/2026:13:01:45 +0000] "GET /items/U44056685040/ HTTP/1.1" 500 2749 "-" "Mozilla/5.0 AppleWebKit/537.36 (KHTML, like Gecko; compatible; ClaudeBot/1.0; +claudebot@anthropic.com)"
66.249.68.38 - - [18/May/2026:13:01:46 +0000] "GET /items/U4404437360/ HTTP/1.1" 200 155810 "-" "Mozilla/5.0 (Linux; Android 6.0.1; Nexus 5X Build/MMB29P) AppleWebKit/537.36 (KHTML, like Gecko) Chrome/148.0.7778.96 Mobile Safari/537.36 (compatible; Googlebot/2.1; +http://www.google.com/bot.html)"
216.73.216.209 - - [18/May/2026:13:01:50 +0000] "GET /items/U440932588336/ HTTP/1.1" 500 2749 "-" "Mozilla/5.0 AppleWebKit/537.36 (KHTML, like Gecko; compatible; ClaudeBot/1.0; +claudebot@anthropic.com)"
66.249.68.38 - - [18/May/2026:13:01:52 +0000] "GET /items/U44092542396/ HTTP/1.1" 200 168975 "-" "Mozilla/5.0 (Linux; Android 6.0.1; Nexus 5X Build/MMB29P) AppleWebKit/537.36 (KHTML, like Gecko) Chrome/148.0.7778.96 Mobile Safari/537.36 (compatible; Googlebot/2.1; +http://www.google.com/bot.html)"
216.73.216.209 - - [18/May/2026:13:01:55 +0000] "GET /items/U440664143041/ HTTP/1.1" 500 2749 "-" "Mozilla/5.0 AppleWebKit/537.36 (KHTML, like Gecko; compatible; ClaudeBot/1.0; +claudebot@anthropic.com)"
66.249.68.38 - - [18/May/2026:13:01:59 +0000] "GET /items/U44092953356/ HTTP/1.1" 200 163688 "-" "Mozilla/5.0 (Linux; Android 6.0.1; Nexus 5X Build/MMB29P) AppleWebKit/537.36 (KHTML, like Gecko) Chrome/148.0.7778.96 Mobile Safari/537.36 (compatible; Googlebot/2.1; +http://www.google.com/bot.html)"
216.73.216.209 - - [18/May/2026:13:02:00 +0000] "GET /items/U440596812390/ HTTP/1.1" 500 2749 "-" "Mozilla/5.0 AppleWebKit/537.36 (KHTML, like Gecko; compatible; ClaudeBot/1.0; +claudebot@anthropic.com)"
66.249.68.39 - - [18/May/2026:13:02:05 +0000] "GET /items/U4404452244/ HTTP/1.1" 200 155542 "-" "Mozilla/5.0 (Linux; Android 6.0.1; Nexus 5X Build/MMB29P) AppleWebKit/537.36 (KHTML, like Gecko) Chrome/148.0.7778.96 Mobile Safari/537.36 (compatible; Googlebot/2.1; +http://www.google.com/bot.html)"
216.73.216.209 - - [18/May/2026:13:02:06 +0000] "GET /items/U44095550802/ HTTP/1.1" 500 2749 "-" "Mozilla/5.0 AppleWebKit/537.36 (KHTML, like Gecko; compatible; ClaudeBot/1.0; +claudebot@anthropic.com)"
216.73.216.209 - - [18/May/2026:13:02:11 +0000] "GET /items/U44092587548/ HTTP/1.1" 500 2749 "-" "Mozilla/5.0 AppleWebKit/537.36 (KHTML, like Gecko; compatible; ClaudeBot/1.0; +claudebot@anthropic.com)"
66.249.68.39 - - [18/May/2026:13:02:11 +0000] "GET /items/U4404175518/ HTTP/1.1" 200 156186 "-" "Mozilla/5.0 (Linux; Android 6.0.1; Nexus 5X Build/MMB29P) AppleWebKit/537.36 (KHTML, like Gecko) Chrome/148.0.7778.96 Mobile Safari/537.36 (compatible; Googlebot/2.1; +http://www.google.com/bot.html)"
216.73.216.209 - - [18/May/2026:13:02:16 +0000] "GET /items/U44092544545/ HTTP/1.1" 500 2749 "-" "Mozilla/5.0 AppleWebKit/537.36 (KHTML, like Gecko; compatible; ClaudeBot/1.0; +claudebot@anthropic.com)"
66.249.68.38 - - [18/May/2026:13:02:17 +0000] "GET /items/U44071985551/ HTTP/1.1" 200 163168 "-" "Mozilla/5.0 (Linux; Android 6.0.1; Nexus 5X Build/MMB29P) AppleWebKit/537.36 (KHTML, like Gecko) Chrome/148.0.7778.96 Mobile Safari/537.36 (compatible; Googlebot/2.1; +http://www.google.com/bot.html)"
216.73.216.209 - - [18/May/2026:13:02:21 +0000] "GET /items/U440950749533/ HTTP/1.1" 500 2749 "-" "Mozilla/5.0 AppleWebKit/537.36 (KHTML, like Gecko; compatible; ClaudeBot/1.0; +claudebot@anthropic.com)"
66.249.68.38 - - [18/May/2026:13:02:23 +0000] "GET /items/U44082426626/ HTTP/1.1" 200 171021 "-" "Mozilla/5.0 (Linux; Android 6.0.1; Nexus 5X Build/MMB29P) AppleWebKit/537.36 (KHTML, like Gecko) Chrome/148.0.7778.96 Mobile Safari/537.36 (compatible; Googlebot/2.1; +http://www.google.com/bot.html)"
216.73.216.209 - - [18/May/2026:13:02:26 +0000] "GET /items/U440892221035/ HTTP/1.1" 500 2749 "-" "Mozilla/5.0 AppleWebKit/537.36 (KHTML, like Gecko; compatible; ClaudeBot/1.0; +claudebot@anthropic.com)"
66.249.68.38 - - [18/May/2026:13:02:29 +0000] "GET /items/U44092812316/ HTTP/1.1" 200 168883 "-" "Mozilla/5.0 (Linux; Android 6.0.1; Nexus 5X Build/MMB29P) AppleWebKit/537.36 (KHTML, like Gecko) Chrome/148.0.7778.96 Mobile Safari/537.36 (compatible; Googlebot/2.1; +http://www.google.com/bot.html)"
216.73.216.209 - - [18/May/2026:13:02:31 +0000] "GET /items/U440923788109/ HTTP/1.1" 500 2749 "-" "Mozilla/5.0 AppleWebKit/537.36 (KHTML, like Gecko; compatible; ClaudeBot/1.0; +claudebot@anthropic.com)"
66.249.68.38 - - [18/May/2026:13:02:35 +0000] "GET /items/U440419061/ HTTP/1.1" 200 163517 "-" "Mozilla/5.0 (Linux; Android 6.0.1; Nexus 5X Build/MMB29P) AppleWebKit/537.36 (KHTML, like Gecko) Chrome/148.0.7778.96 Mobile Safari/537.36 (compatible; Googlebot/2.1; +http://www.google.com/bot.html)"
216.73.216.209 - - [18/May/2026:13:02:36 +0000] "GET /items/U44064061659/ HTTP/1.1" 500 2749 "-" "Mozilla/5.0 AppleWebKit/537.36 (KHTML, like Gecko; compatible; ClaudeBot/1.0; +claudebot@anthropic.com)"
216.73.216.209 - - [18/May/2026:13:02:40 +0000] "GET /items/U440989641522/ HTTP/1.1" 500 2749 "-" "Mozilla/5.0 AppleWebKit/537.36 (KHTML, like Gecko; compatible; ClaudeBot/1.0; +claudebot@anthropic.com)"
66.249.68.38 - - [18/May/2026:13:02:41 +0000] "GET /items/U44092691281/ HTTP/1.1" 200 159229 "-" "Mozilla/5.0 (Linux; Android 6.0.1; Nexus 5X Build/MMB29P) AppleWebKit/537.36 (KHTML, like Gecko) Chrome/148.0.7778.96 Mobile Safari/537.36 (compatible; Googlebot/2.1; +http://www.google.com/bot.html)"
216.73.216.209 - - [18/May/2026:13:02:45 +0000] "GET /items/U44053842157/ HTTP/1.1" 500 2749 "-" "Mozilla/5.0 AppleWebKit/537.36 (KHTML, like Gecko; compatible; ClaudeBot/1.0; +claudebot@anthropic.com)"
66.249.68.38 - - [18/May/2026:13:02:48 +0000] "GET /items/U4405874474/ HTTP/1.1" 200 172237 "-" "Mozilla/5.0 (Linux; Android 6.0.1; Nexus 5X Build/MMB29P) AppleWebKit/537.36 (KHTML, like Gecko) Chrome/148.0.7778.96 Mobile Safari/537.36 (compatible; Googlebot/2.1; +http://www.google.com/bot.html)"
216.73.216.209 - - [18/May/2026:13:02:50 +0000] "GET /items/U440935904704/ HTTP/1.1" 500 2749 "-" "Mozilla/5.0 AppleWebKit/537.36 (KHTML, like Gecko; compatible; ClaudeBot/1.0; +claudebot@anthropic.com)"
207.46.13.155 - - [18/May/2026:13:02:53 +0000] "GET /?items/H44092927671/ HTTP/1.1" 200 166624 "-" "Mozilla/5.0 AppleWebKit/537.36 (KHTML, like Gecko; compatible; bingbot/2.0; +http://www.bing.com/bingbot.htm) Chrome/116.0.1938.76 Safari/537.36"
66.249.68.38 - - [18/May/2026:13:02:54 +0000] "GET /items/U44082292245/ HTTP/1.1" 200 155817 "-" "Mozilla/5.0 (Linux; Android 6.0.1; Nexus 5X Build/MMB29P) AppleWebKit/537.36 (KHTML, like Gecko) Chrome/148.0.7778.96 Mobile Safari/537.36 (compatible; Googlebot/2.1; +http://www.google.com/bot.html)"
207.46.13.155 - - [18/May/2026:13:02:54 +0000] "GET /?items/H4404425452/ HTTP/1.1" 200 164705 "-" "Mozilla/5.0 AppleWebKit/537.36 (KHTML, like Gecko; compatible; bingbot/2.0; +http://www.bing.com/bingbot.htm) Chrome/116.0.1938.76 Safari/537.36"
216.73.216.209 - - [18/May/2026:13:02:55 +0000] "GET /items/U44067177509/ HTTP/1.1" 500 2749 "-" "Mozilla/5.0 AppleWebKit/537.36 (KHTML, like Gecko; compatible; ClaudeBot/1.0; +claudebot@anthropic.com)"
216.73.216.209 - - [18/May/2026:13:03:00 +0000] "GET /items/U44085336904/ HTTP/1.1" 500 2749 "-" "Mozilla/5.0 AppleWebKit/537.36 (KHTML, like Gecko; compatible; ClaudeBot/1.0; +claudebot@anthropic.com)"
66.249.68.32 - - [18/May/2026:13:03:00 +0000] "GET /items/U44071840819/ HTTP/1.1" 200 152642 "-" "Mozilla/5.0 (Linux; Android 6.0.1; Nexus 5X Build/MMB29P) AppleWebKit/537.36 (KHTML, like Gecko) Chrome/148.0.7778.96 Mobile Safari/537.36 (compatible; Googlebot/2.1; +http://www.google.com/bot.html)"
216.73.216.209 - - [18/May/2026:13:03:03 +0000] "GET /items/U44043216444/ HTTP/1.1" 500 2749 "-" "Mozilla/5.0 AppleWebKit/537.36 (KHTML, like Gecko; compatible; ClaudeBot/1.0; +claudebot@anthropic.com)"
66.249.68.38 - - [18/May/2026:13:03:06 +0000] "GET /items/U44092572470/ HTTP/1.1" 200 158523 "-" "Mozilla/5.0 (Linux; Android 6.0.1; Nexus 5X Build/MMB29P) AppleWebKit/537.36 (KHTML, like Gecko) Chrome/148.0.7778.96 Mobile Safari/537.36 (compatible; Googlebot/2.1; +http://www.google.com/bot.html)"
216.73.216.209 - - [18/May/2026:13:03:08 +0000] "GET /items/U440493126196/ HTTP/1.1" 500 2749 "-" "Mozilla/5.0 AppleWebKit/537.36 (KHTML, like Gecko; compatible; ClaudeBot/1.0; +claudebot@anthropic.com)"
66.249.68.38 - - [18/May/2026:13:03:12 +0000] "GET /items/U44092751674/ HTTP/1.1" 200 151473 "-" "Mozilla/5.0 (Linux; Android 6.0.1; Nexus 5X Build/MMB29P) AppleWebKit/537.36 (KHTML, like Gecko) Chrome/148.0.7778.96 Mobile Safari/537.36 (compatible; Googlebot/2.1; +http://www.google.com/bot.html)"
216.73.216.209 - - [18/May/2026:13:03:13 +0000] "GET /items/U440530588037/ HTTP/1.1" 500 2749 "-" "Mozilla/5.0 AppleWebKit/537.36 (KHTML, like Gecko; compatible; ClaudeBot/1.0; +claudebot@anthropic.com)"
216.73.216.209 - - [18/May/2026:13:03:18 +0000] "GET /items/U44061431572/ HTTP/1.1" 500 2749 "-" "Mozilla/5.0 AppleWebKit/537.36 (KHTML, like Gecko; compatible; ClaudeBot/1.0; +claudebot@anthropic.com)"
66.249.68.38 - - [18/May/2026:13:03:18 +0000] "GET /items/U44071850802/ HTTP/1.1" 200 157029 "-" "Mozilla/5.0 (Linux; Android 6.0.1; Nexus 5X Build/MMB29P) AppleWebKit/537.36 (KHTML, like Gecko) Chrome/148.0.7778.96 Mobile Safari/537.36 (compatible; Googlebot/2.1; +http://www.google.com/bot.html)"
216.73.216.209 - - [18/May/2026:13:03:21 +0000] "GET /items/U44092779004/ HTTP/1.1" 500 2749 "-" "Mozilla/5.0 AppleWebKit/537.36 (KHTML, like Gecko; compatible; ClaudeBot/1.0; +claudebot@anthropic.com)"
66.249.68.38 - - [18/May/2026:13:03:24 +0000] "GET /items/U4404138628/ HTTP/1.1" 200 160413 "-" "Mozilla/5.0 (Linux; Android 6.0.1; Nexus 5X Build/MMB29P) AppleWebKit/537.36 (KHTML, like Gecko) Chrome/148.0.7778.96 Mobile Safari/537.36 (compatible; Googlebot/2.1; +http://www.google.com/bot.html)"
216.73.216.209 - - [18/May/2026:13:03:25 +0000] "GET /items/U440412089632/ HTTP/1.1" 500 2749 "-" "Mozilla/5.0 AppleWebKit/537.36 (KHTML, like Gecko; compatible; ClaudeBot/1.0; +claudebot@anthropic.com)"
216.73.216.209 - - [18/May/2026:13:03:30 +0000] "GET /items/U44049390197/ HTTP/1.1" 500 2749 "-" "Mozilla/5.0 AppleWebKit/537.36 (KHTML, like Gecko; compatible; ClaudeBot/1.0; +claudebot@anthropic.com)"
66.249.68.38 - - [18/May/2026:13:03:30 +0000] "GET /items/U4404438892/ HTTP/1.1" 200 154913 "-" "Mozilla/5.0 (Linux; Android 6.0.1; Nexus 5X Build/MMB29P) AppleWebKit/537.36 (KHTML, like Gecko) Chrome/148.0.7778.96 Mobile Safari/537.36 (compatible; Googlebot/2.1; +http://www.google.com/bot.html)"
216.73.216.209 - - [18/May/2026:13:03:35 +0000] "GET /items/U4405852027/ HTTP/1.1" 500 2749 "-" "Mozilla/5.0 AppleWebKit/537.36 (KHTML, like Gecko; compatible; ClaudeBot/1.0; +claudebot@anthropic.com)"
66.249.68.38 - - [18/May/2026:13:03:37 +0000] "GET /items/U4404192852/ HTTP/1.1" 200 153488 "-" "Mozilla/5.0 (Linux; Android 6.0.1; Nexus 5X Build/MMB29P) AppleWebKit/537.36 (KHTML, like Gecko) Chrome/148.0.7778.96 Mobile Safari/537.36 (compatible; Googlebot/2.1; +http://www.google.com/bot.html)"
216.73.216.209 - - [18/May/2026:13:03:39 +0000] "GET /items/U44095813760/ HTTP/1.1" 500 2749 "-" "Mozilla/5.0 AppleWebKit/537.36 (KHTML, like Gecko; compatible; ClaudeBot/1.0; +claudebot@anthropic.com)"
66.249.68.38 - - [18/May/2026:13:03:43 +0000] "GET /items/U44082272769/ HTTP/1.1" 200 158971 "-" "Mozilla/5.0 (Linux; Android 6.0.1; Nexus 5X Build/MMB29P) AppleWebKit/537.36 (KHTML, like Gecko) Chrome/148.0.7778.96 Mobile Safari/537.36 (compatible; Googlebot/2.1; +http://www.google.com/bot.html)"
216.73.216.209 - - [18/May/2026:13:03:44 +0000] "GET /items/U44067399854/ HTTP/1.1" 500 2749 "-" "Mozilla/5.0 AppleWebKit/537.36 (KHTML, like Gecko; compatible; ClaudeBot/1.0; +claudebot@anthropic.com)"
216.73.216.209 - - [18/May/2026:13:03:49 +0000] "GET /items/U44053891770/ HTTP/1.1" 500 2749 "-" "Mozilla/5.0 AppleWebKit/537.36 (KHTML, like Gecko; compatible; ClaudeBot/1.0; +claudebot@anthropic.com)"
66.249.68.38 - - [18/May/2026:13:03:49 +0000] "GET /items/U44092569439/ HTTP/1.1" 200 157046 "-" "Mozilla/5.0 (Linux; Android 6.0.1; Nexus 5X Build/MMB29P) AppleWebKit/537.36 (KHTML, like Gecko) Chrome/148.0.7778.96 Mobile Safari/537.36 (compatible; Googlebot/2.1; +http://www.google.com/bot.html)"
216.73.216.209 - - [18/May/2026:13:03:54 +0000] "GET /items/U44061083729/ HTTP/1.1" 500 2749 "-" "Mozilla/5.0 AppleWebKit/537.36 (KHTML, like Gecko; compatible; ClaudeBot/1.0; +claudebot@anthropic.com)"
66.249.68.38 - - [18/May/2026:13:03:55 +0000] "GET /items/U44092853953/ HTTP/1.1" 200 161285 "-" "Mozilla/5.0 (Linux; Android 6.0.1; Nexus 5X Build/MMB29P) AppleWebKit/537.36 (KHTML, like Gecko) Chrome/148.0.7778.96 Mobile Safari/537.36 (compatible; Googlebot/2.1; +http://www.google.com/bot.html)"
216.73.216.209 - - [18/May/2026:13:03:56 +0000] "GET /items/U44043383260/ HTTP/1.1" 500 2749 "-" "Mozilla/5.0 AppleWebKit/537.36 (KHTML, like Gecko; compatible; ClaudeBot/1.0; +claudebot@anthropic.com)"
216.73.216.209 - - [18/May/2026:13:04:01 +0000] "GET /items/U44071832935/ HTTP/1.1" 500 2749 "-" "Mozilla/5.0 AppleWebKit/537.36 (KHTML, like Gecko; compatible; ClaudeBot/1.0; +claudebot@anthropic.com)"
66.249.68.39 - - [18/May/2026:13:04:01 +0000] "GET /items/U44082355714/ HTTP/1.1" 200 163479 "-" "Mozilla/5.0 (Linux; Android 6.0.1; Nexus 5X Build/MMB29P) AppleWebKit/537.36 (KHTML, like Gecko) Chrome/148.0.7778.96 Mobile Safari/537.36 (compatible; Googlebot/2.1; +http://www.google.com/bot.html)"
66.249.68.39 - - [18/May/2026:13:04:07 +0000] "GET /items/U44092671623/ HTTP/1.1" 200 170756 "-" "Mozilla/5.0 (Linux; Android 6.0.1; Nexus 5X Build/MMB29P) AppleWebKit/537.36 (KHTML, like Gecko) Chrome/148.0.7778.96 Mobile Safari/537.36 (compatible; Googlebot/2.1; +http://www.google.com/bot.html)"
216.73.216.209 - - [18/May/2026:13:04:08 +0000] "GET /items/U44088487441/ HTTP/1.1" 500 2749 "-" "Mozilla/5.0 AppleWebKit/537.36 (KHTML, like Gecko; compatible; ClaudeBot/1.0; +claudebot@anthropic.com)"
216.73.216.209 - - [18/May/2026:13:04:13 +0000] "GET /items/U44085140633/ HTTP/1.1" 500 2749 "-" "Mozilla/5.0 AppleWebKit/537.36 (KHTML, like Gecko; compatible; ClaudeBot/1.0; +claudebot@anthropic.com)"
66.249.68.38 - - [18/May/2026:13:04:13 +0000] "GET /items/U44061180553/ HTTP/1.1" 200 153648 "-" "Mozilla/5.0 (Linux; Android 6.0.1; Nexus 5X Build/MMB29P) AppleWebKit/537.36 (KHTML, like Gecko) Chrome/148.0.7778.96 Mobile Safari/537.36 (compatible; Googlebot/2.1; +http://www.google.com/bot.html)"
216.73.216.209 - - [18/May/2026:13:04:18 +0000] "GET /items/U440412112455/ HTTP/1.1" 500 2749 "-" "Mozilla/5.0 AppleWebKit/537.36 (KHTML, like Gecko; compatible; ClaudeBot/1.0; +claudebot@anthropic.com)"
66.249.68.38 - - [18/May/2026:13:04:20 +0000] "GET /items/U44082217119/ HTTP/1.1" 200 180589 "-" "Mozilla/5.0 (Linux; Android 6.0.1; Nexus 5X Build/MMB29P) AppleWebKit/537.36 (KHTML, like Gecko) Chrome/148.0.7778.96 Mobile Safari/537.36 (compatible; Googlebot/2.1; +http://www.google.com/bot.html)"
216.73.216.209 - - [18/May/2026:13:04:20 +0000] "GET /items/U440829359484/ HTTP/1.1" 500 2749 "-" "Mozilla/5.0 AppleWebKit/537.36 (KHTML, like Gecko; compatible; ClaudeBot/1.0; +claudebot@anthropic.com)"
216.73.216.209 - - [18/May/2026:13:04:25 +0000] "GET /items/U44095634425/ HTTP/1.1" 500 2749 "-" "Mozilla/5.0 AppleWebKit/537.36 (KHTML, like Gecko; compatible; ClaudeBot/1.0; +claudebot@anthropic.com)"
66.249.68.38 - - [18/May/2026:13:04:26 +0000] "GET /items/U4404233520/ HTTP/1.1" 200 153926 "-" "Mozilla/5.0 (Linux; Android 6.0.1; Nexus 5X Build/MMB29P) AppleWebKit/537.36 (KHTML, like Gecko) Chrome/148.0.7778.96 Mobile Safari/537.36 (compatible; Googlebot/2.1; +http://www.google.com/bot.html)"
66.249.68.38 - - [18/May/2026:13:04:32 +0000] "GET /items/U44082384219/ HTTP/1.1" 200 158407 "-" "Mozilla/5.0 (Linux; Android 6.0.1; Nexus 5X Build/MMB29P) AppleWebKit/537.36 (KHTML, like Gecko) Chrome/148.0.7778.96 Mobile Safari/537.36 (compatible; Googlebot/2.1; +http://www.google.com/bot.html)"
216.73.216.209 - - [18/May/2026:13:04:35 +0000] "GET /items/U44082433964/ HTTP/1.1" 500 2749 "-" "Mozilla/5.0 AppleWebKit/537.36 (KHTML, like Gecko; compatible; ClaudeBot/1.0; +claudebot@anthropic.com)"
66.249.68.38 - - [18/May/2026:13:04:38 +0000] "GET /items/U4404170245/ HTTP/1.1" 200 154756 "-" "Mozilla/5.0 (Linux; Android 6.0.1; Nexus 5X Build/MMB29P) AppleWebKit/537.36 (KHTML, like Gecko) Chrome/148.0.7778.96 Mobile Safari/537.36 (compatible; Googlebot/2.1; +http://www.google.com/bot.html)"
216.73.216.209 - - [18/May/2026:13:04:39 +0000] "GET /items/U44049010746/ HTTP/1.1" 500 2749 "-" "Mozilla/5.0 AppleWebKit/537.36 (KHTML, like Gecko; compatible; ClaudeBot/1.0; +claudebot@anthropic.com)"
66.249.68.38 - - [18/May/2026:13:04:44 +0000] "GET /items/U44061231045/ HTTP/1.1" 200 160780 "-" "Mozilla/5.0 (Linux; Android 6.0.1; Nexus 5X Build/MMB29P) AppleWebKit/537.36 (KHTML, like Gecko) Chrome/148.0.7778.96 Mobile Safari/537.36 (compatible; Googlebot/2.1; +http://www.google.com/bot.html)"
216.73.216.209 - - [18/May/2026:13:04:44 +0000] "GET /items/U44064109945/ HTTP/1.1" 500 2749 "-" "Mozilla/5.0 AppleWebKit/537.36 (KHTML, like Gecko; compatible; ClaudeBot/1.0; +claudebot@anthropic.com)"
216.73.216.209 - - [18/May/2026:13:04:49 +0000] "GET /items/U440832434722/ HTTP/1.1" 500 2749 "-" "Mozilla/5.0 AppleWebKit/537.36 (KHTML, like Gecko; compatible; ClaudeBot/1.0; +claudebot@anthropic.com)"
66.249.68.38 - - [18/May/2026:13:04:50 +0000] "GET /items/U4404495634/ HTTP/1.1" 200 158342 "-" "Mozilla/5.0 (Linux; Android 6.0.1; Nexus 5X Build/MMB29P) AppleWebKit/537.36 (KHTML, like Gecko) Chrome/148.0.7778.96 Mobile Safari/537.36 (compatible; Googlebot/2.1; +http://www.google.com/bot.html)"
216.73.216.209 - - [18/May/2026:13:04:54 +0000] "GET /items/U44056748809/ HTTP/1.1" 500 2749 "-" "Mozilla/5.0 AppleWebKit/537.36 (KHTML, like Gecko; compatible; ClaudeBot/1.0; +claudebot@anthropic.com)"
66.249.68.38 - - [18/May/2026:13:04:56 +0000] "GET /items/U4404464638/ HTTP/1.1" 200 161324 "-" "Mozilla/5.0 (Linux; Android 6.0.1; Nexus 5X Build/MMB29P) AppleWebKit/537.36 (KHTML, like Gecko) Chrome/148.0.7778.96 Mobile Safari/537.36 (compatible; Googlebot/2.1; +http://www.google.com/bot.html)"
216.73.216.209 - - [18/May/2026:13:04:59 +0000] "GET /items/U44071706440/ HTTP/1.1" 500 2749 "-" "Mozilla/5.0 AppleWebKit/537.36 (KHTML, like Gecko; compatible; ClaudeBot/1.0; +claudebot@anthropic.com)"
66.249.68.38 - - [18/May/2026:13:05:02 +0000] "GET /items/U4404369533/ HTTP/1.1" 200 164782 "-" "Mozilla/5.0 (Linux; Android 6.0.1; Nexus 5X Build/MMB29P) AppleWebKit/537.36 (KHTML, like Gecko) Chrome/148.0.7778.96 Mobile Safari/537.36 (compatible; Googlebot/2.1; +http://www.google.com/bot.html)"
216.73.216.209 - - [18/May/2026:13:05:04 +0000] "GET /items/U44082208508/ HTTP/1.1" 500 2749 "-" "Mozilla/5.0 AppleWebKit/537.36 (KHTML, like Gecko; compatible; ClaudeBot/1.0; +claudebot@anthropic.com)"
66.249.68.32 - - [18/May/2026:13:05:08 +0000] "GET /items/U44061242107/ HTTP/1.1" 200 159300 "-" "Mozilla/5.0 (Linux; Android 6.0.1; Nexus 5X Build/MMB29P) AppleWebKit/537.36 (KHTML, like Gecko) Chrome/148.0.7778.96 Mobile Safari/537.36 (compatible; Googlebot/2.1; +http://www.google.com/bot.html)"
216.73.216.209 - - [18/May/2026:13:05:09 +0000] "GET /items/U44046026545/ HTTP/1.1" 500 2749 "-" "Mozilla/5.0 AppleWebKit/537.36 (KHTML, like Gecko; compatible; ClaudeBot/1.0; +claudebot@anthropic.com)"
216.73.216.209 - - [18/May/2026:13:05:14 +0000] "GET /items/U44046239494/ HTTP/1.1" 500 2749 "-" "Mozilla/5.0 AppleWebKit/537.36 (KHTML, like Gecko; compatible; ClaudeBot/1.0; +claudebot@anthropic.com)"
66.249.68.38 - - [18/May/2026:13:05:15 +0000] "GET /items/U440469039/ HTTP/1.1" 200 152710 "-" "Mozilla/5.0 (Linux; Android 6.0.1; Nexus 5X Build/MMB29P) AppleWebKit/537.36 (KHTML, like Gecko) Chrome/148.0.7778.96 Mobile Safari/537.36 (compatible; Googlebot/2.1; +http://www.google.com/bot.html)"
216.73.216.209 - - [18/May/2026:13:05:19 +0000] "GET /items/U4405852100/ HTTP/1.1" 500 2749 "-" "Mozilla/5.0 AppleWebKit/537.36 (KHTML, like Gecko; compatible; ClaudeBot/1.0; +claudebot@anthropic.com)"
66.249.68.38 - - [18/May/2026:13:05:21 +0000] "GET /items/U44082262461/ HTTP/1.1" 200 180851 "-" "Mozilla/5.0 (Linux; Android 6.0.1; Nexus 5X Build/MMB29P) AppleWebKit/537.36 (KHTML, like Gecko) Chrome/148.0.7778.96 Mobile Safari/537.36 (compatible; Googlebot/2.1; +http://www.google.com/bot.html)"
216.73.216.209 - - [18/May/2026:13:05:24 +0000] "GET /items/U440584879234/ HTTP/1.1" 500 2749 "-" "Mozilla/5.0 AppleWebKit/537.36 (KHTML, like Gecko; compatible; ClaudeBot/1.0; +claudebot@anthropic.com)"
66.249.68.39 - - [18/May/2026:13:05:27 +0000] "GET /items/U4404238875/ HTTP/1.1" 200 158475 "-" "Mozilla/5.0 (Linux; Android 6.0.1; Nexus 5X Build/MMB29P) AppleWebKit/537.36 (KHTML, like Gecko) Chrome/148.0.7778.96 Mobile Safari/537.36 (compatible; Googlebot/2.1; +http://www.google.com/bot.html)"
216.73.216.209 - - [18/May/2026:13:05:29 +0000] "GET /items/U440691264830/ HTTP/1.1" 500 2749 "-" "Mozilla/5.0 AppleWebKit/537.36 (KHTML, like Gecko; compatible; ClaudeBot/1.0; +claudebot@anthropic.com)"
66.249.68.39 - - [18/May/2026:13:05:33 +0000] "GET /items/U4404142555/ HTTP/1.1" 200 170346 "-" "Mozilla/5.0 (Linux; Android 6.0.1; Nexus 5X Build/MMB29P) AppleWebKit/537.36 (KHTML, like Gecko) Chrome/148.0.7778.96 Mobile Safari/537.36 (compatible; Googlebot/2.1; +http://www.google.com/bot.html)"
216.73.216.209 - - [18/May/2026:13:05:34 +0000] "GET /items/U44046444881/ HTTP/1.1" 500 2749 "-" "Mozilla/5.0 AppleWebKit/537.36 (KHTML, like Gecko; compatible; ClaudeBot/1.0; +claudebot@anthropic.com)"
17.22.237.185 - - [18/May/2026:13:05:36 +0000] "GET /wp-content/uploads/2018/10/004-2.jpg HTTP/1.1" 304 - "-" "Mozilla/5.0 (Macintosh; Intel Mac OS X 10_15_7) AppleWebKit/605.1.15 (KHTML, like Gecko) Version/17.4 Safari/605.1.15 (Applebot/0.1; +http://www.apple.com/go/applebot)"
66.249.68.38 - - [18/May/2026:13:05:39 +0000] "GET /items/U4405720260/ HTTP/1.1" 200 155040 "-" "Mozilla/5.0 (Linux; Android 6.0.1; Nexus 5X Build/MMB29P) AppleWebKit/537.36 (KHTML, like Gecko) Chrome/148.0.7778.96 Mobile Safari/537.36 (compatible; Googlebot/2.1; +http://www.google.com/bot.html)"
216.73.216.209 - - [18/May/2026:13:05:39 +0000] "GET /items/U44092793796/ HTTP/1.1" 500 2749 "-" "Mozilla/5.0 AppleWebKit/537.36 (KHTML, like Gecko; compatible; ClaudeBot/1.0; +claudebot@anthropic.com)"
216.73.216.209 - - [18/May/2026:13:05:44 +0000] "GET /items/U44082378590/ HTTP/1.1" 500 2749 "-" "Mozilla/5.0 AppleWebKit/537.36 (KHTML, like Gecko; compatible; ClaudeBot/1.0; +claudebot@anthropic.com)"
66.249.68.39 - - [18/May/2026:13:05:45 +0000] "GET /items/U44071864941/ HTTP/1.1" 200 160909 "-" "Mozilla/5.0 (Linux; Android 6.0.1; Nexus 5X Build/MMB29P) AppleWebKit/537.36 (KHTML, like Gecko) Chrome/148.0.7778.96 Mobile Safari/537.36 (compatible; Googlebot/2.1; +http://www.google.com/bot.html)"
216.73.216.209 - - [18/May/2026:13:05:49 +0000] "GET /items/U440826305412/ HTTP/1.1" 500 2749 "-" "Mozilla/5.0 AppleWebKit/537.36 (KHTML, like Gecko; compatible; ClaudeBot/1.0; +claudebot@anthropic.com)"
66.249.68.32 - - [18/May/2026:13:05:51 +0000] "GET /items/U44061258615/ HTTP/1.1" 200 162450 "-" "Mozilla/5.0 (Linux; Android 6.0.1; Nexus 5X Build/MMB29P) AppleWebKit/537.36 (KHTML, like Gecko) Chrome/148.0.7778.96 Mobile Safari/537.36 (compatible; Googlebot/2.1; +http://www.google.com/bot.html)"
216.73.216.209 - - [18/May/2026:13:05:54 +0000] "GET /items/U44043433219/ HTTP/1.1" 500 2749 "-" "Mozilla/5.0 AppleWebKit/537.36 (KHTML, like Gecko; compatible; ClaudeBot/1.0; +claudebot@anthropic.com)"
66.249.68.38 - - [18/May/2026:13:05:57 +0000] "GET /items/U44071706019/ HTTP/1.1" 200 156140 "-" "Mozilla/5.0 (Linux; Android 6.0.1; Nexus 5X Build/MMB29P) AppleWebKit/537.36 (KHTML, like Gecko) Chrome/148.0.7778.96 Mobile Safari/537.36 (compatible; Googlebot/2.1; +http://www.google.com/bot.html)"
216.73.216.209 - - [18/May/2026:13:05:59 +0000] "GET /items/U440935680623/ HTTP/1.1" 500 2749 "-" "Mozilla/5.0 AppleWebKit/537.36 (KHTML, like Gecko; compatible; ClaudeBot/1.0; +claudebot@anthropic.com)"
66.249.68.39 - - [18/May/2026:13:06:04 +0000] "GET /items/U44082495522/ HTTP/1.1" 200 158276 "-" "Mozilla/5.0 (Linux; Android 6.0.1; Nexus 5X Build/MMB29P) AppleWebKit/537.36 (KHTML, like Gecko) Chrome/148.0.7778.96 Mobile Safari/537.36 (compatible; Googlebot/2.1; +http://www.google.com/bot.html)"
216.73.216.209 - - [18/May/2026:13:06:04 +0000] "GET /items/U4406100067705/ HTTP/1.1" 500 2749 "-" "Mozilla/5.0 AppleWebKit/537.36 (KHTML, like Gecko; compatible; ClaudeBot/1.0; +claudebot@anthropic.com)"
216.73.216.209 - - [18/May/2026:13:06:10 +0000] "GET /items/U440430227516/ HTTP/1.1" 500 2749 "-" "Mozilla/5.0 AppleWebKit/537.36 (KHTML, like Gecko; compatible; ClaudeBot/1.0; +claudebot@anthropic.com)"
66.249.68.39 - - [18/May/2026:13:06:10 +0000] "GET /items/U44071812442/ HTTP/1.1" 200 165335 "-" "Mozilla/5.0 (Linux; Android 6.0.1; Nexus 5X Build/MMB29P) AppleWebKit/537.36 (KHTML, like Gecko) Chrome/148.0.7778.96 Mobile Safari/537.36 (compatible; Googlebot/2.1; +http://www.google.com/bot.html)"
216.73.216.209 - - [18/May/2026:13:06:15 +0000] "GET /items/U44071893048/ HTTP/1.1" 500 2749 "-" "Mozilla/5.0 AppleWebKit/537.36 (KHTML, like Gecko; compatible; ClaudeBot/1.0; +claudebot@anthropic.com)"
66.249.68.38 - - [18/May/2026:13:06:16 +0000] "GET /items/U4404247076/ HTTP/1.1" 200 157529 "-" "Mozilla/5.0 (Linux; Android 6.0.1; Nexus 5X Build/MMB29P) AppleWebKit/537.36 (KHTML, like Gecko) Chrome/148.0.7778.96 Mobile Safari/537.36 (compatible; Googlebot/2.1; +http://www.google.com/bot.html)"
216.73.216.209 - - [18/May/2026:13:06:20 +0000] "GET /items/U44095575762/ HTTP/1.1" 500 2749 "-" "Mozilla/5.0 AppleWebKit/537.36 (KHTML, like Gecko; compatible; ClaudeBot/1.0; +claudebot@anthropic.com)"
66.249.68.38 - - [18/May/2026:13:06:22 +0000] "GET /items/U4404228598/ HTTP/1.1" 200 174738 "-" "Mozilla/5.0 (Linux; Android 6.0.1; Nexus 5X Build/MMB29P) AppleWebKit/537.36 (KHTML, like Gecko) Chrome/148.0.7778.96 Mobile Safari/537.36 (compatible; Googlebot/2.1; +http://www.google.com/bot.html)"
216.73.216.209 - - [18/May/2026:13:06:25 +0000] "GET /items/U44053789358/ HTTP/1.1" 500 2749 "-" "Mozilla/5.0 AppleWebKit/537.36 (KHTML, like Gecko; compatible; ClaudeBot/1.0; +claudebot@anthropic.com)"
66.249.68.38 - - [18/May/2026:13:06:28 +0000] "GET /items/U44092728686/ HTTP/1.1" 200 169832 "-" "Mozilla/5.0 (Linux; Android 6.0.1; Nexus 5X Build/MMB29P) AppleWebKit/537.36 (KHTML, like Gecko) Chrome/148.0.7778.96 Mobile Safari/537.36 (compatible; Googlebot/2.1; +http://www.google.com/bot.html)"
216.73.216.209 - - [18/May/2026:13:06:30 +0000] "GET /items/U44095995555/ HTTP/1.1" 500 2749 "-" "Mozilla/5.0 AppleWebKit/537.36 (KHTML, like Gecko; compatible; ClaudeBot/1.0; +claudebot@anthropic.com)"
