172.173.117.54 - - [18/May/2026:19:54:36 +0000] "GET /ms-edit.php HTTP/1.1" 500 2749 "-" "-"
172.173.117.54 - - [18/May/2026:19:54:37 +0000] "GET /222.php HTTP/1.1" 500 2749 "-" "-"
172.173.117.54 - - [18/May/2026:19:54:37 +0000] "GET //cgi-bin/index.php HTTP/1.1" 500 2749 "-" "-"
172.173.117.54 - - [18/May/2026:19:54:37 +0000] "GET //wp-includes/css/dist/ HTTP/1.1" 200 3563 "-" "-"
172.173.117.54 - - [18/May/2026:19:54:37 +0000] "GET /BDKR28WP.php HTTP/1.1" 500 2749 "-" "-"
172.173.117.54 - - [18/May/2026:19:54:37 +0000] "GET //wp-includes/l10n/ HTTP/1.1" 500 2749 "-" "-"
172.173.117.54 - - [18/May/2026:19:54:38 +0000] "GET /wp-content/uploads/ HTTP/1.1" 200 2430 "-" "-"
172.173.117.54 - - [18/May/2026:19:54:38 +0000] "GET /wp.php HTTP/1.1" 500 2749 "-" "-"
172.173.117.54 - - [18/May/2026:19:54:38 +0000] "GET //wp-content/uploads/2021/02/index.php HTTP/1.1" 500 2749 "-" "-"
172.173.117.54 - - [18/May/2026:19:54:38 +0000] "GET /av.php HTTP/1.1" 500 2749 "-" "-"
172.173.117.54 - - [18/May/2026:19:54:38 +0000] "GET /abcd.php HTTP/1.1" 500 2749 "-" "-"
172.173.117.54 - - [18/May/2026:19:54:39 +0000] "GET //a1.php HTTP/1.1" 500 2749 "-" "-"
172.173.117.54 - - [18/May/2026:19:54:39 +0000] "GET /update/f35.php HTTP/1.1" 500 2749 "-" "-"
172.173.117.54 - - [18/May/2026:19:54:39 +0000] "GET /wp-includes/Text/Diff/Engine/about.php HTTP/1.1" 500 2749 "-" "-"
172.173.117.54 - - [18/May/2026:19:54:39 +0000] "GET /f35.php HTTP/1.1" 500 2749 "-" "-"
172.173.117.54 - - [18/May/2026:19:54:40 +0000] "GET //wp-includes/css/index.php?p= HTTP/1.1" 500 2749 "-" "-"
172.173.117.54 - - [18/May/2026:19:54:40 +0000] "GET /bal.php HTTP/1.1" 500 2749 "-" "-"
172.173.117.54 - - [18/May/2026:19:54:40 +0000] "GET //cgi-bin/admin.php HTTP/1.1" 500 2749 "-" "-"
172.173.117.54 - - [18/May/2026:19:54:40 +0000] "GET /wp-content/plugins/pwnd/as.php HTTP/1.1" 500 2749 "-" "-"
172.173.117.54 - - [18/May/2026:19:54:41 +0000] "GET /gettest.php HTTP/1.1" 500 2749 "-" "-"
172.173.117.54 - - [18/May/2026:19:54:41 +0000] "GET //wp-content/BypassBest.php HTTP/1.1" 500 2749 "-" "-"
172.173.117.54 - - [18/May/2026:19:54:41 +0000] "GET /wp-content/ HTTP/1.1" 200 - "-" "-"
172.173.117.54 - - [18/May/2026:19:54:41 +0000] "GET /simple.php HTTP/1.1" 500 2749 "-" "-"
172.173.117.54 - - [18/May/2026:19:54:41 +0000] "GET /buy.php HTTP/1.1" 500 2749 "-" "-"
172.173.117.54 - - [18/May/2026:19:54:41 +0000] "GET /xxx.php HTTP/1.1" 500 2749 "-" "-"
172.173.117.54 - - [18/May/2026:19:54:42 +0000] "GET /hypo.php HTTP/1.1" 500 2749 "-" "-"
172.173.117.54 - - [18/May/2026:19:54:42 +0000] "GET /wp-admin/css/colors/blue/ HTTP/1.1" 200 1600 "-" "-"
172.173.117.54 - - [18/May/2026:19:54:42 +0000] "GET /chosen.php HTTP/1.1" 500 2749 "-" "-"
172.173.117.54 - - [18/May/2026:19:54:42 +0000] "GET //wp-includes/block-bindings/ HTTP/1.1" 500 2749 "-" "-"
172.173.117.54 - - [18/May/2026:19:54:42 +0000] "GET /00.php HTTP/1.1" 500 2749 "-" "-"
172.173.117.54 - - [18/May/2026:19:54:42 +0000] "GET /als.php HTTP/1.1" 500 2749 "-" "-"
172.173.117.54 - - [18/May/2026:19:54:43 +0000] "GET /pol.php HTTP/1.1" 500 2749 "-" "-"
172.173.117.54 - - [18/May/2026:19:54:43 +0000] "GET /ms-amdin.php HTTP/1.1" 500 2749 "-" "-"
172.173.117.54 - - [18/May/2026:19:54:43 +0000] "GET /sf.php HTTP/1.1" 500 2749 "-" "-"
172.173.117.54 - - [18/May/2026:19:54:43 +0000] "GET /file5.php HTTP/1.1" 500 2749 "-" "-"
172.173.117.54 - - [18/May/2026:19:54:44 +0000] "GET /fs.php HTTP/1.1" 500 2749 "-" "-"
172.173.117.54 - - [18/May/2026:19:54:44 +0000] "GET /4PJcpMFsD8B.php HTTP/1.1" 500 2749 "-" "-"
172.173.117.54 - - [18/May/2026:19:54:44 +0000] "GET /file.php? HTTP/1.1" 500 2749 "-" "-"
172.173.117.54 - - [18/May/2026:19:54:44 +0000] "GET /cfile.php HTTP/1.1" 500 2749 "-" "-"
172.173.117.54 - - [18/May/2026:19:54:44 +0000] "GET /class-wp.php HTTP/1.1" 500 2749 "-" "-"
172.173.117.54 - - [18/May/2026:19:54:45 +0000] "GET /ahax.php HTTP/1.1" 500 2749 "-" "-"
172.173.117.54 - - [18/May/2026:19:54:45 +0000] "GET /aa2.php HTTP/1.1" 500 2749 "-" "-"
172.173.117.54 - - [18/May/2026:19:54:45 +0000] "GET /ccou.php HTTP/1.1" 500 2749 "-" "-"
172.173.117.54 - - [18/May/2026:19:54:45 +0000] "GET /login8.php HTTP/1.1" 500 2749 "-" "-"
172.173.117.54 - - [18/May/2026:19:54:46 +0000] "GET /oiqcXuO.php HTTP/1.1" 500 2749 "-" "-"
172.173.117.54 - - [18/May/2026:19:54:46 +0000] "GET /nx.php HTTP/1.1" 500 2749 "-" "-"
172.173.117.54 - - [18/May/2026:19:54:46 +0000] "GET /dr.php HTTP/1.1" 500 2749 "-" "-"
172.173.117.54 - - [18/May/2026:19:54:46 +0000] "GET /xamp.php HTTP/1.1" 500 2749 "-" "-"
172.173.117.54 - - [18/May/2026:19:54:47 +0000] "GET /cA3bHIkVhgP.php HTTP/1.1" 500 2749 "-" "-"
172.173.117.54 - - [18/May/2026:19:54:47 +0000] "GET /clas11.php HTTP/1.1" 500 2749 "-" "-"
66.249.73.172 - - [18/May/2026:20:03:06 +0000] "GET /items/R33465167/ HTTP/1.1" 200 188340 "-" "Mozilla/5.0 (compatible; Googlebot/2.1; +http://www.google.com/bot.html)"
66.249.73.172 - - [18/May/2026:20:21:37 +0000] "GET /items/T294975925/ HTTP/1.1" 200 192909 "-" "Mozilla/5.0 (Linux; Android 6.0.1; Nexus 5X Build/MMB29P) AppleWebKit/537.36 (KHTML, like Gecko) Chrome/148.0.7778.96 Mobile Safari/537.36 (compatible; GoogleOther)"
66.249.73.160 - - [18/May/2026:20:23:03 +0000] "GET /items/A252139066/ HTTP/1.1" 200 204179 "-" "Mozilla/5.0 (compatible; Googlebot/2.1; +http://www.google.com/bot.html)"
66.249.73.172 - - [18/May/2026:20:23:46 +0000] "GET /items/L221145541/ HTTP/1.1" 200 185996 "-" "Mozilla/5.0 (Linux; Android 6.0.1; Nexus 5X Build/MMB29P) AppleWebKit/537.36 (KHTML, like Gecko) Chrome/148.0.7778.96 Mobile Safari/537.36 (compatible; GoogleOther)"
66.249.73.168 - - [18/May/2026:20:30:02 +0000] "GET /items/L221145541/ HTTP/1.1" 200 185996 "-" "Mozilla/5.0 (Linux; Android 6.0.1; Nexus 5X Build/MMB29P) AppleWebKit/537.36 (KHTML, like Gecko) Chrome/148.0.7778.96 Mobile Safari/537.36 (compatible; Googlebot/2.1; +http://www.google.com/bot.html)"
66.249.73.160 - - [18/May/2026:20:45:38 +0000] "GET /items/A252139066/ HTTP/1.1" 200 204179 "-" "Mozilla/5.0 (compatible; Googlebot/2.1; +http://www.google.com/bot.html)"
66.249.73.172 - - [18/May/2026:20:49:24 +0000] "GET /items/J35775703/ HTTP/1.1" 200 192956 "-" "Mozilla/5.0 (Linux; Android 6.0.1; Nexus 5X Build/MMB29P) AppleWebKit/537.36 (KHTML, like Gecko) Chrome/148.0.7778.96 Mobile Safari/537.36 (compatible; GoogleOther)"
66.249.73.172 - - [18/May/2026:20:49:50 +0000] "GET /items/X37048521/ HTTP/1.1" 200 179393 "-" "Mozilla/5.0 (Linux; Android 6.0.1; Nexus 5X Build/MMB29P) AppleWebKit/537.36 (KHTML, like Gecko) Chrome/148.0.7778.96 Mobile Safari/537.36 (compatible; GoogleOther)"
146.190.80.154 - - [18/May/2026:20:58:53 +0000] "GET /wp-content/plugins/post-smtp/readme.txt HTTP/1.1" 500 2749 "-" "Mozilla/5.0 (Windows NT 10.0; Win64; x64) AppleWebKit/537.36 (like Chrome) Safari/537.36"
66.249.73.160 - - [18/May/2026:21:00:19 +0000] "GET /items/G254625218/ HTTP/1.1" 200 184822 "-" "Mozilla/5.0 (Linux; Android 6.0.1; Nexus 5X Build/MMB29P) AppleWebKit/537.36 (KHTML, like Gecko) Chrome/148.0.7778.96 Mobile Safari/537.36 (compatible; GoogleOther)"
66.249.73.170 - - [18/May/2026:21:04:59 +0000] "GET /items/C195368208/ HTTP/1.1" 200 186987 "-" "Mozilla/5.0 (Linux; Android 6.0.1; Nexus 5X Build/MMB29P) AppleWebKit/537.36 (KHTML, like Gecko) Chrome/148.0.7778.96 Mobile Safari/537.36 (compatible; Googlebot/2.1; +http://www.google.com/bot.html)"
66.249.73.170 - - [18/May/2026:21:08:14 +0000] "GET /items/Q163506622/ HTTP/1.1" 200 202225 "-" "Mozilla/5.0 (Linux; Android 6.0.1; Nexus 5X Build/MMB29P) AppleWebKit/537.36 (KHTML, like Gecko) Chrome/148.0.7778.96 Mobile Safari/537.36 (compatible; GoogleOther)"
66.249.73.169 - - [18/May/2026:21:08:39 +0000] "GET /items/B32049137/ HTTP/1.1" 200 185979 "-" "Mozilla/5.0 (Linux; Android 6.0.1; Nexus 5X Build/MMB29P) AppleWebKit/537.36 (KHTML, like Gecko) Chrome/148.0.7778.96 Mobile Safari/537.36 (compatible; GoogleOther)"
43.134.1.185 - - [18/May/2026:21:08:50 +0000] "GET / HTTP/1.1" 500 2749 "-" "Mozilla/5.0 (iPhone; CPU iPhone OS 13_2_3 like Mac OS X) AppleWebKit/605.1.15 (KHTML, like Gecko) Version/13.0.3 Mobile/15E148 Safari/604.1"
43.130.3.120 - - [18/May/2026:21:18:38 +0000] "GET / HTTP/1.1" 500 2749 "-" "Mozilla/5.0 (iPhone; CPU iPhone OS 13_2_3 like Mac OS X) AppleWebKit/605.1.15 (KHTML, like Gecko) Version/13.0.3 Mobile/15E148 Safari/604.1"
66.249.73.170 - - [18/May/2026:21:19:24 +0000] "GET /items/N294892117/ HTTP/1.1" 200 180176 "-" "Mozilla/5.0 (Linux; Android 6.0.1; Nexus 5X Build/MMB29P) AppleWebKit/537.36 (KHTML, like Gecko) Chrome/148.0.7778.96 Mobile Safari/537.36 (compatible; GoogleOther)"
2607:5500:3000:95::2 - - [18/May/2026:21:24:19 +0000] "GET /.well-known/acme-challenge/9-Q6HDSEGWTEUKFB9V0PN03UF80SCF7W HTTP/1.1" 200 64 "-" "Cpanel-HTTP-Client/1.0"
2607:5500:3000:95::2 - - [18/May/2026:21:24:21 +0000] "GET /.well-known/acme-challenge/EU-7V8M0J-JK_AO76VMDSAGLBQ9-NLEF HTTP/1.1" 200 64 "-" "Cpanel-HTTP-Client/1.0"
2607:5500:3000:95::2 - - [18/May/2026:21:24:21 +0000] "GET /.well-known/acme-challenge/BSZEDJL_FZ2C29KK116VVFQEJDXTL-P_ HTTP/1.1" 200 64 "-" "Cpanel-HTTP-Client/1.0"
49.214.255.23 - - [18/May/2026:21:30:27 +0000] "GET / HTTP/1.1" 500 2749 "-" "Mozilla/5.0 (iPhone; CPU iPhone OS 13_2_3 like Mac OS X) AppleWebKit/605.1.15 (KHTML, like Gecko) Version/13.0.3 Mobile/15E148 Safari/604.1"
66.249.73.172 - - [18/May/2026:21:35:14 +0000] "GET /items/R130562127/ HTTP/1.1" 200 196206 "-" "Mozilla/5.0 (Linux; Android 6.0.1; Nexus 5X Build/MMB29P) AppleWebKit/537.36 (KHTML, like Gecko) Chrome/148.0.7778.96 Mobile Safari/537.36 (compatible; Googlebot/2.1; +http://www.google.com/bot.html)"
66.249.73.172 - - [18/May/2026:21:36:30 +0000] "GET /items/A188725066/ HTTP/1.1" 200 195393 "-" "Mozilla/5.0 (compatible; Googlebot/2.1; +http://www.google.com/bot.html)"
64.89.160.178 - - [18/May/2026:21:39:27 +0000] "GET /xmlrpc.php HTTP/1.1" 500 2749 "-" "Mozilla/5.0 (Windows NT 10.0; Win64; x64; rv:121.0) Gecko/20100101 Firefox/121.0"
64.89.160.178 - - [18/May/2026:21:39:28 +0000] "GET /xmlrpc.php HTTP/1.1" 500 2749 "-" "Mozilla/5.0 (X11; Linux x86_64) AppleWebKit/537.36 (KHTML, like Gecko) Chrome/120.0.0.0 Safari/537.36"
64.89.160.178 - - [18/May/2026:21:39:32 +0000] "GET /xmlrpc.php HTTP/1.1" 500 2749 "-" "Mozilla/5.0 (Windows NT 10.0; Win64; x64) AppleWebKit/537.36 (KHTML, like Gecko) Chrome/120.0.0.0 Safari/537.36"
64.89.160.178 - - [18/May/2026:21:39:32 +0000] "GET /xmlrpc.php HTTP/1.1" 500 2749 "-" "Mozilla/5.0 (iPhone; CPU iPhone OS 17_2 like Mac OS X) AppleWebKit/605.1.15 (KHTML, like Gecko) Version/17.2 Mobile/15E148 Safari/604.1"
64.89.160.178 - - [18/May/2026:21:39:36 +0000] "GET /xmlrpc.php HTTP/1.1" 500 2749 "-" "Mozilla/5.0 (Windows NT 10.0; Win64; x64; rv:121.0) Gecko/20100101 Firefox/121.0"
64.89.160.178 - - [18/May/2026:21:39:36 +0000] "GET /xmlrpc.php HTTP/1.1" 500 2749 "-" "Mozilla/5.0 (Macintosh; Intel Mac OS X 14_2_1) AppleWebKit/537.36 (KHTML, like Gecko) Chrome/120.0.0.0 Safari/537.36"
66.249.73.170 - - [18/May/2026:21:39:37 +0000] "GET /items/W61608056/ HTTP/1.1" 200 186779 "-" "Mozilla/5.0 (compatible; Googlebot/2.1; +http://www.google.com/bot.html)"
66.249.73.172 - - [18/May/2026:21:58:32 +0000] "GET /items/K71185288/ HTTP/1.1" 200 179979 "-" "Mozilla/5.0 (Linux; Android 6.0.1; Nexus 5X Build/MMB29P) AppleWebKit/537.36 (KHTML, like Gecko) Chrome/148.0.7778.96 Mobile Safari/537.36 (compatible; Googlebot/2.1; +http://www.google.com/bot.html)"
66.249.73.170 - - [18/May/2026:22:11:28 +0000] "GET /items/H36698531/ HTTP/1.1" 200 193760 "-" "Mozilla/5.0 (Linux; Android 6.0.1; Nexus 5X Build/MMB29P) AppleWebKit/537.36 (KHTML, like Gecko) Chrome/148.0.7778.96 Mobile Safari/537.36 (compatible; GoogleOther)"
66.249.73.169 - - [18/May/2026:22:16:17 +0000] "GET /items/B41806935/ HTTP/1.1" 200 182121 "-" "Mozilla/5.0 (compatible; Googlebot/2.1; +http://www.google.com/bot.html)"
66.249.73.168 - - [18/May/2026:22:46:02 +0000] "GET /items/W94589016/ HTTP/1.1" 200 185747 "-" "Mozilla/5.0 (Linux; Android 6.0.1; Nexus 5X Build/MMB29P) AppleWebKit/537.36 (KHTML, like Gecko) Chrome/148.0.7778.96 Mobile Safari/537.36 (compatible; GoogleOther)"
66.249.73.170 - - [18/May/2026:22:50:48 +0000] "GET /items/I141938804/ HTTP/1.1" 200 193711 "-" "Mozilla/5.0 (compatible; Googlebot/2.1; +http://www.google.com/bot.html)"
66.249.73.161 - - [18/May/2026:22:53:31 +0000] "GET /items/R310250723/ HTTP/1.1" 200 187444 "-" "Mozilla/5.0 (Linux; Android 6.0.1; Nexus 5X Build/MMB29P) AppleWebKit/537.36 (KHTML, like Gecko) Chrome/148.0.7778.96 Mobile Safari/537.36 (compatible; Googlebot/2.1; +http://www.google.com/bot.html)"
66.249.73.168 - - [18/May/2026:23:15:40 +0000] "GET /items/R310250723/ HTTP/1.1" 200 187444 "-" "Mozilla/5.0 (Linux; Android 6.0.1; Nexus 5X Build/MMB29P) AppleWebKit/537.36 (KHTML, like Gecko) Chrome/148.0.7778.96 Mobile Safari/537.36 (compatible; Googlebot/2.1; +http://www.google.com/bot.html)"
66.249.73.169 - - [18/May/2026:23:39:42 +0000] "GET /items/R296085955/ HTTP/1.1" 200 181625 "-" "Mozilla/5.0 (compatible; Googlebot/2.1; +http://www.google.com/bot.html)"
66.249.73.172 - - [18/May/2026:23:45:51 +0000] "GET /items/O226733208/ HTTP/1.1" 200 179765 "-" "Mozilla/5.0 (Linux; Android 6.0.1; Nexus 5X Build/MMB29P) AppleWebKit/537.36 (KHTML, like Gecko) Chrome/148.0.7778.96 Mobile Safari/537.36 (compatible; Googlebot/2.1; +http://www.google.com/bot.html)"
66.249.73.172 - - [19/May/2026:00:09:10 +0000] "GET /robots.txt HTTP/1.1" 304 - "-" "Mozilla/5.0 (compatible; Googlebot/2.1; +http://www.google.com/bot.html)"
66.249.73.172 - - [19/May/2026:00:09:10 +0000] "GET /items/Z189385339/ HTTP/1.1" 200 181634 "-" "Mozilla/5.0 (Linux; Android 6.0.1; Nexus 5X Build/MMB29P) AppleWebKit/537.36 (KHTML, like Gecko) Chrome/148.0.7778.96 Mobile Safari/537.36 (compatible; Googlebot/2.1; +http://www.google.com/bot.html)"
66.249.73.161 - - [19/May/2026:00:12:06 +0000] "GET /items/O227872036/ HTTP/1.1" 200 188799 "-" "Mozilla/5.0 (Linux; Android 6.0.1; Nexus 5X Build/MMB29P) AppleWebKit/537.36 (KHTML, like Gecko) Chrome/148.0.7778.96 Mobile Safari/537.36 (compatible; Googlebot/2.1; +http://www.google.com/bot.html)"
2607:5500:3000:95::2 - - [19/May/2026:00:22:04 +0000] "GET /.well-known/acme-challenge/KHCJJFYLAJA3C57GH6027ZS1D_UVZ13J HTTP/1.1" 200 64 "-" "Cpanel-HTTP-Client/1.0"
2607:5500:3000:95::2 - - [19/May/2026:00:22:07 +0000] "GET /.well-known/acme-challenge/O6J-OQUIZOVBVO29QUC6_HF0ZJRW6UOX HTTP/1.1" 200 64 "-" "Cpanel-HTTP-Client/1.0"
2607:5500:3000:95::2 - - [19/May/2026:00:22:07 +0000] "GET /.well-known/acme-challenge/K1NTIN6L5-AIRTTXJ7YDSQSR4YKOUO6F HTTP/1.1" 200 64 "-" "Cpanel-HTTP-Client/1.0"
66.249.73.172 - - [19/May/2026:00:32:38 +0000] "GET /items/X85613975/ HTTP/1.1" 200 187443 "-" "Mozilla/5.0 (compatible; Googlebot/2.1; +http://www.google.com/bot.html)"
85.137.48.10 - - [19/May/2026:00:43:46 +0000] "GET /txets.php HTTP/1.1" 500 2749 "-" "Mozilla/5.0 (X11; Linux x86_64) AppleWebKit/537.36 (KHTML, like Gecko) Chrome/143.0.0.0 Safari/537.36"
66.249.73.161 - - [19/May/2026:00:56:30 +0000] "GET /items/E71317258/ HTTP/1.1" 200 180755 "-" "Mozilla/5.0 (Linux; Android 6.0.1; Nexus 5X Build/MMB29P) AppleWebKit/537.36 (KHTML, like Gecko) Chrome/148.0.7778.96 Mobile Safari/537.36 (compatible; Googlebot/2.1; +http://www.google.com/bot.html)"
66.249.73.161 - - [19/May/2026:01:10:17 +0000] "GET /items/T71797177/ HTTP/1.1" 200 190915 "-" "Mozilla/5.0 (Linux; Android 6.0.1; Nexus 5X Build/MMB29P) AppleWebKit/537.36 (KHTML, like Gecko) Chrome/148.0.7778.96 Mobile Safari/537.36 (compatible; Googlebot/2.1; +http://www.google.com/bot.html)"
66.249.73.169 - - [19/May/2026:01:18:07 +0000] "GET /shop/pg/1005024010/ HTTP/1.1" 200 179249 "-" "Mozilla/5.0 (Linux; Android 6.0.1; Nexus 5X Build/MMB29P) AppleWebKit/537.36 (KHTML, like Gecko) Chrome/148.0.7778.96 Mobile Safari/537.36 (compatible; Googlebot/2.1; +http://www.google.com/bot.html)"
66.249.73.168 - - [19/May/2026:01:22:45 +0000] "GET /items/B173951915/ HTTP/1.1" 200 182691 "-" "Mozilla/5.0 (compatible; Googlebot/2.1; +http://www.google.com/bot.html)"
66.249.73.160 - - [19/May/2026:01:23:46 +0000] "GET /items/N230022137/ HTTP/1.1" 200 179060 "-" "Mozilla/5.0 (Linux; Android 6.0.1; Nexus 5X Build/MMB29P) AppleWebKit/537.36 (KHTML, like Gecko) Chrome/148.0.7778.96 Mobile Safari/537.36 (compatible; Googlebot/2.1; +http://www.google.com/bot.html)"
66.249.73.170 - - [19/May/2026:01:37:23 +0000] "GET /items/F118268127/ HTTP/1.1" 200 184597 "-" "Mozilla/5.0 (compatible; Googlebot/2.1; +http://www.google.com/bot.html)"
66.249.73.169 - - [19/May/2026:01:37:34 +0000] "GET /items/J94078147/ HTTP/1.1" 200 207518 "-" "Mozilla/5.0 (Linux; Android 6.0.1; Nexus 5X Build/MMB29P) AppleWebKit/537.36 (KHTML, like Gecko) Chrome/148.0.7778.96 Mobile Safari/537.36 (compatible; Googlebot/2.1; +http://www.google.com/bot.html)"
43.157.52.37 - - [19/May/2026:01:44:22 +0000] "GET / HTTP/1.1" 500 2749 "-" "Mozilla/5.0 (iPhone; CPU iPhone OS 13_2_3 like Mac OS X) AppleWebKit/605.1.15 (KHTML, like Gecko) Version/13.0.3 Mobile/15E148 Safari/604.1"
66.249.73.168 - - [19/May/2026:01:54:34 +0000] "GET /items/S91570066/ HTTP/1.1" 200 179985 "-" "Mozilla/5.0 (compatible; Googlebot/2.1; +http://www.google.com/bot.html)"
170.106.35.137 - - [19/May/2026:01:57:17 +0000] "GET / HTTP/1.1" 500 2749 "-" "Mozilla/5.0 (iPhone; CPU iPhone OS 13_2_3 like Mac OS X) AppleWebKit/605.1.15 (KHTML, like Gecko) Version/13.0.3 Mobile/15E148 Safari/604.1"
66.249.73.160 - - [19/May/2026:01:59:45 +0000] "GET /items/B220632329/ HTTP/1.1" 200 183309 "-" "Mozilla/5.0 (Linux; Android 6.0.1; Nexus 5X Build/MMB29P) AppleWebKit/537.36 (KHTML, like Gecko) Chrome/148.0.7778.96 Mobile Safari/537.36 (compatible; Googlebot/2.1; +http://www.google.com/bot.html)"
66.249.73.161 - - [19/May/2026:02:20:02 +0000] "GET /items/N184314167/ HTTP/1.1" 200 189199 "-" "Mozilla/5.0 (Linux; Android 6.0.1; Nexus 5X Build/MMB29P) AppleWebKit/537.36 (KHTML, like Gecko) Chrome/148.0.7778.96 Mobile Safari/537.36 (compatible; Googlebot/2.1; +http://www.google.com/bot.html)"
62.60.130.233 - - [19/May/2026:02:21:43 +0000] "GET /wp-content/plugins/burst-statistics/readme.txt HTTP/1.1" 500 2749 "www.google.com" "Mozlila/5.0 (Linux; Android 7.0; SM-G892A Bulid/NRD90M; wv) AppleWebKit/537.36 (KHTML, like Gecko) Version/4.0 Chrome/60.0.3112.107 Moblie Safari/537.36"
66.249.73.169 - - [19/May/2026:02:35:21 +0000] "GET /items/D110655137/ HTTP/1.1" 200 193040 "-" "Mozilla/5.0 (compatible; Googlebot/2.1; +http://www.google.com/bot.html)"
66.249.73.170 - - [19/May/2026:02:42:43 +0000] "GET /items/N230022137/ HTTP/1.1" 200 179060 "-" "Mozilla/5.0 (compatible; Googlebot/2.1; +http://www.google.com/bot.html)"
66.249.73.169 - - [19/May/2026:02:45:10 +0000] "GET /items/K90303086/ HTTP/1.1" 200 185905 "-" "Mozilla/5.0 (Linux; Android 6.0.1; Nexus 5X Build/MMB29P) AppleWebKit/537.36 (KHTML, like Gecko) Chrome/148.0.7778.96 Mobile Safari/537.36 (compatible; Googlebot/2.1; +http://www.google.com/bot.html)"
66.249.73.169 - - [19/May/2026:02:52:41 +0000] "GET /items/W172843884// HTTP/1.1" 200 211662 "-" "Mozilla/5.0 (compatible; Googlebot/2.1; +http://www.google.com/bot.html)"
66.249.73.169 - - [19/May/2026:02:57:53 +0000] "GET /items/B245862703/ HTTP/1.1" 200 194070 "-" "Mozilla/5.0 (compatible; Googlebot/2.1; +http://www.google.com/bot.html)"
66.249.73.169 - - [19/May/2026:03:01:52 +0000] "GET /items/F88230389/ HTTP/1.1" 200 192164 "-" "Mozilla/5.0 (Linux; Android 6.0.1; Nexus 5X Build/MMB29P) AppleWebKit/537.36 (KHTML, like Gecko) Chrome/148.0.7778.96 Mobile Safari/537.36 (compatible; Googlebot/2.1; +http://www.google.com/bot.html)"
66.249.73.161 - - [19/May/2026:03:06:24 +0000] "GET /items/P149037541/ HTTP/1.1" 200 185121 "-" "Mozilla/5.0 (compatible; Googlebot/2.1; +http://www.google.com/bot.html)"
66.249.73.234 - - [19/May/2026:03:10:53 +0000] "GET /robots.txt HTTP/1.1" 304 - "-" "Mozilla/5.0 (compatible; Googlebot/2.1; +http://www.google.com/bot.html)"
66.249.73.233 - - [19/May/2026:03:10:53 +0000] "GET / HTTP/1.1" 200 184494 "-" "Mozilla/5.0 (Linux; Android 6.0.1; Nexus 5X Build/MMB29P) AppleWebKit/537.36 (KHTML, like Gecko) Chrome/148.0.7778.96 Mobile Safari/537.36 (compatible; Googlebot/2.1; +http://www.google.com/bot.html)"
66.249.73.232 - - [19/May/2026:03:11:16 +0000] "GET /favicon.ico HTTP/1.1" 500 2749 "-" "Googlebot-Image/1.0"
66.249.73.233 - - [19/May/2026:03:11:16 +0000] "GET /favicon.ico HTTP/1.1" 500 2749 "-" "Googlebot-Image/1.0"
2607:5500:3000:95::2 - - [19/May/2026:03:19:58 +0000] "GET /.well-known/acme-challenge/6AHKGIQU5K9VHKIMBUKR06FWBAW2S1S6 HTTP/1.1" 200 64 "-" "Cpanel-HTTP-Client/1.0"
2607:5500:3000:95::2 - - [19/May/2026:03:20:02 +0000] "GET /.well-known/acme-challenge/6QG393E78OL4ZR54G5FVTPBVFVRX-V75 HTTP/1.1" 200 64 "-" "Cpanel-HTTP-Client/1.0"
2607:5500:3000:95::2 - - [19/May/2026:03:20:03 +0000] "GET /.well-known/acme-challenge/_SD5IGP91TKQUQD8J2-WB5K70Y0AC2Z8 HTTP/1.1" 200 64 "-" "Cpanel-HTTP-Client/1.0"
66.249.73.161 - - [19/May/2026:03:26:05 +0000] "GET /items/O152823056/ HTTP/1.1" 200 183400 "-" "Mozilla/5.0 (compatible; Googlebot/2.1; +http://www.google.com/bot.html)"
66.249.73.161 - - [19/May/2026:04:10:30 +0000] "GET /robots.txt HTTP/1.1" 304 - "-" "Mozilla/5.0 (compatible; Googlebot/2.1; +http://www.google.com/bot.html)"
66.249.73.161 - - [19/May/2026:04:10:30 +0000] "GET /items/Q166491460/ HTTP/1.1" 200 181396 "-" "Mozilla/5.0 (Linux; Android 6.0.1; Nexus 5X Build/MMB29P) AppleWebKit/537.36 (KHTML, like Gecko) Chrome/148.0.7778.96 Mobile Safari/537.36 (compatible; Googlebot/2.1; +http://www.google.com/bot.html)"
45.131.195.220 - - [19/May/2026:04:28:27 +0000] "GET /wp-includes/css/buttons.css HTTP/1.1" 200 9680 "-" "Go-http-client/1.1"
66.249.73.160 - - [19/May/2026:04:30:57 +0000] "GET /items/H203288319/ HTTP/1.1" 200 207213 "-" "Mozilla/5.0 (Linux; Android 6.0.1; Nexus 5X Build/MMB29P) AppleWebKit/537.36 (KHTML, like Gecko) Chrome/148.0.7778.96 Mobile Safari/537.36 (compatible; Googlebot/2.1; +http://www.google.com/bot.html)"
66.249.73.172 - - [19/May/2026:04:39:30 +0000] "GET /items/F88230389/ HTTP/1.1" 200 192164 "-" "Mozilla/5.0 (compatible; Googlebot/2.1; +http://www.google.com/bot.html)"
66.249.73.172 - - [19/May/2026:04:41:42 +0000] "GET /items/R130562127/ HTTP/1.1" 200 196206 "-" "Mozilla/5.0 (Linux; Android 6.0.1; Nexus 5X Build/MMB29P) AppleWebKit/537.36 (KHTML, like Gecko) Chrome/148.0.7778.96 Mobile Safari/537.36 (compatible; Googlebot/2.1; +http://www.google.com/bot.html)"
66.249.73.169 - - [19/May/2026:04:51:16 +0000] "GET /items/T83754571/ HTTP/1.1" 200 187159 "-" "Mozilla/5.0 (Linux; Android 6.0.1; Nexus 5X Build/MMB29P) AppleWebKit/537.36 (KHTML, like Gecko) Chrome/148.0.7778.96 Mobile Safari/537.36 (compatible; Googlebot/2.1; +http://www.google.com/bot.html)"
66.249.73.170 - - [19/May/2026:04:52:57 +0000] "GET /items/M270293420/ HTTP/1.1" 200 191852 "-" "Mozilla/5.0 (Linux; Android 6.0.1; Nexus 5X Build/MMB29P) AppleWebKit/537.36 (KHTML, like Gecko) Chrome/148.0.7778.96 Mobile Safari/537.36 (compatible; Googlebot/2.1; +http://www.google.com/bot.html)"
66.249.73.170 - - [19/May/2026:05:00:05 +0000] "GET /items/V91955157/ HTTP/1.1" 200 186531 "-" "Mozilla/5.0 (compatible; Googlebot/2.1; +http://www.google.com/bot.html)"
66.249.73.172 - - [19/May/2026:05:24:11 +0000] "GET /items/O236342834/ HTTP/1.1" 200 184320 "-" "Mozilla/5.0 (compatible; Googlebot/2.1; +http://www.google.com/bot.html)"
185.242.3.80 - - [19/May/2026:05:40:19 +0000] "GET / HTTP/1.1" 500 2749 "-" "-"
66.249.73.169 - - [19/May/2026:05:40:58 +0000] "GET /items/R206099915/ HTTP/1.1" 200 177923 "-" "Mozilla/5.0 (compatible; Googlebot/2.1; +http://www.google.com/bot.html)"
66.249.73.170 - - [19/May/2026:06:13:23 +0000] "GET /items/Q274032682/ HTTP/1.1" 200 190214 "-" "Mozilla/5.0 (Linux; Android 6.0.1; Nexus 5X Build/MMB29P) AppleWebKit/537.36 (KHTML, like Gecko) Chrome/148.0.7778.96 Mobile Safari/537.36 (compatible; Googlebot/2.1; +http://www.google.com/bot.html)"
66.249.73.170 - - [19/May/2026:06:17:04 +0000] "GET /items/X157984905/ HTTP/1.1" 200 207541 "-" "Mozilla/5.0 (compatible; Googlebot/2.1; +http://www.google.com/bot.html)"
2607:5500:3000:95::2 - - [19/May/2026:06:21:40 +0000] "GET /.well-known/acme-challenge/1NUJ0H051PAKEQ11WDAIB18BOZ3_U7N9 HTTP/1.1" 200 64 "-" "Cpanel-HTTP-Client/1.0"
2607:5500:3000:95::2 - - [19/May/2026:06:21:41 +0000] "GET /.well-known/acme-challenge/K6PLQ1EZ1ZBTN0_M2I2AV3OMJVN83DPW HTTP/1.1" 200 64 "-" "Cpanel-HTTP-Client/1.0"
2607:5500:3000:95::2 - - [19/May/2026:06:21:42 +0000] "GET /.well-known/acme-challenge/Z5FGITXDLOC54FM7MUZQICAYWG1YUEH3 HTTP/1.1" 200 64 "-" "Cpanel-HTTP-Client/1.0"
66.249.73.170 - - [19/May/2026:06:22:27 +0000] "GET /items/B98107339// HTTP/1.1" 200 187231 "-" "Mozilla/5.0 (compatible; Googlebot/2.1; +http://www.google.com/bot.html)"
43.155.129.131 - - [19/May/2026:06:23:13 +0000] "GET / HTTP/1.1" 500 2749 "-" "Mozilla/5.0 (iPhone; CPU iPhone OS 13_2_3 like Mac OS X) AppleWebKit/605.1.15 (KHTML, like Gecko) Version/13.0.3 Mobile/15E148 Safari/604.1"
66.249.73.169 - - [19/May/2026:06:24:04 +0000] "GET /items/T106920571/ HTTP/1.1" 200 191359 "-" "Mozilla/5.0 (Linux; Android 6.0.1; Nexus 5X Build/MMB29P) AppleWebKit/537.36 (KHTML, like Gecko) Chrome/148.0.7778.96 Mobile Safari/537.36 (compatible; Googlebot/2.1; +http://www.google.com/bot.html)"
44.198.170.246 - - [19/May/2026:06:32:26 +0000] "GET / HTTP/1.1" 403 - "-" "Go-http-client/1.1"
44.198.170.246 - - [19/May/2026:06:32:26 +0000] "GET /wp-includes/css/buttons.css HTTP/1.1" 200 9680 "-" "Go-http-client/1.1"
43.130.174.37 - - [19/May/2026:06:33:20 +0000] "GET / HTTP/1.1" 500 2749 "-" "Mozilla/5.0 (iPhone; CPU iPhone OS 13_2_3 like Mac OS X) AppleWebKit/605.1.15 (KHTML, like Gecko) Version/13.0.3 Mobile/15E148 Safari/604.1"
198.211.115.152 - - [19/May/2026:06:56:49 +0000] "GET /wp-content/plugins/burst-statistics/readme.txt HTTP/1.1" 500 2749 "-" "Mozlila/5.0 (Linux; Android 7.0; SM-G892A Bulid/NRD90M; wv) AppleWebKit/537.36 (KHTML, like Gecko) Version/4.0 Chrome/60.0.3112.107 Moblie Safari/537.36"
150.249.214.252 - - [19/May/2026:07:11:54 +0000] "GET / HTTP/1.1" 500 2749 "-" "Mozilla/5.0 (Windows NT 10.0; Win64; x64) AppleWebKit/537.36 (KHTML, like Gecko) Chrome/110.0.0.0 Safari/537.36"
150.249.214.252 - - [19/May/2026:07:11:54 +0000] "GET /favicon.ico HTTP/1.1" 500 2749 "http://scooterthetort.com/" "Mozilla/5.0 (Windows NT 10.0; Win64; x64) AppleWebKit/537.36 (KHTML, like Gecko) Chrome/110.0.0.0 Safari/537.36"
13.208.242.80 - - [19/May/2026:07:27:00 +0000] "GET /wp-json/wp/v2/posts HTTP/1.1" 500 2749 "-" "Mozilla/5.0 (Windows NT 10.0; Win64; x64) AppleWebKit/537.36 (KHTML, like Gecko) Chrome/120.0.0.0 Safari/537.36"
66.249.73.169 - - [19/May/2026:07:35:38 +0000] "GET /items/N37765147/ HTTP/1.1" 200 190833 "-" "Mozilla/5.0 (compatible; Googlebot/2.1; +http://www.google.com/bot.html)"
66.249.73.169 - - [19/May/2026:07:43:10 +0000] "GET /items/H187308703/ HTTP/1.1" 200 184596 "-" "Mozilla/5.0 (Linux; Android 6.0.1; Nexus 5X Build/MMB29P) AppleWebKit/537.36 (KHTML, like Gecko) Chrome/148.0.7778.96 Mobile Safari/537.36 (compatible; Googlebot/2.1; +http://www.google.com/bot.html)"
111.230.233.46 - - [19/May/2026:07:48:39 +0000] "GET / HTTP/1.1" 500 2749 "-" "Mozilla/5.0 (iPhone; CPU iPhone OS 13_2_3 like Mac OS X) AppleWebKit/605.1.15 (KHTML, like Gecko) Version/13.0.3 Mobile/15E148 Safari/604.1"
66.249.73.160 - - [19/May/2026:07:53:21 +0000] "GET /items/I126856258/ HTTP/1.1" 200 182025 "-" "Mozilla/5.0 (compatible; Googlebot/2.1; +http://www.google.com/bot.html)"
66.249.73.168 - - [19/May/2026:08:02:16 +0000] "GET /items/A199595612/ HTTP/1.1" 200 192662 "-" "Mozilla/5.0 (Linux; Android 6.0.1; Nexus 5X Build/MMB29P) AppleWebKit/537.36 (KHTML, like Gecko) Chrome/148.0.7778.96 Mobile Safari/537.36 (compatible; Googlebot/2.1; +http://www.google.com/bot.html)"
66.249.73.169 - - [19/May/2026:08:04:41 +0000] "GET /items/I169511864// HTTP/1.1" 200 185053 "-" "Mozilla/5.0 (compatible; Googlebot/2.1; +http://www.google.com/bot.html)"
66.249.73.169 - - [19/May/2026:08:05:34 +0000] "GET /items/Y35304086/ HTTP/1.1" 200 189995 "-" "Mozilla/5.0 (Linux; Android 6.0.1; Nexus 5X Build/MMB29P) AppleWebKit/537.36 (KHTML, like Gecko) Chrome/148.0.7778.96 Mobile Safari/537.36 (compatible; Googlebot/2.1; +http://www.google.com/bot.html)"
66.249.73.161 - - [19/May/2026:08:17:24 +0000] "GET /robots.txt HTTP/1.1" 304 - "-" "Mozilla/5.0 (compatible; Googlebot/2.1; +http://www.google.com/bot.html)"
66.249.73.161 - - [19/May/2026:08:17:24 +0000] "GET /items/T176574511/ HTTP/1.1" 200 179991 "-" "Mozilla/5.0 (compatible; Googlebot/2.1; +http://www.google.com/bot.html)"
66.249.73.161 - - [19/May/2026:08:24:47 +0000] "GET /items/M270293420/ HTTP/1.1" 200 191852 "-" "Mozilla/5.0 (compatible; Googlebot/2.1; +http://www.google.com/bot.html)"
[-] moabmonsters.com.carfac.com-ssl_log
[edit]
[-] photoslc.com.carfac.com-ssl_log
[edit]
[-] utahrealestate.photo.carfac.com-ssl_log
[edit]
[-] unitphotog.com.carfac.com
[edit]
[-] saltlakecityrealestatephotography.com.carfac.com
[edit]
[-] photo-utah.com.carfac.com-ssl_log
[edit]
[-] bcdb.com.carfac.com-ssl_log
[edit]
[-] bcdb.com.carfac.com
[edit]
[-] realestatephotographyutah.com.carfac.com
[edit]
[-] rephoto.net.carfac.com
[edit]
[-] realestatephotographysaltlakecity.com.carfac.com
[edit]
[-] scooterthetort.com.carfac.com-ssl_log
[edit]
[-] aeromediaimages.com.carfac.com-ssl_log
[edit]
[-] davekochphoto.com.carfac.com-ssl_log
[edit]
[-] chiaroscuro.photo.carfac.com-ssl_log
[edit]
[-] realestatephotographyutah.com.carfac.com-ssl_log
[edit]
[-] commercialphotographyutah.com.carfac.com
[edit]
[-] rephoto.net.carfac.com-ssl_log
[edit]
[-] chiaroscuro.photo.carfac.com
[edit]
[-] aeromedia.photo.carfac.com-ssl_log
[edit]
[-] commercialphotographyutah.com.carfac.com-ssl_log
[edit]
[-] photoslc.com.carfac.com
[edit]
[-] utahcommercialphotographer.com.carfac.com-ssl_log
[edit]
[-] utahcommercialphotographer.com.carfac.com
[edit]
[-] aviationaircraftphoto.com.carfac.com-ssl_log
[edit]
[-] carfac.com
[edit]
[-] davekochphoto.com.carfac.com
[edit]
[-] moabmonsters.com.carfac.com
[edit]
[-] tattoo-utah.com.carfac.com
[edit]
[-] unitphotog.com.carfac.com-ssl_log
[edit]
[-] photo-utah.com.carfac.com
[edit]
[-] aviationaircraftphoto.com.carfac.com
[edit]
[-] aeromediaimages.com.carfac.com
[edit]
[-] utahrealestate.photo.carfac.com
[edit]
[-] tattoo-utah.com.carfac.com-ssl_log
[edit]
[+]
..
[-] scooterthetort.com.carfac.com
[edit]
[-] carfac.com-ssl_log
[edit]
[-] aeromedia.photo.carfac.com
[edit]