66.249.74.169 - - [18/May/2026:10:19:12 +0000] "GET /?items/O44082165023/ HTTP/1.1" 200 23334 "-" "Mozilla/5.0 (Linux; Android 6.0.1; Nexus 5X Build/MMB29P) AppleWebKit/537.36 (KHTML, like Gecko) Chrome/148.0.7778.96 Mobile Safari/537.36 (compatible; GoogleOther)"
216.73.217.131 - - [18/May/2026:10:19:13 +0000] "GET /items/O440499047493/ HTTP/1.1" 500 20 "-" "Mozilla/5.0 AppleWebKit/537.36 (KHTML, like Gecko; compatible; ClaudeBot/1.0; +claudebot@anthropic.com)"
66.249.74.160 - - [18/May/2026:10:19:13 +0000] "GET /?items/O44092956394/ HTTP/1.1" 200 24011 "-" "Mozilla/5.0 (Linux; Android 6.0.1; Nexus 5X Build/MMB29P) AppleWebKit/537.36 (KHTML, like Gecko) Chrome/148.0.7778.96 Mobile Safari/537.36 (compatible; Googlebot/2.1; +http://www.google.com/bot.html)"
104.249.35.209 - - [18/May/2026:10:19:14 +0000] "GET / HTTP/1.1" 500 20 "-" "Mozilla/5.0 (iPhone; CPU iPhone OS 17_6_1 like Mac OS X) AppleWebKit/605.1.15 (KHTML, like Gecko) Version/17.6 Mobile/15E148 Safari/604.1 OPT/5.3.0"
104.249.35.209 - - [18/May/2026:10:19:15 +0000] "GET /items/O4405709998/ HTTP/1.1" 500 20 "https://www.davekochphoto.com/" "Mozilla/5.0 (iPhone; CPU iPhone OS 17_6_1 like Mac OS X) AppleWebKit/605.1.15 (KHTML, like Gecko) Version/17.6 Mobile/15E148 Safari/604.1 OPT/5.3.0"
71.193.133.254 - - [18/May/2026:10:19:17 +0000] "GET / HTTP/1.1" 500 20 "https://davekochphoto.com/" "Mozilla/5.0 (iPhone; CPU iPhone OS 17_6_1 like Mac OS X) AppleWebKit/605.1.15 (KHTML, like Gecko) FxiOS/133.4 Mobile/15E148 Safari/605.1.15"
216.73.217.131 - - [18/May/2026:10:19:18 +0000] "GET /items/O440694178610/ HTTP/1.1" 500 20 "-" "Mozilla/5.0 AppleWebKit/537.36 (KHTML, like Gecko; compatible; ClaudeBot/1.0; +claudebot@anthropic.com)"
66.249.74.169 - - [18/May/2026:10:19:18 +0000] "GET /items/O44071865558/ HTTP/1.1" 200 23373 "-" "Mozilla/5.0 (Linux; Android 6.0.1; Nexus 5X Build/MMB29P) AppleWebKit/537.36 (KHTML, like Gecko) Chrome/148.0.7778.96 Mobile Safari/537.36 (compatible; Googlebot/2.1; +http://www.google.com/bot.html)"
66.249.74.169 - - [18/May/2026:10:19:18 +0000] "GET /?items/O44061140346/ HTTP/1.1" 200 23505 "-" "Mozilla/5.0 (Linux; Android 6.0.1; Nexus 5X Build/MMB29P) AppleWebKit/537.36 (KHTML, like Gecko) Chrome/148.0.7778.96 Mobile Safari/537.36 (compatible; Googlebot/2.1; +http://www.google.com/bot.html)"
71.193.133.254 - - [18/May/2026:10:19:19 +0000] "GET /items/O4405709998/ HTTP/1.1" 500 20 "https://www.davekochphoto.com/" "Mozilla/5.0 (iPhone; CPU iPhone OS 17_6_1 like Mac OS X) AppleWebKit/605.1.15 (KHTML, like Gecko) FxiOS/133.4 Mobile/15E148 Safari/605.1.15"
73.132.238.97 - - [18/May/2026:10:19:23 +0000] "GET / HTTP/1.1" 500 20 "https://davekochphoto.com/" "Mozilla/5.0 (iPhone; CPU iPhone OS 18_0 like Mac OS X) AppleWebKit/605.1.15 (KHTML, like Gecko) Version/18.0 Mobile/15E148 Safari/604.1"
216.73.217.131 - - [18/May/2026:10:19:23 +0000] "GET /items/O44085272914/ HTTP/1.1" 500 20 "-" "Mozilla/5.0 AppleWebKit/537.36 (KHTML, like Gecko; compatible; ClaudeBot/1.0; +claudebot@anthropic.com)"
66.249.74.169 - - [18/May/2026:10:19:23 +0000] "GET /?items/O44092735102/ HTTP/1.1" 200 23374 "-" "Mozilla/5.0 (Linux; Android 6.0.1; Nexus 5X Build/MMB29P) AppleWebKit/537.36 (KHTML, like Gecko) Chrome/148.0.7778.96 Mobile Safari/537.36 (compatible; GoogleOther)"
66.249.74.169 - - [18/May/2026:10:19:24 +0000] "GET /items/O4405925952/ HTTP/1.1" 200 23902 "-" "Mozilla/5.0 (Linux; Android 6.0.1; Nexus 5X Build/MMB29P) AppleWebKit/537.36 (KHTML, like Gecko) Chrome/148.0.7778.96 Mobile Safari/537.36 (compatible; Googlebot/2.1; +http://www.google.com/bot.html)"
76.176.55.86 - - [18/May/2026:10:19:24 +0000] "GET / HTTP/1.1" 500 20 "-" "Mozilla/5.0 (iPhone; CPU iPhone OS 17_3_1 like Mac OS X) AppleWebKit/605.1.15 (KHTML, like Gecko) FxiOS/124.0 Mobile/15E148 Safari/605.1.15"
66.249.74.169 - - [18/May/2026:10:19:24 +0000] "GET /items/O44071673499/ HTTP/1.1" 200 23539 "-" "Mozilla/5.0 (Linux; Android 6.0.1; Nexus 5X Build/MMB29P) AppleWebKit/537.36 (KHTML, like Gecko) Chrome/148.0.7778.96 Mobile Safari/537.36 (compatible; Googlebot/2.1; +http://www.google.com/bot.html)"
73.132.238.97 - - [18/May/2026:10:19:25 +0000] "GET /items/O4405709998/ HTTP/1.1" 500 20 "https://www.davekochphoto.com/" "Mozilla/5.0 (iPhone; CPU iPhone OS 18_0 like Mac OS X) AppleWebKit/605.1.15 (KHTML, like Gecko) Version/18.0 Mobile/15E148 Safari/604.1"
209.192.132.187 - - [18/May/2026:10:19:25 +0000] "GET /items/O4405709998/ HTTP/1.1" 500 20 "https://davekochphoto.com/" "Mozilla/5.0 (iPhone; CPU iPhone OS 17_6 like Mac OS X) AppleWebKit/605.1.15 (KHTML, like Gecko) EdgiOS/128.0.2739.60 Version/17.0 Mobile/15E148 Safari/604.1"
76.176.55.86 - - [18/May/2026:10:19:26 +0000] "GET /items/O4405709998/ HTTP/1.1" 500 20 "https://www.davekochphoto.com/" "Mozilla/5.0 (iPhone; CPU iPhone OS 17_3_1 like Mac OS X) AppleWebKit/605.1.15 (KHTML, like Gecko) FxiOS/124.0 Mobile/15E148 Safari/605.1.15"
73.103.125.28 - - [18/May/2026:10:19:26 +0000] "GET /items/O4405709998/ HTTP/1.1" 500 20 "-" "Mozilla/5.0 (iPhone; CPU iPhone OS 16_0 like Mac OS X) AppleWebKit/605.1.15 (KHTML, like Gecko) CriOS/99.0.4844.47 Mobile/15E148 Safari/604.1"
216.73.217.131 - - [18/May/2026:10:19:28 +0000] "GET /items/O44046273579/ HTTP/1.1" 500 20 "-" "Mozilla/5.0 AppleWebKit/537.36 (KHTML, like Gecko; compatible; ClaudeBot/1.0; +claudebot@anthropic.com)"
66.249.74.169 - - [18/May/2026:10:19:29 +0000] "GET /?items/O44092817706/ HTTP/1.1" 200 23649 "-" "Mozilla/5.0 (Linux; Android 6.0.1; Nexus 5X Build/MMB29P) AppleWebKit/537.36 (KHTML, like Gecko) Chrome/148.0.7778.96 Mobile Safari/537.36 (compatible; Googlebot/2.1; +http://www.google.com/bot.html)"
47.177.0.151 - - [18/May/2026:10:19:32 +0000] "GET /items/O4405709998/ HTTP/1.1" 500 20 "https://www.yandex.com/" "Mozilla/5.0 (iPhone; CPU iPhone OS 15_6 like Mac OS X) AppleWebKit/605.1.15 (KHTML, like Gecko) Version/15_6 Mobile/15E148 Safari/604.1"
216.73.217.131 - - [18/May/2026:10:19:33 +0000] "GET /items/O440847165033/ HTTP/1.1" 500 20 "-" "Mozilla/5.0 AppleWebKit/537.36 (KHTML, like Gecko; compatible; ClaudeBot/1.0; +claudebot@anthropic.com)"
66.249.74.169 - - [18/May/2026:10:19:34 +0000] "GET /?items/O44092679018/ HTTP/1.1" 200 23618 "-" "Mozilla/5.0 (Linux; Android 6.0.1; Nexus 5X Build/MMB29P) AppleWebKit/537.36 (KHTML, like Gecko) Chrome/148.0.7778.96 Mobile Safari/537.36 (compatible; Googlebot/2.1; +http://www.google.com/bot.html)"
66.249.74.169 - - [18/May/2026:10:19:34 +0000] "GET /items/O44082373962/ HTTP/1.1" 200 23433 "-" "Mozilla/5.0 (Linux; Android 6.0.1; Nexus 5X Build/MMB29P) AppleWebKit/537.36 (KHTML, like Gecko) Chrome/148.0.7778.96 Mobile Safari/537.36 (compatible; GoogleOther)"
23.27.146.30 - - [18/May/2026:10:19:35 +0000] "GET / HTTP/1.1" 500 20 "https://davekochphoto.com/" "Mozilla/5.0 (iPhone; CPU iPhone OS 26_0 like Mac OS X) AppleWebKit/605.1.15 (KHTML, like Gecko) Version/26.0 Mobile/15E148 Safari/604.1"
98.161.70.222 - - [18/May/2026:10:19:36 +0000] "GET /items/O4405709998/ HTTP/1.1" 500 20 "https://davekochphoto.com/" "Mozilla/5.0 (iPhone; CPU iPhone OS 26_0 like Mac OS X) AppleWebKit/605.1.15 (KHTML, like Gecko) Version/26.0 Mobile/15E148 Safari/604.1"
2a03:2880:f806:3c:: - - [18/May/2026:10:19:37 +0000] "GET /items/O306350612/ HTTP/1.1" 500 20 "-" "meta-externalagent/1.1 (+https://developers.facebook.com/docs/sharing/webmasters/crawler)"
23.27.146.30 - - [18/May/2026:10:19:37 +0000] "GET /items/O4405709998/ HTTP/1.1" 500 20 "https://www.davekochphoto.com/" "Mozilla/5.0 (iPhone; CPU iPhone OS 26_0 like Mac OS X) AppleWebKit/605.1.15 (KHTML, like Gecko) Version/26.0 Mobile/15E148 Safari/604.1"
104.143.88.128 - - [18/May/2026:10:19:37 +0000] "GET /items/O4405709998/ HTTP/1.1" 500 20 "https://www.yahoo.com/" "Mozilla/5.0 (iPhone; CPU iPhone OS 17_3_1 like Mac OS X) AppleWebKit/605.1.15 (KHTML, like Gecko) FxiOS/124.0 Mobile/15E148 Safari/605.1.15"
216.73.217.131 - - [18/May/2026:10:19:38 +0000] "GET /items/O44064152896/ HTTP/1.1" 500 20 "-" "Mozilla/5.0 AppleWebKit/537.36 (KHTML, like Gecko; compatible; ClaudeBot/1.0; +claudebot@anthropic.com)"
23.80.49.58 - - [18/May/2026:10:19:39 +0000] "GET /items/O4405709998/ HTTP/1.1" 500 20 "https://www.bing.com/" "Mozilla/5.0 (iPhone; CPU iPhone OS 16_0 like Mac OS X) AppleWebKit/605.1.15 (KHTML, like Gecko) Version/16_0 Mobile/15E148 Safari/604.1"
66.249.74.160 - - [18/May/2026:10:19:39 +0000] "GET /items/O44071980052/ HTTP/1.1" 200 23739 "-" "Mozilla/5.0 (Linux; Android 6.0.1; Nexus 5X Build/MMB29P) AppleWebKit/537.36 (KHTML, like Gecko) Chrome/148.0.7778.96 Mobile Safari/537.36 (compatible; Googlebot/2.1; +http://www.google.com/bot.html)"
40.77.167.247 - - [18/May/2026:10:19:39 +0000] "GET /sitemap_searche_693.xml HTTP/1.1" 200 5453 "-" "Mozilla/5.0 AppleWebKit/537.36 (KHTML, like Gecko; compatible; bingbot/2.0; +http://www.bing.com/bingbot.htm) Chrome/116.0.1938.76 Safari/537.36"
107.174.179.180 - - [18/May/2026:10:19:41 +0000] "GET /items/O4405709998/ HTTP/1.1" 500 20 "-" "Mozilla/5.0 (iPhone; CPU iPhone OS 16_0 like Mac OS X) AppleWebKit/605.1.15 (KHTML, like Gecko) Version/16_0 Mobile/15E148 Safari/604.1"
216.73.217.131 - - [18/May/2026:10:19:43 +0000] "GET /items/O44046187929/ HTTP/1.1" 500 20 "-" "Mozilla/5.0 AppleWebKit/537.36 (KHTML, like Gecko; compatible; ClaudeBot/1.0; +claudebot@anthropic.com)"
66.249.74.169 - - [18/May/2026:10:19:44 +0000] "GET /items/O44061416789/ HTTP/1.1" 200 22893 "-" "Mozilla/5.0 (Linux; Android 6.0.1; Nexus 5X Build/MMB29P) AppleWebKit/537.36 (KHTML, like Gecko) Chrome/148.0.7778.96 Mobile Safari/537.36 (compatible; Googlebot/2.1; +http://www.google.com/bot.html)"
66.249.74.169 - - [18/May/2026:10:19:44 +0000] "GET /?items/O44092726298/ HTTP/1.1" 200 23360 "-" "Mozilla/5.0 (Linux; Android 6.0.1; Nexus 5X Build/MMB29P) AppleWebKit/537.36 (KHTML, like Gecko) Chrome/148.0.7778.96 Mobile Safari/537.36 (compatible; Googlebot/2.1; +http://www.google.com/bot.html)"
67.203.61.167 - - [18/May/2026:10:19:45 +0000] "GET /items/O4405709998/ HTTP/1.1" 500 20 "-" "Mozilla/5.0 (iPhone; CPU iPhone OS 17_3_1 like Mac OS X) AppleWebKit/605.1.15 (KHTML, like Gecko) FxiOS/124.0 Mobile/15E148 Safari/605.1.15"
66.249.74.169 - - [18/May/2026:10:19:46 +0000] "GET /?items/O44082269732/ HTTP/1.1" 200 23059 "-" "Mozilla/5.0 (Linux; Android 6.0.1; Nexus 5X Build/MMB29P) AppleWebKit/537.36 (KHTML, like Gecko) Chrome/148.0.7778.96 Mobile Safari/537.36 (compatible; GoogleOther)"
73.107.86.165 - - [18/May/2026:10:19:47 +0000] "GET /items/O4405709998/ HTTP/1.1" 500 20 "https://davekochphoto.com/" "Mozilla/5.0 (iPhone; CPU iPhone OS 17_6_1 like Mac OS X) AppleWebKit/605.1.15 (KHTML, like Gecko) Version/17.6 Mobile/15E148 Safari/604.1 OPT/5.3.0"
216.73.217.131 - - [18/May/2026:10:19:48 +0000] "GET /items/O44056917042/ HTTP/1.1" 500 20 "-" "Mozilla/5.0 AppleWebKit/537.36 (KHTML, like Gecko; compatible; ClaudeBot/1.0; +claudebot@anthropic.com)"
212.93.144.205 - - [18/May/2026:10:19:48 +0000] "GET /items/O4405709998/ HTTP/1.1" 500 20 "https://davekochphoto.com/" "Mozilla/5.0 (iPhone; CPU iPhone OS 15_6 like Mac OS X) AppleWebKit/605.1.15 (KHTML, like Gecko) Version/15_6 Mobile/15E148 Safari/604.1"
76.173.148.213 - - [18/May/2026:10:19:48 +0000] "GET / HTTP/1.1" 500 20 "https://davekochphoto.com/" "Mozilla/5.0 (iPhone; CPU iPhone OS 17_3_1 like Mac OS X) AppleWebKit/605.1.15 (KHTML, like Gecko) FxiOS/124.0 Mobile/15E148 Safari/605.1.15"
73.32.255.225 - - [18/May/2026:10:19:48 +0000] "GET /items/O4405709998/ HTTP/1.1" 500 20 "-" "Mozilla/5.0 (iPhone; CPU iPhone OS 17_0 like Mac OS X) AppleWebKit/605.1.15 (KHTML, like Gecko) Version/17.0 Mobile/15E148 Safari/604.1"
76.173.148.213 - - [18/May/2026:10:19:51 +0000] "GET /items/O4405709998/ HTTP/1.1" 500 20 "https://www.davekochphoto.com/" "Mozilla/5.0 (iPhone; CPU iPhone OS 17_3_1 like Mac OS X) AppleWebKit/605.1.15 (KHTML, like Gecko) FxiOS/124.0 Mobile/15E148 Safari/605.1.15"
96.255.181.65 - - [18/May/2026:10:19:52 +0000] "GET /items/O4405709998/ HTTP/1.1" 500 20 "-" "Mozilla/5.0 (iPhone; CPU iPhone OS 17_4 like Mac OS X) AppleWebKit/605.1.15 (KHTML, like Gecko) EdgiOS/122.0.2365.99 Version/17.0 Mobile/15E148 Safari/604.1"
216.73.217.131 - - [18/May/2026:10:19:53 +0000] "GET /items/O440691467441/ HTTP/1.1" 500 20 "-" "Mozilla/5.0 AppleWebKit/537.36 (KHTML, like Gecko; compatible; ClaudeBot/1.0; +claudebot@anthropic.com)"
73.187.140.100 - - [18/May/2026:10:19:53 +0000] "GET /items/O4405709998/ HTTP/1.1" 500 20 "https://www.yahoo.com/" "Mozilla/5.0 (iPhone; CPU iPhone OS 17_5 like Mac OS X) AppleWebKit/605.1.15 (KHTML, like Gecko) Version/17.5 Mobile/15E148 Safari/604.1"
66.249.74.160 - - [18/May/2026:10:19:53 +0000] "GET /items/O44071907891/ HTTP/1.1" 200 23785 "-" "Mozilla/5.0 (Linux; Android 6.0.1; Nexus 5X Build/MMB29P) AppleWebKit/537.36 (KHTML, like Gecko) Chrome/148.0.7778.96 Mobile Safari/537.36 (compatible; Googlebot/2.1; +http://www.google.com/bot.html)"
66.249.74.160 - - [18/May/2026:10:19:54 +0000] "GET /?items/O44092792490/ HTTP/1.1" 200 24188 "-" "Mozilla/5.0 (Linux; Android 6.0.1; Nexus 5X Build/MMB29P) AppleWebKit/537.36 (KHTML, like Gecko) Chrome/148.0.7778.96 Mobile Safari/537.36 (compatible; Googlebot/2.1; +http://www.google.com/bot.html)"
142.147.232.225 - - [18/May/2026:10:19:55 +0000] "GET /items/O4405709998/ HTTP/1.1" 500 20 "https://davekochphoto.com/" "Mozilla/5.0 (iPhone; CPU iPhone OS 17_4 like Mac OS X) AppleWebKit/605.1.15 (KHTML, like Gecko) EdgiOS/122.0.2365.99 Version/17.0 Mobile/15E148 Safari/604.1"
66.249.74.160 - - [18/May/2026:10:19:57 +0000] "GET /items/O4404143755/ HTTP/1.1" 200 23399 "-" "Mozilla/5.0 (Linux; Android 6.0.1; Nexus 5X Build/MMB29P) AppleWebKit/537.36 (KHTML, like Gecko) Chrome/148.0.7778.96 Mobile Safari/537.36 (compatible; GoogleOther)"
66.249.74.169 - - [18/May/2026:10:19:57 +0000] "GET /?items/O44092773578/ HTTP/1.1" 200 23617 "-" "Mozilla/5.0 (Linux; Android 6.0.1; Nexus 5X Build/MMB29P) AppleWebKit/537.36 (KHTML, like Gecko) Chrome/148.0.7778.96 Mobile Safari/537.36 (compatible; Googlebot/2.1; +http://www.google.com/bot.html)"
216.73.217.131 - - [18/May/2026:10:19:58 +0000] "GET /items/O44088293967/ HTTP/1.1" 500 20 "-" "Mozilla/5.0 AppleWebKit/537.36 (KHTML, like Gecko; compatible; ClaudeBot/1.0; +claudebot@anthropic.com)"
66.249.74.160 - - [18/May/2026:10:19:58 +0000] "GET /items/O44082257377/ HTTP/1.1" 200 23604 "-" "Mozilla/5.0 (Linux; Android 6.0.1; Nexus 5X Build/MMB29P) AppleWebKit/537.36 (KHTML, like Gecko) Chrome/148.0.7778.96 Mobile Safari/537.36 (compatible; Googlebot/2.1; +http://www.google.com/bot.html)"
104.243.196.24 - - [18/May/2026:10:20:02 +0000] "GET /items/O4405709998/ HTTP/1.1" 500 20 "https://www.bing.com/" "Mozilla/5.0 (iPhone; CPU iPhone OS 17_3_1 like Mac OS X) AppleWebKit/605.1.15 (KHTML, like Gecko) FxiOS/124.0 Mobile/15E148 Safari/605.1.15"
107.173.228.72 - - [18/May/2026:10:20:02 +0000] "GET /items/O4405709998/ HTTP/1.1" 500 20 "-" "Mozilla/5.0 (iPhone; CPU iPhone OS 8_0 like Mac OS X) AppleWebKit/600.1.3 (KHTML, like Gecko) Version/8.0 Mobile/12A4345d Safari/600.1.4"
76.150.254.35 - - [18/May/2026:10:20:03 +0000] "GET / HTTP/1.1" 500 20 "http://www.baidu.com/" "Mozilla/5.0 (iPhone; CPU iPhone OS 16_0 like Mac OS X) AppleWebKit/605.1.15 (KHTML, like Gecko) Version/16_0 Mobile/15E148 Safari/604.1"
216.73.217.131 - - [18/May/2026:10:20:03 +0000] "GET /items/O440722683396/ HTTP/1.1" 500 20 "-" "Mozilla/5.0 AppleWebKit/537.36 (KHTML, like Gecko; compatible; ClaudeBot/1.0; +claudebot@anthropic.com)"
76.150.254.35 - - [18/May/2026:10:20:04 +0000] "GET /items/O4405709998/ HTTP/1.1" 500 20 "https://www.davekochphoto.com/" "Mozilla/5.0 (iPhone; CPU iPhone OS 16_0 like Mac OS X) AppleWebKit/605.1.15 (KHTML, like Gecko) Version/16_0 Mobile/15E148 Safari/604.1"
216.73.217.131 - - [18/May/2026:10:20:08 +0000] "GET /items/O440554713153/ HTTP/1.1" 500 20 "-" "Mozilla/5.0 AppleWebKit/537.36 (KHTML, like Gecko; compatible; ClaudeBot/1.0; +claudebot@anthropic.com)"
66.249.74.169 - - [18/May/2026:10:20:08 +0000] "GET /?items/O44082120601/ HTTP/1.1" 200 24260 "-" "Mozilla/5.0 (Linux; Android 6.0.1; Nexus 5X Build/MMB29P) AppleWebKit/537.36 (KHTML, like Gecko) Chrome/148.0.7778.96 Mobile Safari/537.36 (compatible; GoogleOther)"
66.249.74.169 - - [18/May/2026:10:20:09 +0000] "GET /?items/O4405768400/ HTTP/1.1" 200 23535 "-" "Mozilla/5.0 (Linux; Android 6.0.1; Nexus 5X Build/MMB29P) AppleWebKit/537.36 (KHTML, like Gecko) Chrome/148.0.7778.96 Mobile Safari/537.36 (compatible; Googlebot/2.1; +http://www.google.com/bot.html)"
74.7.242.11 - - [18/May/2026:10:20:13 +0000] "GET /items/O44092854494/ HTTP/1.1" 500 20 "https://davekochphoto.com/sitemap_searche_621.xml" "Mozilla/5.0 AppleWebKit/537.36 (KHTML, like Gecko; compatible; GPTBot/1.3; +https://openai.com/gptbot)"
216.73.217.131 - - [18/May/2026:10:20:14 +0000] "GET /items/O440850369355/ HTTP/1.1" 500 20 "-" "Mozilla/5.0 AppleWebKit/537.36 (KHTML, like Gecko; compatible; ClaudeBot/1.0; +claudebot@anthropic.com)"
66.249.74.160 - - [18/May/2026:10:20:14 +0000] "GET /items/O44061137036/ HTTP/1.1" 200 23778 "-" "Mozilla/5.0 (Linux; Android 6.0.1; Nexus 5X Build/MMB29P) AppleWebKit/537.36 (KHTML, like Gecko) Chrome/148.0.7778.96 Mobile Safari/537.36 (compatible; Googlebot/2.1; +http://www.google.com/bot.html)"
66.249.74.160 - - [18/May/2026:10:20:15 +0000] "GET /?items/O44082377291/ HTTP/1.1" 200 23458 "-" "Mozilla/5.0 (Linux; Android 6.0.1; Nexus 5X Build/MMB29P) AppleWebKit/537.36 (KHTML, like Gecko) Chrome/148.0.7778.96 Mobile Safari/537.36 (compatible; Googlebot/2.1; +http://www.google.com/bot.html)"
20.15.133.160 - - [18/May/2026:10:20:16 +0000] "GET /items/O44061377736/ HTTP/1.1" 200 23484 "-" "Mozilla/5.0 AppleWebKit/537.36 (KHTML, like Gecko; compatible; bingbot/2.0; +http://www.bing.com/bingbot.htm) Chrome/116.0.1938.76 Safari/537.36"
205.234.148.100 - - [18/May/2026:10:20:16 +0000] "GET / HTTP/1.1" 500 20 "http://www.baidu.com/" "Mozilla/5.0 (iPhone; CPU iPhone OS 17_4 like Mac OS X) AppleWebKit/605.1.15 (KHTML, like Gecko) EdgiOS/122.0.2365.99 Version/17.0 Mobile/15E148 Safari/604.1"
205.234.148.100 - - [18/May/2026:10:20:18 +0000] "GET /items/O4405709998/ HTTP/1.1" 500 20 "https://www.davekochphoto.com/" "Mozilla/5.0 (iPhone; CPU iPhone OS 17_4 like Mac OS X) AppleWebKit/605.1.15 (KHTML, like Gecko) EdgiOS/122.0.2365.99 Version/17.0 Mobile/15E148 Safari/604.1"
216.73.217.131 - - [18/May/2026:10:20:19 +0000] "GET /items/O44092994114/ HTTP/1.1" 500 20 "-" "Mozilla/5.0 AppleWebKit/537.36 (KHTML, like Gecko; compatible; ClaudeBot/1.0; +claudebot@anthropic.com)"
66.249.74.169 - - [18/May/2026:10:20:19 +0000] "GET /items/O440410501/ HTTP/1.1" 200 24329 "-" "Mozilla/5.0 (Linux; Android 6.0.1; Nexus 5X Build/MMB29P) AppleWebKit/537.36 (KHTML, like Gecko) Chrome/148.0.7778.96 Mobile Safari/537.36 (compatible; GoogleOther)"
40.77.167.247 - - [18/May/2026:10:20:20 +0000] "GET /items/O44092668077/ HTTP/1.1" 200 24610 "-" "Mozilla/5.0 AppleWebKit/537.36 (KHTML, like Gecko; compatible; bingbot/2.0; +http://www.bing.com/bingbot.htm) Chrome/116.0.1938.76 Safari/537.36"
216.73.217.131 - - [18/May/2026:10:20:24 +0000] "GET /items/O44082454284/ HTTP/1.1" 500 20 "-" "Mozilla/5.0 AppleWebKit/537.36 (KHTML, like Gecko; compatible; ClaudeBot/1.0; +claudebot@anthropic.com)"
38.77.222.8 - - [18/May/2026:10:20:24 +0000] "GET /items/O4405709998/ HTTP/1.1" 500 20 "https://davekochphoto.com/" "Mozilla/5.0 (iPhone; CPU iPhone OS 26_0 like Mac OS X) AppleWebKit/605.1.15 (KHTML, like Gecko) Version/26.0 Mobile/15E148 Safari/604.1"
66.249.74.169 - - [18/May/2026:10:20:25 +0000] "GET /?items/O44082293320/ HTTP/1.1" 200 23666 "-" "Mozilla/5.0 (Linux; Android 6.0.1; Nexus 5X Build/MMB29P) AppleWebKit/537.36 (KHTML, like Gecko) Chrome/148.0.7778.96 Mobile Safari/537.36 (compatible; Googlebot/2.1; +http://www.google.com/bot.html)"
66.249.74.169 - - [18/May/2026:10:20:25 +0000] "GET /items/O4405629275/ HTTP/1.1" 200 24186 "-" "Mozilla/5.0 (Linux; Android 6.0.1; Nexus 5X Build/MMB29P) AppleWebKit/537.36 (KHTML, like Gecko) Chrome/148.0.7778.96 Mobile Safari/537.36 (compatible; Googlebot/2.1; +http://www.google.com/bot.html)"
216.73.217.131 - - [18/May/2026:10:20:29 +0000] "GET /items/O440989950533/ HTTP/1.1" 500 20 "-" "Mozilla/5.0 AppleWebKit/537.36 (KHTML, like Gecko; compatible; ClaudeBot/1.0; +claudebot@anthropic.com)"
66.249.74.169 - - [18/May/2026:10:20:31 +0000] "GET /?items/O44082263386/ HTTP/1.1" 200 23983 "-" "Mozilla/5.0 (Linux; Android 6.0.1; Nexus 5X Build/MMB29P) AppleWebKit/537.36 (KHTML, like Gecko) Chrome/148.0.7778.96 Mobile Safari/537.36 (compatible; GoogleOther)"
66.249.74.169 - - [18/May/2026:10:20:32 +0000] "GET /?items/O44092902810/ HTTP/1.1" 200 24490 "-" "Mozilla/5.0 (Linux; Android 6.0.1; Nexus 5X Build/MMB29P) AppleWebKit/537.36 (KHTML, like Gecko) Chrome/148.0.7778.96 Mobile Safari/537.36 (compatible; Googlebot/2.1; +http://www.google.com/bot.html)"
66.249.74.169 - - [18/May/2026:10:20:32 +0000] "GET /items/O44061239577/ HTTP/1.1" 200 23406 "-" "Mozilla/5.0 (Linux; Android 6.0.1; Nexus 5X Build/MMB29P) AppleWebKit/537.36 (KHTML, like Gecko) Chrome/148.0.7778.96 Mobile Safari/537.36 (compatible; Googlebot/2.1; +http://www.google.com/bot.html)"
216.73.217.131 - - [18/May/2026:10:20:34 +0000] "GET /items/O44046166938/ HTTP/1.1" 500 20 "-" "Mozilla/5.0 AppleWebKit/537.36 (KHTML, like Gecko; compatible; ClaudeBot/1.0; +claudebot@anthropic.com)"
216.73.217.131 - - [18/May/2026:10:20:39 +0000] "GET /items/O44082273119/ HTTP/1.1" 500 20 "-" "Mozilla/5.0 AppleWebKit/537.36 (KHTML, like Gecko; compatible; ClaudeBot/1.0; +claudebot@anthropic.com)"
66.249.74.169 - - [18/May/2026:10:20:41 +0000] "GET /?items/O44092701082/ HTTP/1.1" 200 23831 "-" "Mozilla/5.0 (Linux; Android 6.0.1; Nexus 5X Build/MMB29P) AppleWebKit/537.36 (KHTML, like Gecko) Chrome/148.0.7778.96 Mobile Safari/537.36 (compatible; Googlebot/2.1; +http://www.google.com/bot.html)"
66.249.74.169 - - [18/May/2026:10:20:42 +0000] "GET /?items/O44092896354/ HTTP/1.1" 200 23422 "-" "Mozilla/5.0 (Linux; Android 6.0.1; Nexus 5X Build/MMB29P) AppleWebKit/537.36 (KHTML, like Gecko) Chrome/148.0.7778.96 Mobile Safari/537.36 (compatible; GoogleOther)"
2a03:2880:f806:b:: - - [18/May/2026:10:20:43 +0000] "GET /items/C165317672/ HTTP/1.1" 500 20 "-" "meta-externalagent/1.1 (+https://developers.facebook.com/docs/sharing/webmasters/crawler)"
40.77.167.151 - - [18/May/2026:10:20:42 +0000] "GET /sitemap_searche_523.xml HTTP/1.1" 200 5432 "-" "Mozilla/5.0 AppleWebKit/537.36 (KHTML, like Gecko; compatible; bingbot/2.0; +http://www.bing.com/bingbot.htm) Chrome/116.0.1938.76 Safari/537.36"
216.73.217.131 - - [18/May/2026:10:20:44 +0000] "GET /items/O44095551281/ HTTP/1.1" 500 20 "-" "Mozilla/5.0 AppleWebKit/537.36 (KHTML, like Gecko; compatible; ClaudeBot/1.0; +claudebot@anthropic.com)"
66.249.74.160 - - [18/May/2026:10:20:46 +0000] "GET /items/Z163960147/ HTTP/1.1" 200 23479 "-" "Mozilla/5.0 (Linux; Android 6.0.1; Nexus 5X Build/MMB29P) AppleWebKit/537.36 (KHTML, like Gecko) Chrome/148.0.7778.96 Mobile Safari/537.36 (compatible; Googlebot/2.1; +http://www.google.com/bot.html)"
66.249.74.169 - - [18/May/2026:10:20:47 +0000] "GET /?items/O44092849226/ HTTP/1.1" 200 23722 "-" "Mozilla/5.0 (Linux; Android 6.0.1; Nexus 5X Build/MMB29P) AppleWebKit/537.36 (KHTML, like Gecko) Chrome/148.0.7778.96 Mobile Safari/537.36 (compatible; Googlebot/2.1; +http://www.google.com/bot.html)"
66.249.74.169 - - [18/May/2026:10:20:48 +0000] "GET /items/O44071945245/ HTTP/1.1" 200 23722 "-" "Mozilla/5.0 (Linux; Android 6.0.1; Nexus 5X Build/MMB29P) AppleWebKit/537.36 (KHTML, like Gecko) Chrome/148.0.7778.96 Mobile Safari/537.36 (compatible; GoogleOther)"
216.73.217.131 - - [18/May/2026:10:20:49 +0000] "GET /items/O44067234866/ HTTP/1.1" 500 20 "-" "Mozilla/5.0 AppleWebKit/537.36 (KHTML, like Gecko; compatible; ClaudeBot/1.0; +claudebot@anthropic.com)"
40.77.167.247 - - [18/May/2026:10:20:49 +0000] "GET /sitemap_searche_413.xml HTTP/1.1" 200 5463 "-" "Mozilla/5.0 AppleWebKit/537.36 (KHTML, like Gecko; compatible; bingbot/2.0; +http://www.bing.com/bingbot.htm) Chrome/116.0.1938.76 Safari/537.36"
40.77.167.247 - - [18/May/2026:10:20:50 +0000] "GET /sitemap_searche_660.xml HTTP/1.1" 200 5460 "-" "Mozilla/5.0 AppleWebKit/537.36 (KHTML, like Gecko; compatible; bingbot/2.0; +http://www.bing.com/bingbot.htm) Chrome/116.0.1938.76 Safari/537.36"
66.249.74.169 - - [18/May/2026:10:20:52 +0000] "GET /?items/O4404276883/ HTTP/1.1" 200 23853 "-" "Mozilla/5.0 (Linux; Android 6.0.1; Nexus 5X Build/MMB29P) AppleWebKit/537.36 (KHTML, like Gecko) Chrome/148.0.7778.96 Mobile Safari/537.36 (compatible; GoogleOther)"
216.73.217.131 - - [18/May/2026:10:20:54 +0000] "GET /items/O440935731847/ HTTP/1.1" 500 20 "-" "Mozilla/5.0 AppleWebKit/537.36 (KHTML, like Gecko; compatible; ClaudeBot/1.0; +claudebot@anthropic.com)"
66.249.74.169 - - [18/May/2026:10:20:55 +0000] "GET /?items/O4404119625/ HTTP/1.1" 200 23966 "-" "Mozilla/5.0 (Linux; Android 6.0.1; Nexus 5X Build/MMB29P) AppleWebKit/537.36 (KHTML, like Gecko) Chrome/148.0.7778.96 Mobile Safari/537.36 (compatible; GoogleOther)"
66.249.74.160 - - [18/May/2026:10:20:56 +0000] "GET /?items/O44092909114/ HTTP/1.1" 200 23909 "-" "Mozilla/5.0 (Linux; Android 6.0.1; Nexus 5X Build/MMB29P) AppleWebKit/537.36 (KHTML, like Gecko) Chrome/148.0.7778.96 Mobile Safari/537.36 (compatible; Googlebot/2.1; +http://www.google.com/bot.html)"
216.73.217.131 - - [18/May/2026:10:20:59 +0000] "GET /items/O440835050296/ HTTP/1.1" 500 20 "-" "Mozilla/5.0 AppleWebKit/537.36 (KHTML, like Gecko; compatible; ClaudeBot/1.0; +claudebot@anthropic.com)"
216.73.217.131 - - [18/May/2026:10:21:04 +0000] "GET /items/O440847471620/ HTTP/1.1" 500 20 "-" "Mozilla/5.0 AppleWebKit/537.36 (KHTML, like Gecko; compatible; ClaudeBot/1.0; +claudebot@anthropic.com)"
103.172.118.74 - - [18/May/2026:10:21:04 +0000] "GET /favicon.ico HTTP/1.1" 500 20 "https://davekochphoto.com/copyright/" "Mozilla/5.0 (Linux; Android 10; K) AppleWebKit/537.36 (KHTML, like Gecko) Chrome/147.0.0.0 Mobile Safari/537.36"
66.249.74.160 - - [18/May/2026:10:21:04 +0000] "GET /items/O4404180823/ HTTP/1.1" 200 23523 "-" "Mozilla/5.0 (Linux; Android 6.0.1; Nexus 5X Build/MMB29P) AppleWebKit/537.36 (KHTML, like Gecko) Chrome/148.0.7778.96 Mobile Safari/537.36 (compatible; GoogleOther)"
103.172.118.74 - - [18/May/2026:10:21:04 +0000] "GET /copyright/ HTTP/1.1" 200 633949 "https://www.google.com/" "Mozilla/5.0 (Linux; Android 10; K) AppleWebKit/537.36 (KHTML, like Gecko) Chrome/147.0.0.0 Mobile Safari/537.36"
66.249.74.169 - - [18/May/2026:10:21:05 +0000] "GET /?items/O4405888586/ HTTP/1.1" 200 23414 "-" "Mozilla/5.0 (Linux; Android 6.0.1; Nexus 5X Build/MMB29P) AppleWebKit/537.36 (KHTML, like Gecko) Chrome/148.0.7778.96 Mobile Safari/537.36 (compatible; Googlebot/2.1; +http://www.google.com/bot.html)"
216.73.217.131 - - [18/May/2026:10:21:09 +0000] "GET /items/O440779830611/ HTTP/1.1" 500 20 "-" "Mozilla/5.0 AppleWebKit/537.36 (KHTML, like Gecko; compatible; ClaudeBot/1.0; +claudebot@anthropic.com)"
66.249.74.169 - - [18/May/2026:10:21:10 +0000] "GET /?items/O44092707386/ HTTP/1.1" 200 23392 "-" "Mozilla/5.0 (Linux; Android 6.0.1; Nexus 5X Build/MMB29P) AppleWebKit/537.36 (KHTML, like Gecko) Chrome/148.0.7778.96 Mobile Safari/537.36 (compatible; Googlebot/2.1; +http://www.google.com/bot.html)"
66.249.74.169 - - [18/May/2026:10:21:11 +0000] "GET /?items/O44092857268/ HTTP/1.1" 200 23489 "-" "Mozilla/5.0 (Linux; Android 6.0.1; Nexus 5X Build/MMB29P) AppleWebKit/537.36 (KHTML, like Gecko) Chrome/148.0.7778.96 Mobile Safari/537.36 (compatible; GoogleOther)"
216.73.217.131 - - [18/May/2026:10:21:14 +0000] "GET /items/O440914910051/ HTTP/1.1" 500 20 "-" "Mozilla/5.0 AppleWebKit/537.36 (KHTML, like Gecko; compatible; ClaudeBot/1.0; +claudebot@anthropic.com)"
66.249.74.169 - - [18/May/2026:10:21:15 +0000] "GET /items/O44082278357/ HTTP/1.1" 200 23395 "-" "Mozilla/5.0 (Linux; Android 6.0.1; Nexus 5X Build/MMB29P) AppleWebKit/537.36 (KHTML, like Gecko) Chrome/148.0.7778.96 Mobile Safari/537.36 (compatible; Googlebot/2.1; +http://www.google.com/bot.html)"
103.172.118.74 - - [18/May/2026:10:21:14 +0000] "GET /copyright/?__cf_chl_tk=eyXCNfiVnaE5dtwzPvlGblwUX6IxcOl.5oQhX3Q5JgQ-1779099650-1.0.1.1-oI43xPBsgEIDBtOYm0h_jmUIjsjbwYqxOpKOqbQqH6o HTTP/1.1" 200 633949 "-" "Mozilla/5.0 (Linux; Android 10; K) AppleWebKit/537.36 (KHTML, like Gecko) Chrome/147.0.0.0 Mobile Safari/537.36"
66.249.74.169 - - [18/May/2026:10:21:15 +0000] "GET /items/O44092716952/ HTTP/1.1" 200 23392 "-" "Mozilla/5.0 (Linux; Android 6.0.1; Nexus 5X Build/MMB29P) AppleWebKit/537.36 (KHTML, like Gecko) Chrome/148.0.7778.96 Mobile Safari/537.36 (compatible; GoogleOther)"
74.7.242.11 - - [18/May/2026:10:21:18 +0000] "GET /items/O44064057549/ HTTP/1.1" 500 20 "https://davekochphoto.com/sitemap_searche_621.xml" "Mozilla/5.0 AppleWebKit/537.36 (KHTML, like Gecko; compatible; GPTBot/1.3; +https://openai.com/gptbot)"
216.73.217.131 - - [18/May/2026:10:21:19 +0000] "GET /items/O440995693253/ HTTP/1.1" 500 20 "-" "Mozilla/5.0 AppleWebKit/537.36 (KHTML, like Gecko; compatible; ClaudeBot/1.0; +claudebot@anthropic.com)"
66.249.74.169 - - [18/May/2026:10:21:19 +0000] "GET /?items/O4405901174/ HTTP/1.1" 200 23455 "-" "Mozilla/5.0 (Linux; Android 6.0.1; Nexus 5X Build/MMB29P) AppleWebKit/537.36 (KHTML, like Gecko) Chrome/148.0.7778.96 Mobile Safari/537.36 (compatible; Googlebot/2.1; +http://www.google.com/bot.html)"
66.249.74.169 - - [18/May/2026:10:21:20 +0000] "GET /items/O44082000315/ HTTP/1.1" 200 23229 "-" "Mozilla/5.0 (Linux; Android 6.0.1; Nexus 5X Build/MMB29P) AppleWebKit/537.36 (KHTML, like Gecko) Chrome/148.0.7778.96 Mobile Safari/537.36 (compatible; Googlebot/2.1; +http://www.google.com/bot.html)"
66.249.74.169 - - [18/May/2026:10:21:20 +0000] "GET /items/O4404426580/ HTTP/1.1" 200 23748 "-" "Mozilla/5.0 (Linux; Android 6.0.1; Nexus 5X Build/MMB29P) AppleWebKit/537.36 (KHTML, like Gecko) Chrome/148.0.7778.96 Mobile Safari/537.36 (compatible; Googlebot/2.1; +http://www.google.com/bot.html)"
20.15.133.184 - - [18/May/2026:10:21:23 +0000] "GET /items/O44061436653/ HTTP/1.1" 200 23297 "-" "Mozilla/5.0 AppleWebKit/537.36 (KHTML, like Gecko; compatible; bingbot/2.0; +http://www.bing.com/bingbot.htm) Chrome/116.0.1938.76 Safari/537.36"
216.73.217.131 - - [18/May/2026:10:21:24 +0000] "GET /items/O440992687085/ HTTP/1.1" 500 20 "-" "Mozilla/5.0 AppleWebKit/537.36 (KHTML, like Gecko; compatible; ClaudeBot/1.0; +claudebot@anthropic.com)"
66.249.74.169 - - [18/May/2026:10:21:25 +0000] "GET /?items/O44092688474/ HTTP/1.1" 200 24524 "-" "Mozilla/5.0 (Linux; Android 6.0.1; Nexus 5X Build/MMB29P) AppleWebKit/537.36 (KHTML, like Gecko) Chrome/148.0.7778.96 Mobile Safari/537.36 (compatible; Googlebot/2.1; +http://www.google.com/bot.html)"
66.249.74.169 - - [18/May/2026:10:21:28 +0000] "GET /?items/O4404132029/ HTTP/1.1" 200 23385 "-" "Mozilla/5.0 (Linux; Android 6.0.1; Nexus 5X Build/MMB29P) AppleWebKit/537.36 (KHTML, like Gecko) Chrome/148.0.7778.96 Mobile Safari/537.36 (compatible; GoogleOther)"
216.73.217.131 - - [18/May/2026:10:21:29 +0000] "GET /items/O44043000287/ HTTP/1.1" 500 20 "-" "Mozilla/5.0 AppleWebKit/537.36 (KHTML, like Gecko; compatible; ClaudeBot/1.0; +claudebot@anthropic.com)"
66.249.74.169 - - [18/May/2026:10:21:29 +0000] "GET /items/O44082183436/ HTTP/1.1" 200 23587 "-" "Mozilla/5.0 (Linux; Android 6.0.1; Nexus 5X Build/MMB29P) AppleWebKit/537.36 (KHTML, like Gecko) Chrome/148.0.7778.96 Mobile Safari/537.36 (compatible; Googlebot/2.1; +http://www.google.com/bot.html)"
66.249.74.169 - - [18/May/2026:10:21:33 +0000] "GET /items/O44061219024/ HTTP/1.1" 200 23766 "-" "Mozilla/5.0 (Linux; Android 6.0.1; Nexus 5X Build/MMB29P) AppleWebKit/537.36 (KHTML, like Gecko) Chrome/148.0.7778.96 Mobile Safari/537.36 (compatible; Googlebot/2.1; +http://www.google.com/bot.html)"
216.73.217.131 - - [18/May/2026:10:21:34 +0000] "GET /items/O4405789020/ HTTP/1.1" 500 20 "-" "Mozilla/5.0 AppleWebKit/537.36 (KHTML, like Gecko; compatible; ClaudeBot/1.0; +claudebot@anthropic.com)"
66.249.74.160 - - [18/May/2026:10:21:38 +0000] "GET /items/O4404193179/ HTTP/1.1" 200 23715 "-" "Mozilla/5.0 (Linux; Android 6.0.1; Nexus 5X Build/MMB29P) AppleWebKit/537.36 (KHTML, like Gecko) Chrome/148.0.7778.96 Mobile Safari/537.36 (compatible; GoogleOther)"
216.73.217.131 - - [18/May/2026:10:21:39 +0000] "GET /items/O44074970369/ HTTP/1.1" 500 20 "-" "Mozilla/5.0 AppleWebKit/537.36 (KHTML, like Gecko; compatible; ClaudeBot/1.0; +claudebot@anthropic.com)"
66.249.74.169 - - [18/May/2026:10:21:39 +0000] "GET /items/O44071637335/ HTTP/1.1" 200 23690 "-" "Mozilla/5.0 (Linux; Android 6.0.1; Nexus 5X Build/MMB29P) AppleWebKit/537.36 (KHTML, like Gecko) Chrome/148.0.7778.96 Mobile Safari/537.36 (compatible; Googlebot/2.1; +http://www.google.com/bot.html)"
66.249.74.160 - - [18/May/2026:10:21:42 +0000] "GET /?items/O4404276883/ HTTP/1.1" 200 23853 "-" "Mozilla/5.0 (Linux; Android 6.0.1; Nexus 5X Build/MMB29P) AppleWebKit/537.36 (KHTML, like Gecko) Chrome/148.0.7778.96 Mobile Safari/537.36 (compatible; Googlebot/2.1; +http://www.google.com/bot.html)"
216.73.217.131 - - [18/May/2026:10:21:44 +0000] "GET /items/O440536536096/ HTTP/1.1" 500 20 "-" "Mozilla/5.0 AppleWebKit/537.36 (KHTML, like Gecko; compatible; ClaudeBot/1.0; +claudebot@anthropic.com)"
66.249.74.169 - - [18/May/2026:10:21:44 +0000] "GET /?items/O44092928026/ HTTP/1.1" 200 23872 "-" "Mozilla/5.0 (Linux; Android 6.0.1; Nexus 5X Build/MMB29P) AppleWebKit/537.36 (KHTML, like Gecko) Chrome/148.0.7778.96 Mobile Safari/537.36 (compatible; Googlebot/2.1; +http://www.google.com/bot.html)"
40.77.167.18 - - [18/May/2026:10:21:48 +0000] "GET /sitemap_searche_554.xml HTTP/1.1" 200 5445 "-" "Mozilla/5.0 AppleWebKit/537.36 (KHTML, like Gecko; compatible; bingbot/2.0; +http://www.bing.com/bingbot.htm) Chrome/116.0.1938.76 Safari/537.36"
216.73.217.131 - - [18/May/2026:10:21:49 +0000] "GET /items/O440649114159/ HTTP/1.1" 500 20 "-" "Mozilla/5.0 AppleWebKit/537.36 (KHTML, like Gecko; compatible; ClaudeBot/1.0; +claudebot@anthropic.com)"
66.249.74.169 - - [18/May/2026:10:21:49 +0000] "GET /?items/O4404221958/ HTTP/1.1" 200 23751 "-" "Mozilla/5.0 (Linux; Android 6.0.1; Nexus 5X Build/MMB29P) AppleWebKit/537.36 (KHTML, like Gecko) Chrome/148.0.7778.96 Mobile Safari/537.36 (compatible; GoogleOther)"
40.77.167.18 - - [18/May/2026:10:21:49 +0000] "GET /sitemap_searche_690.xml HTTP/1.1" 200 5488 "-" "Mozilla/5.0 AppleWebKit/537.36 (KHTML, like Gecko; compatible; bingbot/2.0; +http://www.bing.com/bingbot.htm) Chrome/116.0.1938.76 Safari/537.36"
2a03:2880:f806:42:: - - [18/May/2026:10:21:50 +0000] "GET /items/H72674945/ HTTP/1.1" 500 20 "-" "meta-externalagent/1.1 (+https://developers.facebook.com/docs/sharing/webmasters/crawler)"
66.249.74.160 - - [18/May/2026:10:21:50 +0000] "GET /items/O44071720370/ HTTP/1.1" 200 23358 "-" "Mozilla/5.0 (Linux; Android 6.0.1; Nexus 5X Build/MMB29P) AppleWebKit/537.36 (KHTML, like Gecko) Chrome/148.0.7778.96 Mobile Safari/537.36 (compatible; Googlebot/2.1; +http://www.google.com/bot.html)"
66.249.74.169 - - [18/May/2026:10:21:50 +0000] "GET /?items/O4405558020/ HTTP/1.1" 200 23605 "-" "Mozilla/5.0 (Linux; Android 6.0.1; Nexus 5X Build/MMB29P) AppleWebKit/537.36 (KHTML, like Gecko) Chrome/148.0.7778.96 Mobile Safari/537.36 (compatible; Googlebot/2.1; +http://www.google.com/bot.html)"
66.249.74.169 - - [18/May/2026:10:21:51 +0000] "GET /items/O44071821597/ HTTP/1.1" 200 24060 "-" "Mozilla/5.0 (Linux; Android 6.0.1; Nexus 5X Build/MMB29P) AppleWebKit/537.36 (KHTML, like Gecko) Chrome/148.0.7778.96 Mobile Safari/537.36 (compatible; Googlebot/2.1; +http://www.google.com/bot.html)"
66.249.74.160 - - [18/May/2026:10:21:52 +0000] "GET /?items/O44082218365/ HTTP/1.1" 200 23413 "-" "Mozilla/5.0 (Linux; Android 6.0.1; Nexus 5X Build/MMB29P) AppleWebKit/537.36 (KHTML, like Gecko) Chrome/148.0.7778.96 Mobile Safari/537.36 (compatible; GoogleOther)"
216.73.217.131 - - [18/May/2026:10:21:54 +0000] "GET /items/O44046136520/ HTTP/1.1" 500 20 "-" "Mozilla/5.0 AppleWebKit/537.36 (KHTML, like Gecko; compatible; ClaudeBot/1.0; +claudebot@anthropic.com)"
66.249.74.160 - - [18/May/2026:10:21:57 +0000] "GET /?items/O44061086847/ HTTP/1.1" 200 22981 "-" "Mozilla/5.0 (Linux; Android 6.0.1; Nexus 5X Build/MMB29P) AppleWebKit/537.36 (KHTML, like Gecko) Chrome/148.0.7778.96 Mobile Safari/537.36 (compatible; Googlebot/2.1; +http://www.google.com/bot.html)"
66.249.74.160 - - [18/May/2026:10:21:57 +0000] "GET /?items/O44092948846/ HTTP/1.1" 200 23923 "-" "Mozilla/5.0 (Linux; Android 6.0.1; Nexus 5X Build/MMB29P) AppleWebKit/537.36 (KHTML, like Gecko) Chrome/148.0.7778.96 Mobile Safari/537.36 (compatible; Googlebot/2.1; +http://www.google.com/bot.html)"
216.73.217.131 - - [18/May/2026:10:21:59 +0000] "GET /items/O44064193761/ HTTP/1.1" 500 20 "-" "Mozilla/5.0 AppleWebKit/537.36 (KHTML, like Gecko; compatible; ClaudeBot/1.0; +claudebot@anthropic.com)"
66.249.74.169 - - [18/May/2026:10:22:00 +0000] "GET /?items/O44082003200/ HTTP/1.1" 200 23669 "-" "Mozilla/5.0 (Linux; Android 6.0.1; Nexus 5X Build/MMB29P) AppleWebKit/537.36 (KHTML, like Gecko) Chrome/148.0.7778.96 Mobile Safari/537.36 (compatible; GoogleOther)"
216.73.217.131 - - [18/May/2026:10:22:04 +0000] "GET /items/O440917508108/ HTTP/1.1" 500 20 "-" "Mozilla/5.0 AppleWebKit/537.36 (KHTML, like Gecko; compatible; ClaudeBot/1.0; +claudebot@anthropic.com)"
66.249.74.161 - - [18/May/2026:10:22:07 +0000] "GET /?items/O44092729450/ HTTP/1.1" 200 24053 "-" "Mozilla/5.0 (Linux; Android 6.0.1; Nexus 5X Build/MMB29P) AppleWebKit/537.36 (KHTML, like Gecko) Chrome/148.0.7778.96 Mobile Safari/537.36 (compatible; Googlebot/2.1; +http://www.google.com/bot.html)"
216.73.217.131 - - [18/May/2026:10:22:09 +0000] "GET /items/O440581639293/ HTTP/1.1" 500 20 "-" "Mozilla/5.0 AppleWebKit/537.36 (KHTML, like Gecko; compatible; ClaudeBot/1.0; +claudebot@anthropic.com)"
66.249.74.169 - - [18/May/2026:10:22:12 +0000] "GET /?items/O44061202055/ HTTP/1.1" 200 24552 "-" "Mozilla/5.0 (Linux; Android 6.0.1; Nexus 5X Build/MMB29P) AppleWebKit/537.36 (KHTML, like Gecko) Chrome/148.0.7778.96 Mobile Safari/537.36 (compatible; GoogleOther)"
216.73.217.131 - - [18/May/2026:10:22:14 +0000] "GET /items/O44043255529/ HTTP/1.1" 500 20 "-" "Mozilla/5.0 AppleWebKit/537.36 (KHTML, like Gecko; compatible; ClaudeBot/1.0; +claudebot@anthropic.com)"
66.249.74.169 - - [18/May/2026:10:22:16 +0000] "GET /?items/O44092779882/ HTTP/1.1" 200 23871 "-" "Mozilla/5.0 (Linux; Android 6.0.1; Nexus 5X Build/MMB29P) AppleWebKit/537.36 (KHTML, like Gecko) Chrome/148.0.7778.96 Mobile Safari/537.36 (compatible; Googlebot/2.1; +http://www.google.com/bot.html)"
66.249.74.160 - - [18/May/2026:10:22:17 +0000] "GET /items/O4405738161/ HTTP/1.1" 200 23516 "-" "Mozilla/5.0 (Linux; Android 6.0.1; Nexus 5X Build/MMB29P) AppleWebKit/537.36 (KHTML, like Gecko) Chrome/148.0.7778.96 Mobile Safari/537.36 (compatible; Googlebot/2.1; +http://www.google.com/bot.html)"
216.73.217.131 - - [18/May/2026:10:22:19 +0000] "GET /items/O44098839228/ HTTP/1.1" 500 20 "-" "Mozilla/5.0 AppleWebKit/537.36 (KHTML, like Gecko; compatible; ClaudeBot/1.0; +claudebot@anthropic.com)"
74.7.242.11 - - [18/May/2026:10:22:22 +0000] "GET /items/O44046102018/ HTTP/1.1" 500 20 "https://davekochphoto.com/sitemap_searche_348.xml" "Mozilla/5.0 AppleWebKit/537.36 (KHTML, like Gecko; compatible; GPTBot/1.3; +https://openai.com/gptbot)"
66.249.74.161 - - [18/May/2026:10:22:22 +0000] "GET /?items/O44092798794/ HTTP/1.1" 200 23510 "-" "Mozilla/5.0 (Linux; Android 6.0.1; Nexus 5X Build/MMB29P) AppleWebKit/537.36 (KHTML, like Gecko) Chrome/148.0.7778.96 Mobile Safari/537.36 (compatible; Googlebot/2.1; +http://www.google.com/bot.html)"
66.249.74.161 - - [18/May/2026:10:22:22 +0000] "GET /items/O44061238034/ HTTP/1.1" 200 23599 "-" "Mozilla/5.0 (Linux; Android 6.0.1; Nexus 5X Build/MMB29P) AppleWebKit/537.36 (KHTML, like Gecko) Chrome/148.0.7778.96 Mobile Safari/537.36 (compatible; Googlebot/2.1; +http://www.google.com/bot.html)"
66.249.74.161 - - [18/May/2026:10:22:23 +0000] "GET /?items/O44071711284/ HTTP/1.1" 200 23824 "-" "Mozilla/5.0 (Linux; Android 6.0.1; Nexus 5X Build/MMB29P) AppleWebKit/537.36 (KHTML, like Gecko) Chrome/148.0.7778.96 Mobile Safari/537.36 (compatible; GoogleOther)"
216.73.217.131 - - [18/May/2026:10:22:24 +0000] "GET /items/O44098567542/ HTTP/1.1" 500 20 "-" "Mozilla/5.0 AppleWebKit/537.36 (KHTML, like Gecko; compatible; ClaudeBot/1.0; +claudebot@anthropic.com)"
216.73.217.165 - - [18/May/2026:10:22:29 +0000] "GET /items/O4407100613227/ HTTP/1.1" 500 20 "-" "Mozilla/5.0 AppleWebKit/537.36 (KHTML, like Gecko; compatible; ClaudeBot/1.0; +claudebot@anthropic.com)"
66.249.74.169 - - [18/May/2026:10:22:32 +0000] "GET /?items/O4405721300/ HTTP/1.1" 200 23667 "-" "Mozilla/5.0 (Linux; Android 6.0.1; Nexus 5X Build/MMB29P) AppleWebKit/537.36 (KHTML, like Gecko) Chrome/148.0.7778.96 Mobile Safari/537.36 (compatible; Googlebot/2.1; +http://www.google.com/bot.html)"
216.73.217.165 - - [18/May/2026:10:22:34 +0000] "GET /items/O440478144721/ HTTP/1.1" 500 20 "-" "Mozilla/5.0 AppleWebKit/537.36 (KHTML, like Gecko; compatible; ClaudeBot/1.0; +claudebot@anthropic.com)"
66.249.74.169 - - [18/May/2026:10:22:34 +0000] "GET /?items/O4405901665/ HTTP/1.1" 200 23595 "-" "Mozilla/5.0 (Linux; Android 6.0.1; Nexus 5X Build/MMB29P) AppleWebKit/537.36 (KHTML, like Gecko) Chrome/148.0.7778.96 Mobile Safari/537.36 (compatible; GoogleOther)"
216.73.217.165 - - [18/May/2026:10:22:39 +0000] "GET /items/O440823414821/ HTTP/1.1" 500 20 "-" "Mozilla/5.0 AppleWebKit/537.36 (KHTML, like Gecko; compatible; ClaudeBot/1.0; +claudebot@anthropic.com)"
40.77.167.247 - - [18/May/2026:10:22:40 +0000] "GET /sitemap_searche_320.xml HTTP/1.1" 200 5438 "-" "Mozilla/5.0 AppleWebKit/537.36 (KHTML, like Gecko; compatible; bingbot/2.0; +http://www.bing.com/bingbot.htm) Chrome/116.0.1938.76 Safari/537.36"
66.249.74.160 - - [18/May/2026:10:22:41 +0000] "GET /?items/O44092824010/ HTTP/1.1" 200 24191 "-" "Mozilla/5.0 (Linux; Android 6.0.1; Nexus 5X Build/MMB29P) AppleWebKit/537.36 (KHTML, like Gecko) Chrome/148.0.7778.96 Mobile Safari/537.36 (compatible; Googlebot/2.1; +http://www.google.com/bot.html)"
66.249.74.160 - - [18/May/2026:10:22:41 +0000] "GET /items/O44092807328/ HTTP/1.1" 200 23369 "-" "Mozilla/5.0 (Linux; Android 6.0.1; Nexus 5X Build/MMB29P) AppleWebKit/537.36 (KHTML, like Gecko) Chrome/148.0.7778.96 Mobile Safari/537.36 (compatible; Googlebot/2.1; +http://www.google.com/bot.html)"
216.73.217.165 - - [18/May/2026:10:22:44 +0000] "GET /items/O44092658421/ HTTP/1.1" 500 20 "-" "Mozilla/5.0 AppleWebKit/537.36 (KHTML, like Gecko; compatible; ClaudeBot/1.0; +claudebot@anthropic.com)"
66.249.74.161 - - [18/May/2026:10:22:45 +0000] "GET /?items/O440442100/ HTTP/1.1" 200 23574 "-" "Mozilla/5.0 (Linux; Android 6.0.1; Nexus 5X Build/MMB29P) AppleWebKit/537.36 (KHTML, like Gecko) Chrome/148.0.7778.96 Mobile Safari/537.36 (compatible; GoogleOther)"
66.249.74.169 - - [18/May/2026:10:22:46 +0000] "GET /?items/O44092745210/ HTTP/1.1" 200 23647 "-" "Mozilla/5.0 (Linux; Android 6.0.1; Nexus 5X Build/MMB29P) AppleWebKit/537.36 (KHTML, like Gecko) Chrome/148.0.7778.96 Mobile Safari/537.36 (compatible; Googlebot/2.1; +http://www.google.com/bot.html)"
216.73.217.165 - - [18/May/2026:10:22:49 +0000] "GET /items/O440850404621/ HTTP/1.1" 500 20 "-" "Mozilla/5.0 AppleWebKit/537.36 (KHTML, like Gecko; compatible; ClaudeBot/1.0; +claudebot@anthropic.com)"
40.77.167.247 - - [18/May/2026:10:22:50 +0000] "GET /sitemap_searche_667.xml HTTP/1.1" 200 5449 "-" "Mozilla/5.0 AppleWebKit/537.36 (KHTML, like Gecko; compatible; bingbot/2.0; +http://www.bing.com/bingbot.htm) Chrome/116.0.1938.76 Safari/537.36"
216.73.217.165 - - [18/May/2026:10:22:54 +0000] "GET /items/O4405597713/ HTTP/1.1" 500 20 "-" "Mozilla/5.0 AppleWebKit/537.36 (KHTML, like Gecko; compatible; ClaudeBot/1.0; +claudebot@anthropic.com)"
66.249.74.169 - - [18/May/2026:10:22:56 +0000] "GET /?items/O4405882292/ HTTP/1.1" 200 23509 "-" "Mozilla/5.0 (Linux; Android 6.0.1; Nexus 5X Build/MMB29P) AppleWebKit/537.36 (KHTML, like Gecko) Chrome/148.0.7778.96 Mobile Safari/537.36 (compatible; Googlebot/2.1; +http://www.google.com/bot.html)"
2a03:2880:f806:1d:: - - [18/May/2026:10:22:56 +0000] "GET /items/D153030107/ HTTP/1.1" 500 20 "-" "meta-externalagent/1.1 (+https://developers.facebook.com/docs/sharing/webmasters/crawler)"
66.249.74.169 - - [18/May/2026:10:22:56 +0000] "GET /?items/O44092759910/ HTTP/1.1" 200 24397 "-" "Mozilla/5.0 (Linux; Android 6.0.1; Nexus 5X Build/MMB29P) AppleWebKit/537.36 (KHTML, like Gecko) Chrome/148.0.7778.96 Mobile Safari/537.36 (compatible; GoogleOther)"
216.73.217.165 - - [18/May/2026:10:22:59 +0000] "GET /items/O440496458068/ HTTP/1.1" 500 20 "-" "Mozilla/5.0 AppleWebKit/537.36 (KHTML, like Gecko; compatible; ClaudeBot/1.0; +claudebot@anthropic.com)"
66.249.74.169 - - [18/May/2026:10:23:00 +0000] "GET /items/O4405968414/ HTTP/1.1" 200 23733 "-" "Mozilla/5.0 (Linux; Android 6.0.1; Nexus 5X Build/MMB29P) AppleWebKit/537.36 (KHTML, like Gecko) Chrome/148.0.7778.96 Mobile Safari/537.36 (compatible; Googlebot/2.1; +http://www.google.com/bot.html)"
66.249.74.160 - - [18/May/2026:10:23:01 +0000] "GET /items/O4405937920/ HTTP/1.1" 200 23635 "-" "Mozilla/5.0 (Linux; Android 6.0.1; Nexus 5X Build/MMB29P) AppleWebKit/537.36 (KHTML, like Gecko) Chrome/148.0.7778.96 Mobile Safari/537.36 (compatible; Googlebot/2.1; +http://www.google.com/bot.html)"
66.249.74.169 - - [18/May/2026:10:23:01 +0000] "GET /items/O44071606528/ HTTP/1.1" 200 24713 "-" "Mozilla/5.0 (Linux; Android 6.0.1; Nexus 5X Build/MMB29P) AppleWebKit/537.36 (KHTML, like Gecko) Chrome/148.0.7778.96 Mobile Safari/537.36 (compatible; Googlebot/2.1; +http://www.google.com/bot.html)"
216.73.217.165 - - [18/May/2026:10:23:04 +0000] "GET /items/O44074716982/ HTTP/1.1" 500 20 "-" "Mozilla/5.0 AppleWebKit/537.36 (KHTML, like Gecko; compatible; ClaudeBot/1.0; +claudebot@anthropic.com)"
66.249.74.161 - - [18/May/2026:10:23:08 +0000] "GET /?items/O44061227351/ HTTP/1.1" 200 23645 "-" "Mozilla/5.0 (Linux; Android 6.0.1; Nexus 5X Build/MMB29P) AppleWebKit/537.36 (KHTML, like Gecko) Chrome/148.0.7778.96 Mobile Safari/537.36 (compatible; GoogleOther)"
216.73.217.165 - - [18/May/2026:10:23:09 +0000] "GET /items/O440791990331/ HTTP/1.1" 500 20 "-" "Mozilla/5.0 AppleWebKit/537.36 (KHTML, like Gecko; compatible; ClaudeBot/1.0; +claudebot@anthropic.com)"
66.249.74.169 - - [18/May/2026:10:23:12 +0000] "GET /?items/O44092660106/ HTTP/1.1" 200 24835 "-" "Mozilla/5.0 (Linux; Android 6.0.1; Nexus 5X Build/MMB29P) AppleWebKit/537.36 (KHTML, like Gecko) Chrome/148.0.7778.96 Mobile Safari/537.36 (compatible; Googlebot/2.1; +http://www.google.com/bot.html)"
216.73.217.165 - - [18/May/2026:10:23:14 +0000] "GET /items/O44092735239/ HTTP/1.1" 500 20 "-" "Mozilla/5.0 AppleWebKit/537.36 (KHTML, like Gecko; compatible; ClaudeBot/1.0; +claudebot@anthropic.com)"
66.249.74.169 - - [18/May/2026:10:23:17 +0000] "GET /items/O44082386283/ HTTP/1.1" 200 25315 "-" "Mozilla/5.0 (Linux; Android 6.0.1; Nexus 5X Build/MMB29P) AppleWebKit/537.36 (KHTML, like Gecko) Chrome/148.0.7778.96 Mobile Safari/537.36 (compatible; Googlebot/2.1; +http://www.google.com/bot.html)"
66.249.74.161 - - [18/May/2026:10:23:17 +0000] "GET /?items/O44092868138/ HTTP/1.1" 200 23736 "-" "Mozilla/5.0 (Linux; Android 6.0.1; Nexus 5X Build/MMB29P) AppleWebKit/537.36 (KHTML, like Gecko) Chrome/148.0.7778.96 Mobile Safari/537.36 (compatible; Googlebot/2.1; +http://www.google.com/bot.html)"
66.249.74.160 - - [18/May/2026:10:23:18 +0000] "GET /items/O44071646026/ HTTP/1.1" 200 23597 "-" "Mozilla/5.0 (Linux; Android 6.0.1; Nexus 5X Build/MMB29P) AppleWebKit/537.36 (KHTML, like Gecko) Chrome/148.0.7778.96 Mobile Safari/537.36 (compatible; Googlebot/2.1; +http://www.google.com/bot.html)"
66.249.74.161 - - [18/May/2026:10:23:19 +0000] "GET /?items/O4404206453/ HTTP/1.1" 200 23924 "-" "Mozilla/5.0 (Linux; Android 6.0.1; Nexus 5X Build/MMB29P) AppleWebKit/537.36 (KHTML, like Gecko) Chrome/148.0.7778.96 Mobile Safari/537.36 (compatible; GoogleOther)"
216.73.217.165 - - [18/May/2026:10:23:19 +0000] "GET /items/O44046450413/ HTTP/1.1" 500 20 "-" "Mozilla/5.0 AppleWebKit/537.36 (KHTML, like Gecko; compatible; ClaudeBot/1.0; +claudebot@anthropic.com)"
74.7.242.11 - - [18/May/2026:10:23:23 +0000] "GET /items/O44046009737/ HTTP/1.1" 500 20 "https://davekochphoto.com/sitemap_searche_699.xml" "Mozilla/5.0 AppleWebKit/537.36 (KHTML, like Gecko; compatible; GPTBot/1.3; +https://openai.com/gptbot)"
216.73.217.165 - - [18/May/2026:10:23:24 +0000] "GET /items/O44071925293/ HTTP/1.1" 500 20 "-" "Mozilla/5.0 AppleWebKit/537.36 (KHTML, like Gecko; compatible; ClaudeBot/1.0; +claudebot@anthropic.com)"
66.249.74.161 - - [18/May/2026:10:23:27 +0000] "GET /?items/O44061107248/ HTTP/1.1" 200 23184 "-" "Mozilla/5.0 (Linux; Android 6.0.1; Nexus 5X Build/MMB29P) AppleWebKit/537.36 (KHTML, like Gecko) Chrome/148.0.7778.96 Mobile Safari/537.36 (compatible; Googlebot/2.1; +http://www.google.com/bot.html)"
216.73.217.165 - - [18/May/2026:10:23:29 +0000] "GET /items/O44095998313/ HTTP/1.1" 500 20 "-" "Mozilla/5.0 AppleWebKit/537.36 (KHTML, like Gecko; compatible; ClaudeBot/1.0; +claudebot@anthropic.com)"
66.249.74.161 - - [18/May/2026:10:23:30 +0000] "GET /?items/O44061097709/ HTTP/1.1" 200 23343 "-" "Mozilla/5.0 (Linux; Android 6.0.1; Nexus 5X Build/MMB29P) AppleWebKit/537.36 (KHTML, like Gecko) Chrome/148.0.7778.96 Mobile Safari/537.36 (compatible; GoogleOther)"
182.2.6.85 - - [18/May/2026:10:23:31 +0000] "GET /favicon.ico HTTP/1.1" 500 20 "https://davekochphoto.com/copyright/" "Mozilla/5.0 (Linux; Android 10; K) AppleWebKit/537.36 (KHTML, like Gecko) Chrome/148.0.0.0 Mobile Safari/537.36"
182.2.6.85 - - [18/May/2026:10:23:31 +0000] "GET /copyright/ HTTP/1.1" 200 633949 "https://www.google.com/" "Mozilla/5.0 (Linux; Android 10; K) AppleWebKit/537.36 (KHTML, like Gecko) Chrome/148.0.0.0 Mobile Safari/537.36"
