66.249.74.169 - - [18/May/2026:11:30:37 +0000] "GET /?items/O44092940254/ HTTP/1.1" 200 23593 "-" "Mozilla/5.0 (Linux; Android 6.0.1; Nexus 5X Build/MMB29P) AppleWebKit/537.36 (KHTML, like Gecko) Chrome/148.0.7778.96 Mobile Safari/537.36 (compatible; Googlebot/2.1; +http://www.google.com/bot.html)"
216.73.216.230 - - [18/May/2026:11:30:39 +0000] "GET /items/O440998615667/ HTTP/1.1" 500 20 "-" "Mozilla/5.0 AppleWebKit/537.36 (KHTML, like Gecko; compatible; ClaudeBot/1.0; +claudebot@anthropic.com)"
66.249.74.169 - - [18/May/2026:11:30:43 +0000] "GET /?items/O4404130453/ HTTP/1.1" 200 23522 "-" "Mozilla/5.0 (Linux; Android 6.0.1; Nexus 5X Build/MMB29P) AppleWebKit/537.36 (KHTML, like Gecko) Chrome/148.0.7778.96 Mobile Safari/537.36 (compatible; Googlebot/2.1; +http://www.google.com/bot.html)"
216.73.216.230 - - [18/May/2026:11:30:44 +0000] "GET /items/O44064278570/ HTTP/1.1" 500 20 "-" "Mozilla/5.0 AppleWebKit/537.36 (KHTML, like Gecko; compatible; ClaudeBot/1.0; +claudebot@anthropic.com)"
66.249.74.169 - - [18/May/2026:11:30:46 +0000] "GET /?items/O44061320893/ HTTP/1.1" 200 23959 "-" "Mozilla/5.0 (Linux; Android 6.0.1; Nexus 5X Build/MMB29P) AppleWebKit/537.36 (KHTML, like Gecko) Chrome/148.0.7778.96 Mobile Safari/537.36 (compatible; GoogleOther)"
66.249.74.169 - - [18/May/2026:11:30:48 +0000] "GET /?items/O44092667634/ HTTP/1.1" 200 23844 "-" "Mozilla/5.0 (Linux; Android 6.0.1; Nexus 5X Build/MMB29P) AppleWebKit/537.36 (KHTML, like Gecko) Chrome/148.0.7778.96 Mobile Safari/537.36 (compatible; Googlebot/2.1; +http://www.google.com/bot.html)"
66.249.74.169 - - [18/May/2026:11:30:49 +0000] "GET /?items/O44061477386/ HTTP/1.1" 200 23315 "-" "Mozilla/5.0 (Linux; Android 6.0.1; Nexus 5X Build/MMB29P) AppleWebKit/537.36 (KHTML, like Gecko) Chrome/148.0.7778.96 Mobile Safari/537.36 (compatible; Googlebot/2.1; +http://www.google.com/bot.html)"
216.73.216.230 - - [18/May/2026:11:30:49 +0000] "GET /items/O44061378131/ HTTP/1.1" 500 20 "-" "Mozilla/5.0 AppleWebKit/537.36 (KHTML, like Gecko; compatible; ClaudeBot/1.0; +claudebot@anthropic.com)"
216.73.216.230 - - [18/May/2026:11:30:54 +0000] "GET /items/O44082045010/ HTTP/1.1" 500 20 "-" "Mozilla/5.0 AppleWebKit/537.36 (KHTML, like Gecko; compatible; ClaudeBot/1.0; +claudebot@anthropic.com)"
66.249.74.169 - - [18/May/2026:11:30:54 +0000] "GET /?items/O44082119846/ HTTP/1.1" 200 23024 "-" "Mozilla/5.0 (Linux; Android 6.0.1; Nexus 5X Build/MMB29P) AppleWebKit/537.36 (KHTML, like Gecko) Chrome/148.0.7778.96 Mobile Safari/537.36 (compatible; Googlebot/2.1; +http://www.google.com/bot.html)"
66.249.74.169 - - [18/May/2026:11:30:55 +0000] "GET /?items/O44092775414/ HTTP/1.1" 200 23458 "-" "Mozilla/5.0 (Linux; Android 6.0.1; Nexus 5X Build/MMB29P) AppleWebKit/537.36 (KHTML, like Gecko) Chrome/148.0.7778.96 Mobile Safari/537.36 (compatible; Googlebot/2.1; +http://www.google.com/bot.html)"
216.73.216.230 - - [18/May/2026:11:30:59 +0000] "GET /items/O440697015507/ HTTP/1.1" 500 20 "-" "Mozilla/5.0 AppleWebKit/537.36 (KHTML, like Gecko; compatible; ClaudeBot/1.0; +claudebot@anthropic.com)"
66.249.74.160 - - [18/May/2026:11:31:00 +0000] "GET /?items/O44061202903/ HTTP/1.1" 200 23682 "-" "Mozilla/5.0 (Linux; Android 6.0.1; Nexus 5X Build/MMB29P) AppleWebKit/537.36 (KHTML, like Gecko) Chrome/148.0.7778.96 Mobile Safari/537.36 (compatible; GoogleOther)"
66.249.74.160 - - [18/May/2026:11:31:03 +0000] "GET /?items/O440479733/ HTTP/1.1" 200 23521 "-" "Mozilla/5.0 (Linux; Android 6.0.1; Nexus 5X Build/MMB29P) AppleWebKit/537.36 (KHTML, like Gecko) Chrome/148.0.7778.96 Mobile Safari/537.36 (compatible; Googlebot/2.1; +http://www.google.com/bot.html)"
216.73.216.230 - - [18/May/2026:11:31:04 +0000] "GET /items/O44085187166/ HTTP/1.1" 500 20 "-" "Mozilla/5.0 AppleWebKit/537.36 (KHTML, like Gecko; compatible; ClaudeBot/1.0; +claudebot@anthropic.com)"
216.73.216.230 - - [18/May/2026:11:31:09 +0000] "GET /items/O440424348688/ HTTP/1.1" 500 20 "-" "Mozilla/5.0 AppleWebKit/537.36 (KHTML, like Gecko; compatible; ClaudeBot/1.0; +claudebot@anthropic.com)"
66.249.74.169 - - [18/May/2026:11:31:11 +0000] "GET /?items/O440444863/ HTTP/1.1" 200 23280 "-" "Mozilla/5.0 (Linux; Android 6.0.1; Nexus 5X Build/MMB29P) AppleWebKit/537.36 (KHTML, like Gecko) Chrome/148.0.7778.96 Mobile Safari/537.36 (compatible; Googlebot/2.1; +http://www.google.com/bot.html)"
74.7.242.11 - - [18/May/2026:11:31:14 +0000] "GET /items/O44061174026/ HTTP/1.1" 500 20 "https://davekochphoto.com/sitemap_searche_757.xml" "Mozilla/5.0 AppleWebKit/537.36 (KHTML, like Gecko; compatible; GPTBot/1.3; +https://openai.com/gptbot)"
216.73.216.230 - - [18/May/2026:11:31:14 +0000] "GET /items/O44085236262/ HTTP/1.1" 500 20 "-" "Mozilla/5.0 AppleWebKit/537.36 (KHTML, like Gecko; compatible; ClaudeBot/1.0; +claudebot@anthropic.com)"
66.249.74.160 - - [18/May/2026:11:31:14 +0000] "GET /?items/O44061323998/ HTTP/1.1" 200 23364 "-" "Mozilla/5.0 (Linux; Android 6.0.1; Nexus 5X Build/MMB29P) AppleWebKit/537.36 (KHTML, like Gecko) Chrome/148.0.7778.96 Mobile Safari/537.36 (compatible; GoogleOther)"
66.249.74.169 - - [18/May/2026:11:31:17 +0000] "GET /items/O44082497706/ HTTP/1.1" 200 24945 "-" "Mozilla/5.0 (Linux; Android 6.0.1; Nexus 5X Build/MMB29P) AppleWebKit/537.36 (KHTML, like Gecko) Chrome/148.0.7778.96 Mobile Safari/537.36 (compatible; Googlebot/2.1; +http://www.google.com/bot.html)"
66.249.74.169 - - [18/May/2026:11:31:18 +0000] "GET /?items/O4404184343/ HTTP/1.1" 200 23552 "-" "Mozilla/5.0 (Linux; Android 6.0.1; Nexus 5X Build/MMB29P) AppleWebKit/537.36 (KHTML, like Gecko) Chrome/148.0.7778.96 Mobile Safari/537.36 (compatible; Googlebot/2.1; +http://www.google.com/bot.html)"
216.73.216.230 - - [18/May/2026:11:31:19 +0000] "GET /items/O44067135705/ HTTP/1.1" 500 20 "-" "Mozilla/5.0 AppleWebKit/537.36 (KHTML, like Gecko; compatible; ClaudeBot/1.0; +claudebot@anthropic.com)"
216.73.216.230 - - [18/May/2026:11:31:24 +0000] "GET /items/O440490346115/ HTTP/1.1" 500 20 "-" "Mozilla/5.0 AppleWebKit/537.36 (KHTML, like Gecko; compatible; ClaudeBot/1.0; +claudebot@anthropic.com)"
66.249.74.169 - - [18/May/2026:11:31:25 +0000] "GET /?items/O4404193853/ HTTP/1.1" 200 23240 "-" "Mozilla/5.0 (Linux; Android 6.0.1; Nexus 5X Build/MMB29P) AppleWebKit/537.36 (KHTML, like Gecko) Chrome/148.0.7778.96 Mobile Safari/537.36 (compatible; Googlebot/2.1; +http://www.google.com/bot.html)"
66.249.74.169 - - [18/May/2026:11:31:28 +0000] "GET /?items/O44061342628/ HTTP/1.1" 200 23456 "-" "Mozilla/5.0 (Linux; Android 6.0.1; Nexus 5X Build/MMB29P) AppleWebKit/537.36 (KHTML, like Gecko) Chrome/148.0.7778.96 Mobile Safari/537.36 (compatible; GoogleOther)"
216.73.216.230 - - [18/May/2026:11:31:29 +0000] "GET /items/O4406100154635/ HTTP/1.1" 500 20 "-" "Mozilla/5.0 AppleWebKit/537.36 (KHTML, like Gecko; compatible; ClaudeBot/1.0; +claudebot@anthropic.com)"
66.249.74.169 - - [18/May/2026:11:31:33 +0000] "GET /?items/O44092734204/ HTTP/1.1" 200 23738 "-" "Mozilla/5.0 (Linux; Android 6.0.1; Nexus 5X Build/MMB29P) AppleWebKit/537.36 (KHTML, like Gecko) Chrome/148.0.7778.96 Mobile Safari/537.36 (compatible; Googlebot/2.1; +http://www.google.com/bot.html)"
216.73.216.230 - - [18/May/2026:11:31:34 +0000] "GET /items/O440496162678/ HTTP/1.1" 500 20 "-" "Mozilla/5.0 AppleWebKit/537.36 (KHTML, like Gecko; compatible; ClaudeBot/1.0; +claudebot@anthropic.com)"
2a03:2880:f806:5:: - - [18/May/2026:11:31:37 +0000] "GET /items/B263496107/ HTTP/1.1" 500 20 "-" "meta-externalagent/1.1 (+https://developers.facebook.com/docs/sharing/webmasters/crawler)"
194.163.160.0 - - [18/May/2026:11:31:39 +0000] "GET /wp-content/plugins/pwnd/pwnd.php HTTP/1.1" 500 20 "www.google.com" "Mozlila/5.0 (Linux; Android 7.0; SM-G892A Bulid/NRD90M; wv) AppleWebKit/537.36 (KHTML, like Gecko) Version/4.0 Chrome/60.0.3112.107 Moblie Safari/537.36"
216.73.216.230 - - [18/May/2026:11:31:39 +0000] "GET /items/O44043351839/ HTTP/1.1" 500 20 "-" "Mozilla/5.0 AppleWebKit/537.36 (KHTML, like Gecko; compatible; ClaudeBot/1.0; +claudebot@anthropic.com)"
66.249.74.169 - - [18/May/2026:11:31:40 +0000] "GET /?items/O44061132640/ HTTP/1.1" 200 24119 "-" "Mozilla/5.0 (Linux; Android 6.0.1; Nexus 5X Build/MMB29P) AppleWebKit/537.36 (KHTML, like Gecko) Chrome/148.0.7778.96 Mobile Safari/537.36 (compatible; Googlebot/2.1; +http://www.google.com/bot.html)"
66.249.74.169 - - [18/May/2026:11:31:42 +0000] "GET /items/E127511268/ HTTP/1.1" 200 24029 "-" "Mozilla/5.0 (Linux; Android 6.0.1; Nexus 5X Build/MMB29P) AppleWebKit/537.36 (KHTML, like Gecko) Chrome/148.0.7778.96 Mobile Safari/537.36 (compatible; Googlebot/2.1; +http://www.google.com/bot.html)"
66.249.74.169 - - [18/May/2026:11:31:43 +0000] "GET /?items/O44061206008/ HTTP/1.1" 200 23262 "-" "Mozilla/5.0 (Linux; Android 6.0.1; Nexus 5X Build/MMB29P) AppleWebKit/537.36 (KHTML, like Gecko) Chrome/148.0.7778.96 Mobile Safari/537.36 (compatible; GoogleOther)"
216.73.216.230 - - [18/May/2026:11:31:44 +0000] "GET /items/O440788949751/ HTTP/1.1" 500 20 "-" "Mozilla/5.0 AppleWebKit/537.36 (KHTML, like Gecko; compatible; ClaudeBot/1.0; +claudebot@anthropic.com)"
194.163.160.0 - - [18/May/2026:11:31:47 +0000] "GET /wp-content/plugins/ph-file-manager/wp-file.php HTTP/1.1" 500 20 "www.google.com" "Mozlila/5.0 (Linux; Android 7.0; SM-G892A Bulid/NRD90M; wv) AppleWebKit/537.36 (KHTML, like Gecko) Version/4.0 Chrome/60.0.3112.107 Moblie Safari/537.36"
66.249.74.169 - - [18/May/2026:11:31:48 +0000] "GET /?items/O44092848324/ HTTP/1.1" 200 23773 "-" "Mozilla/5.0 (Linux; Android 6.0.1; Nexus 5X Build/MMB29P) AppleWebKit/537.36 (KHTML, like Gecko) Chrome/148.0.7778.96 Mobile Safari/537.36 (compatible; Googlebot/2.1; +http://www.google.com/bot.html)"
216.73.216.230 - - [18/May/2026:11:31:49 +0000] "GET /items/O440521979821/ HTTP/1.1" 500 20 "-" "Mozilla/5.0 AppleWebKit/537.36 (KHTML, like Gecko; compatible; ClaudeBot/1.0; +claudebot@anthropic.com)"
103.228.226.14 - - [18/May/2026:11:31:50 +0000] "GET /items/O44061447272/ HTTP/1.1" 500 20 "https://davekochphoto.com/" "Mozilla/5.0 (Linux; Android 10; K) AppleWebKit/537.36 (KHTML, like Gecko) Chrome/125.0.0.0 Mobile Safari/537.36"
194.163.160.0 - - [18/May/2026:11:31:50 +0000] "GET /wp-content/plugins/root-file-manager/wp-file.php HTTP/1.1" 500 20 "www.google.com" "Mozlila/5.0 (Linux; Android 7.0; SM-G892A Bulid/NRD90M; wv) AppleWebKit/537.36 (KHTML, like Gecko) Version/4.0 Chrome/60.0.3112.107 Moblie Safari/537.36"
154.28.254.164 - - [18/May/2026:11:31:51 +0000] "GET /items/O44061447272/ HTTP/1.1" 500 20 "https://davekochphoto.com/" "Mozilla/5.0 (Android 13; Mobile; rv:127.0) Gecko/127.0 Firefox/127.0"
66.249.74.169 - - [18/May/2026:11:31:52 +0000] "GET /shop/pg/365700 HTTP/1.1" 200 23447 "-" "Mozilla/5.0 (Linux; Android 6.0.1; Nexus 5X Build/MMB29P) AppleWebKit/537.36 (KHTML, like Gecko) Chrome/148.0.7778.96 Mobile Safari/537.36 (compatible; GoogleOther)"
193.31.35.109 - - [18/May/2026:11:31:54 +0000] "GET /items/O44061447272/ HTTP/1.1" 500 20 "-" "Mozilla/5.0 (Linux; Android 8.0.0; SM-J330G) AppleWebKit/537.36 (KHTML, like Gecko) Chrome/114.0.0.0 Mobile Safari/537.36 EdgA/114.0.1823.74"
216.73.216.230 - - [18/May/2026:11:31:54 +0000] "GET /items/O440758929068/ HTTP/1.1" 500 20 "-" "Mozilla/5.0 AppleWebKit/537.36 (KHTML, like Gecko; compatible; ClaudeBot/1.0; +claudebot@anthropic.com)"
66.249.74.169 - - [18/May/2026:11:31:55 +0000] "GET /?items/O44071668138/ HTTP/1.1" 200 23272 "-" "Mozilla/5.0 (Linux; Android 6.0.1; Nexus 5X Build/MMB29P) AppleWebKit/537.36 (KHTML, like Gecko) Chrome/148.0.7778.96 Mobile Safari/537.36 (compatible; GoogleOther)"
66.249.74.160 - - [18/May/2026:11:31:56 +0000] "GET /?items/O4404168493/ HTTP/1.1" 200 24733 "-" "Mozilla/5.0 (Linux; Android 6.0.1; Nexus 5X Build/MMB29P) AppleWebKit/537.36 (KHTML, like Gecko) Chrome/148.0.7778.96 Mobile Safari/537.36 (compatible; Googlebot/2.1; +http://www.google.com/bot.html)"
194.163.160.0 - - [18/May/2026:11:31:57 +0000] "GET /wp-content/themes/travel/issue.php HTTP/1.1" 500 20 "www.google.com" "Mozlila/5.0 (Linux; Android 7.0; SM-G892A Bulid/NRD90M; wv) AppleWebKit/537.36 (KHTML, like Gecko) Version/4.0 Chrome/60.0.3112.107 Moblie Safari/537.36"
66.249.74.160 - - [18/May/2026:11:31:58 +0000] "GET /?items/O44061339523/ HTTP/1.1" 200 23944 "-" "Mozilla/5.0 (Linux; Android 6.0.1; Nexus 5X Build/MMB29P) AppleWebKit/537.36 (KHTML, like Gecko) Chrome/148.0.7778.96 Mobile Safari/537.36 (compatible; GoogleOther)"
216.73.216.230 - - [18/May/2026:11:31:59 +0000] "GET /items/O44092703721/ HTTP/1.1" 500 20 "-" "Mozilla/5.0 AppleWebKit/537.36 (KHTML, like Gecko; compatible; ClaudeBot/1.0; +claudebot@anthropic.com)"
194.163.160.0 - - [18/May/2026:11:32:01 +0000] "GET /wp-content/themes/jaida/lang.php HTTP/1.1" 500 20 "www.google.com" "Mozlila/5.0 (Linux; Android 7.0; SM-G892A Bulid/NRD90M; wv) AppleWebKit/537.36 (KHTML, like Gecko) Version/4.0 Chrome/60.0.3112.107 Moblie Safari/537.36"
169.239.201.235 - - [18/May/2026:11:32:03 +0000] "GET / HTTP/1.1" 500 20 "-" "Mozilla/5.0 (Linux; Android 13; SM-G770F) AppleWebKit/537.36 (KHTML, like Gecko) Chrome/120.0.6099.280 Mobile Safari/537.36 OPR/80.6.4244.78244"
169.239.201.235 - - [18/May/2026:11:32:04 +0000] "GET /items/O44061447272/ HTTP/1.1" 500 20 "https://www.davekochphoto.com/" "Mozilla/5.0 (Linux; Android 13; SM-G770F) AppleWebKit/537.36 (KHTML, like Gecko) Chrome/120.0.6099.280 Mobile Safari/537.36 OPR/80.6.4244.78244"
216.73.216.230 - - [18/May/2026:11:32:04 +0000] "GET /items/O44046352459/ HTTP/1.1" 500 20 "-" "Mozilla/5.0 AppleWebKit/537.36 (KHTML, like Gecko; compatible; ClaudeBot/1.0; +claudebot@anthropic.com)"
107.173.216.76 - - [18/May/2026:11:32:05 +0000] "GET /items/O44061447272/ HTTP/1.1" 500 20 "https://www.yahoo.com/" "Mozilla/5.0 (Linux; Android 11; SM-S901B) AppleWebKit/537.36 (KHTML, like Gecko) Chrome/112.0.0.0 Mobile Safari/537.36"
66.249.74.161 - - [18/May/2026:11:32:07 +0000] "GET /?items/O440492413/ HTTP/1.1" 200 23415 "-" "Mozilla/5.0 (Linux; Android 6.0.1; Nexus 5X Build/MMB29P) AppleWebKit/537.36 (KHTML, like Gecko) Chrome/148.0.7778.96 Mobile Safari/537.36 (compatible; Googlebot/2.1; +http://www.google.com/bot.html)"
66.249.74.161 - - [18/May/2026:11:32:07 +0000] "GET /items/O44071609494/ HTTP/1.1" 200 23376 "-" "Mozilla/5.0 (Linux; Android 6.0.1; Nexus 5X Build/MMB29P) AppleWebKit/537.36 (KHTML, like Gecko) Chrome/148.0.7778.96 Mobile Safari/537.36 (compatible; Googlebot/2.1; +http://www.google.com/bot.html)"
107.173.225.204 - - [18/May/2026:11:32:08 +0000] "GET /items/O44061447272/ HTTP/1.1" 500 20 "https://www.google.com/" "Mozilla/5.0 (Linux; Android 8; SM-S901B) AppleWebKit/537.36 (KHTML, like Gecko) Chrome/112.0.0.0 Mobile Safari/537.36"
142.147.227.246 - - [18/May/2026:11:32:09 +0000] "GET /items/O44061447272/ HTTP/1.1" 500 20 "https://davekochphoto.com/" "Mozilla/5.0 (Linux; Android 10; K) AppleWebKit/537.36 (KHTML, like Gecko) Chrome/122.0.0.0 Mobile Safari/537.36 EdgA/122.0.0.0"
216.73.216.230 - - [18/May/2026:11:32:09 +0000] "GET /items/O4405877652/ HTTP/1.1" 500 20 "-" "Mozilla/5.0 AppleWebKit/537.36 (KHTML, like Gecko; compatible; ClaudeBot/1.0; +claudebot@anthropic.com)"
66.249.74.169 - - [18/May/2026:11:32:11 +0000] "GET /?items/O44061218428/ HTTP/1.1" 200 24505 "-" "Mozilla/5.0 (Linux; Android 6.0.1; Nexus 5X Build/MMB29P) AppleWebKit/537.36 (KHTML, like Gecko) Chrome/148.0.7778.96 Mobile Safari/537.36 (compatible; GoogleOther)"
104.171.144.209 - - [18/May/2026:11:32:12 +0000] "GET /items/O44061447272/ HTTP/1.1" 500 20 "https://www.google.com/" "Mozilla/5.0 (Linux; Android 8; SM-S901B) AppleWebKit/537.36 (KHTML, like Gecko) Chrome/112.0.0.0 Mobile Safari/537.36"
66.249.74.160 - - [18/May/2026:11:32:13 +0000] "GET /?items/O44092978294/ HTTP/1.1" 200 23876 "-" "Mozilla/5.0 (Linux; Android 6.0.1; Nexus 5X Build/MMB29P) AppleWebKit/537.36 (KHTML, like Gecko) Chrome/148.0.7778.96 Mobile Safari/537.36 (compatible; Googlebot/2.1; +http://www.google.com/bot.html)"
66.249.74.160 - - [18/May/2026:11:32:13 +0000] "GET /?items/O44092669669/ HTTP/1.1" 200 24067 "-" "Mozilla/5.0 (Linux; Android 6.0.1; Nexus 5X Build/MMB29P) AppleWebKit/537.36 (KHTML, like Gecko) Chrome/148.0.7778.96 Mobile Safari/537.36 (compatible; Googlebot/2.1; +http://www.google.com/bot.html)"
74.7.242.11 - - [18/May/2026:11:32:14 +0000] "GET /items/O44085290050/ HTTP/1.1" 500 20 "https://davekochphoto.com/sitemap_searche_699.xml" "Mozilla/5.0 AppleWebKit/537.36 (KHTML, like Gecko; compatible; GPTBot/1.3; +https://openai.com/gptbot)"
216.73.216.230 - - [18/May/2026:11:32:14 +0000] "GET /items/O440496233313/ HTTP/1.1" 500 20 "-" "Mozilla/5.0 AppleWebKit/537.36 (KHTML, like Gecko; compatible; ClaudeBot/1.0; +claudebot@anthropic.com)"
154.49.205.161 - - [18/May/2026:11:32:14 +0000] "GET / HTTP/1.1" 500 20 "https://www.google.com/" "Mozilla/5.0 (Linux; Android 8.0.0; SM-J330G) AppleWebKit/537.36 (KHTML, like Gecko) Chrome/114.0.0.0 Mobile Safari/537.36 EdgA/114.0.1823.74"
154.49.205.161 - - [18/May/2026:11:32:15 +0000] "GET /items/O44061447272/ HTTP/1.1" 500 20 "https://www.davekochphoto.com/" "Mozilla/5.0 (Linux; Android 8.0.0; SM-J330G) AppleWebKit/537.36 (KHTML, like Gecko) Chrome/114.0.0.0 Mobile Safari/537.36 EdgA/114.0.1823.74"
107.174.122.64 - - [18/May/2026:11:32:18 +0000] "GET /items/O44061447272/ HTTP/1.1" 500 20 "-" "Mozilla/5.0 (Linux; Android 9; SM-S901B) AppleWebKit/537.36 (KHTML, like Gecko) Chrome/112.0.0.0 Mobile Safari/537.36"
66.249.74.169 - - [18/May/2026:11:32:19 +0000] "GET /items/V56519945/ HTTP/1.1" 200 23850 "-" "Mozilla/5.0 (Linux; Android 6.0.1; Nexus 5X Build/MMB29P) AppleWebKit/537.36 (KHTML, like Gecko) Chrome/148.0.7778.96 Mobile Safari/537.36 (compatible; Googlebot/2.1; +http://www.google.com/bot.html)"
66.249.74.169 - - [18/May/2026:11:32:19 +0000] "GET /?items/O44092689824/ HTTP/1.1" 200 23721 "-" "Mozilla/5.0 (Linux; Android 6.0.1; Nexus 5X Build/MMB29P) AppleWebKit/537.36 (KHTML, like Gecko) Chrome/148.0.7778.96 Mobile Safari/537.36 (compatible; Googlebot/2.1; +http://www.google.com/bot.html)"
216.73.216.230 - - [18/May/2026:11:32:19 +0000] "GET /items/O440791978621/ HTTP/1.1" 500 20 "-" "Mozilla/5.0 AppleWebKit/537.36 (KHTML, like Gecko; compatible; ClaudeBot/1.0; +claudebot@anthropic.com)"
216.73.216.230 - - [18/May/2026:11:32:24 +0000] "GET /items/O440496366103/ HTTP/1.1" 500 20 "-" "Mozilla/5.0 AppleWebKit/537.36 (KHTML, like Gecko; compatible; ClaudeBot/1.0; +claudebot@anthropic.com)"
66.249.74.169 - - [18/May/2026:11:32:25 +0000] "GET /?items/O44061261898/ HTTP/1.1" 200 23170 "-" "Mozilla/5.0 (Linux; Android 6.0.1; Nexus 5X Build/MMB29P) AppleWebKit/537.36 (KHTML, like Gecko) Chrome/148.0.7778.96 Mobile Safari/537.36 (compatible; GoogleOther)"
66.249.74.169 - - [18/May/2026:11:32:29 +0000] "GET /items/O44092506768/ HTTP/1.1" 200 23619 "-" "Mozilla/5.0 (Linux; Android 6.0.1; Nexus 5X Build/MMB29P) AppleWebKit/537.36 (KHTML, like Gecko) Chrome/148.0.7778.96 Mobile Safari/537.36 (compatible; Googlebot/2.1; +http://www.google.com/bot.html)"
216.73.216.230 - - [18/May/2026:11:32:29 +0000] "GET /items/O44064192513/ HTTP/1.1" 500 20 "-" "Mozilla/5.0 AppleWebKit/537.36 (KHTML, like Gecko; compatible; ClaudeBot/1.0; +claudebot@anthropic.com)"
66.249.74.169 - - [18/May/2026:11:32:30 +0000] "GET /?items/O44092794434/ HTTP/1.1" 200 23547 "-" "Mozilla/5.0 (Linux; Android 6.0.1; Nexus 5X Build/MMB29P) AppleWebKit/537.36 (KHTML, like Gecko) Chrome/148.0.7778.96 Mobile Safari/537.36 (compatible; Googlebot/2.1; +http://www.google.com/bot.html)"
66.249.74.169 - - [18/May/2026:11:32:30 +0000] "GET /items/O440491666/ HTTP/1.1" 200 24017 "-" "Mozilla/5.0 (Linux; Android 6.0.1; Nexus 5X Build/MMB29P) AppleWebKit/537.36 (KHTML, like Gecko) Chrome/148.0.7778.96 Mobile Safari/537.36 (compatible; Googlebot/2.1; +http://www.google.com/bot.html)"
66.249.74.169 - - [18/May/2026:11:32:34 +0000] "GET /?items/O44092933914/ HTTP/1.1" 200 23962 "-" "Mozilla/5.0 (Linux; Android 6.0.1; Nexus 5X Build/MMB29P) AppleWebKit/537.36 (KHTML, like Gecko) Chrome/148.0.7778.96 Mobile Safari/537.36 (compatible; Googlebot/2.1; +http://www.google.com/bot.html)"
216.73.216.230 - - [18/May/2026:11:32:35 +0000] "GET /items/O440977638826/ HTTP/1.1" 500 20 "-" "Mozilla/5.0 AppleWebKit/537.36 (KHTML, like Gecko; compatible; ClaudeBot/1.0; +claudebot@anthropic.com)"
66.249.74.160 - - [18/May/2026:11:32:39 +0000] "GET /?items/O44061221533/ HTTP/1.1" 200 23628 "-" "Mozilla/5.0 (Linux; Android 6.0.1; Nexus 5X Build/MMB29P) AppleWebKit/537.36 (KHTML, like Gecko) Chrome/148.0.7778.96 Mobile Safari/537.36 (compatible; GoogleOther)"
216.73.216.230 - - [18/May/2026:11:32:40 +0000] "GET /items/O44056608724/ HTTP/1.1" 500 20 "-" "Mozilla/5.0 AppleWebKit/537.36 (KHTML, like Gecko; compatible; ClaudeBot/1.0; +claudebot@anthropic.com)"
66.249.74.169 - - [18/May/2026:11:32:40 +0000] "GET /?items/O44092721524/ HTTP/1.1" 200 23288 "-" "Mozilla/5.0 (Linux; Android 6.0.1; Nexus 5X Build/MMB29P) AppleWebKit/537.36 (KHTML, like Gecko) Chrome/148.0.7778.96 Mobile Safari/537.36 (compatible; Googlebot/2.1; +http://www.google.com/bot.html)"
2a03:2880:f806:14:: - - [18/May/2026:11:32:43 +0000] "GET /items/I100666632/ HTTP/1.1" 500 20 "-" "meta-externalagent/1.1 (+https://developers.facebook.com/docs/sharing/webmasters/crawler)"
216.73.216.230 - - [18/May/2026:11:32:45 +0000] "GET /items/O44046390375/ HTTP/1.1" 500 20 "-" "Mozilla/5.0 AppleWebKit/537.36 (KHTML, like Gecko; compatible; ClaudeBot/1.0; +claudebot@anthropic.com)"
66.249.74.160 - - [18/May/2026:11:32:46 +0000] "GET /shop/pg/365700 HTTP/1.1" 200 23447 "-" "Mozilla/5.0 (Linux; Android 6.0.1; Nexus 5X Build/MMB29P) AppleWebKit/537.36 (KHTML, like Gecko) Chrome/148.0.7778.96 Mobile Safari/537.36 (compatible; Googlebot/2.1; +http://www.google.com/bot.html)"
66.249.74.169 - - [18/May/2026:11:32:47 +0000] "GET /?items/O44092756394/ HTTP/1.1" 200 23177 "-" "Mozilla/5.0 (Linux; Android 6.0.1; Nexus 5X Build/MMB29P) AppleWebKit/537.36 (KHTML, like Gecko) Chrome/148.0.7778.96 Mobile Safari/537.36 (compatible; Googlebot/2.1; +http://www.google.com/bot.html)"
216.73.216.230 - - [18/May/2026:11:32:50 +0000] "GET /items/O440844323535/ HTTP/1.1" 500 20 "-" "Mozilla/5.0 AppleWebKit/537.36 (KHTML, like Gecko; compatible; ClaudeBot/1.0; +claudebot@anthropic.com)"
66.249.74.160 - - [18/May/2026:11:32:53 +0000] "GET /?items/O44061308473/ HTTP/1.1" 200 24593 "-" "Mozilla/5.0 (Linux; Android 6.0.1; Nexus 5X Build/MMB29P) AppleWebKit/537.36 (KHTML, like Gecko) Chrome/148.0.7778.96 Mobile Safari/537.36 (compatible; GoogleOther)"
216.73.216.230 - - [18/May/2026:11:32:55 +0000] "GET /items/O440682456017/ HTTP/1.1" 500 20 "-" "Mozilla/5.0 AppleWebKit/537.36 (KHTML, like Gecko; compatible; ClaudeBot/1.0; +claudebot@anthropic.com)"
66.249.74.169 - - [18/May/2026:11:32:55 +0000] "GET /?items/O44082301113/ HTTP/1.1" 200 23949 "-" "Mozilla/5.0 (Linux; Android 6.0.1; Nexus 5X Build/MMB29P) AppleWebKit/537.36 (KHTML, like Gecko) Chrome/148.0.7778.96 Mobile Safari/537.36 (compatible; Googlebot/2.1; +http://www.google.com/bot.html)"
216.73.216.230 - - [18/May/2026:11:33:00 +0000] "GET /items/O440898365247/ HTTP/1.1" 500 20 "-" "Mozilla/5.0 AppleWebKit/537.36 (KHTML, like Gecko; compatible; ClaudeBot/1.0; +claudebot@anthropic.com)"
66.249.74.169 - - [18/May/2026:11:33:02 +0000] "GET /?items/O44082291627/ HTTP/1.1" 200 23910 "-" "Mozilla/5.0 (Linux; Android 6.0.1; Nexus 5X Build/MMB29P) AppleWebKit/537.36 (KHTML, like Gecko) Chrome/148.0.7778.96 Mobile Safari/537.36 (compatible; Googlebot/2.1; +http://www.google.com/bot.html)"
216.73.216.230 - - [18/May/2026:11:33:05 +0000] "GET /items/O440472047358/ HTTP/1.1" 500 20 "-" "Mozilla/5.0 AppleWebKit/537.36 (KHTML, like Gecko; compatible; ClaudeBot/1.0; +claudebot@anthropic.com)"
66.249.74.169 - - [18/May/2026:11:33:07 +0000] "GET /?items/O44061212218/ HTTP/1.1" 200 23147 "-" "Mozilla/5.0 (Linux; Android 6.0.1; Nexus 5X Build/MMB29P) AppleWebKit/537.36 (KHTML, like Gecko) Chrome/148.0.7778.96 Mobile Safari/537.36 (compatible; GoogleOther)"
66.249.74.169 - - [18/May/2026:11:33:10 +0000] "GET /?items/O44092898597/ HTTP/1.1" 200 23731 "-" "Mozilla/5.0 (Linux; Android 6.0.1; Nexus 5X Build/MMB29P) AppleWebKit/537.36 (KHTML, like Gecko) Chrome/148.0.7778.96 Mobile Safari/537.36 (compatible; Googlebot/2.1; +http://www.google.com/bot.html)"
216.73.216.230 - - [18/May/2026:11:33:10 +0000] "GET /items/O440850484496/ HTTP/1.1" 500 20 "-" "Mozilla/5.0 AppleWebKit/537.36 (KHTML, like Gecko; compatible; ClaudeBot/1.0; +claudebot@anthropic.com)"
216.73.216.230 - - [18/May/2026:11:33:15 +0000] "GET /items/O44053845050/ HTTP/1.1" 500 20 "-" "Mozilla/5.0 AppleWebKit/537.36 (KHTML, like Gecko; compatible; ClaudeBot/1.0; +claudebot@anthropic.com)"
66.249.74.169 - - [18/May/2026:11:33:17 +0000] "GET /?items/O44082316923/ HTTP/1.1" 200 24080 "-" "Mozilla/5.0 (Linux; Android 6.0.1; Nexus 5X Build/MMB29P) AppleWebKit/537.36 (KHTML, like Gecko) Chrome/148.0.7778.96 Mobile Safari/537.36 (compatible; Googlebot/2.1; +http://www.google.com/bot.html)"
74.7.242.11 - - [18/May/2026:11:33:20 +0000] "GET /items/O44064014215/ HTTP/1.1" 500 20 "https://davekochphoto.com/sitemap_searche_616.xml" "Mozilla/5.0 AppleWebKit/537.36 (KHTML, like Gecko; compatible; GPTBot/1.3; +https://openai.com/gptbot)"
216.73.216.230 - - [18/May/2026:11:33:20 +0000] "GET /items/O44043189375/ HTTP/1.1" 500 20 "-" "Mozilla/5.0 AppleWebKit/537.36 (KHTML, like Gecko; compatible; ClaudeBot/1.0; +claudebot@anthropic.com)"
66.249.74.169 - - [18/May/2026:11:33:21 +0000] "GET /?items/O44061209113/ HTTP/1.1" 200 23619 "-" "Mozilla/5.0 (Linux; Android 6.0.1; Nexus 5X Build/MMB29P) AppleWebKit/537.36 (KHTML, like Gecko) Chrome/148.0.7778.96 Mobile Safari/537.36 (compatible; GoogleOther)"
66.249.74.169 - - [18/May/2026:11:33:25 +0000] "GET /?items/O44082339057/ HTTP/1.1" 200 24317 "-" "Mozilla/5.0 (Linux; Android 6.0.1; Nexus 5X Build/MMB29P) AppleWebKit/537.36 (KHTML, like Gecko) Chrome/148.0.7778.96 Mobile Safari/537.36 (compatible; Googlebot/2.1; +http://www.google.com/bot.html)"
216.73.216.230 - - [18/May/2026:11:33:25 +0000] "GET /items/O440998529877/ HTTP/1.1" 500 20 "-" "Mozilla/5.0 AppleWebKit/537.36 (KHTML, like Gecko; compatible; ClaudeBot/1.0; +claudebot@anthropic.com)"
216.73.216.230 - - [18/May/2026:11:33:30 +0000] "GET /items/O440835136469/ HTTP/1.1" 500 20 "-" "Mozilla/5.0 AppleWebKit/537.36 (KHTML, like Gecko; compatible; ClaudeBot/1.0; +claudebot@anthropic.com)"
66.249.74.169 - - [18/May/2026:11:33:32 +0000] "GET /?items/O44082380163/ HTTP/1.1" 200 23414 "-" "Mozilla/5.0 (Linux; Android 6.0.1; Nexus 5X Build/MMB29P) AppleWebKit/537.36 (KHTML, like Gecko) Chrome/148.0.7778.96 Mobile Safari/537.36 (compatible; Googlebot/2.1; +http://www.google.com/bot.html)"
216.73.216.230 - - [18/May/2026:11:33:35 +0000] "GET /items/O44092749924/ HTTP/1.1" 500 20 "-" "Mozilla/5.0 AppleWebKit/537.36 (KHTML, like Gecko; compatible; ClaudeBot/1.0; +claudebot@anthropic.com)"
66.249.74.169 - - [18/May/2026:11:33:35 +0000] "GET /?items/O44061299158/ HTTP/1.1" 200 23017 "-" "Mozilla/5.0 (Linux; Android 6.0.1; Nexus 5X Build/MMB29P) AppleWebKit/537.36 (KHTML, like Gecko) Chrome/148.0.7778.96 Mobile Safari/537.36 (compatible; GoogleOther)"
66.249.74.169 - - [18/May/2026:11:33:40 +0000] "GET /?items/O44082348543/ HTTP/1.1" 200 23839 "-" "Mozilla/5.0 (Linux; Android 6.0.1; Nexus 5X Build/MMB29P) AppleWebKit/537.36 (KHTML, like Gecko) Chrome/148.0.7778.96 Mobile Safari/537.36 (compatible; Googlebot/2.1; +http://www.google.com/bot.html)"
216.73.216.230 - - [18/May/2026:11:33:40 +0000] "GET /items/O440655449318/ HTTP/1.1" 500 20 "-" "Mozilla/5.0 AppleWebKit/537.36 (KHTML, like Gecko; compatible; ClaudeBot/1.0; +claudebot@anthropic.com)"
216.73.216.230 - - [18/May/2026:11:33:45 +0000] "GET /items/O44092637967/ HTTP/1.1" 500 20 "-" "Mozilla/5.0 AppleWebKit/537.36 (KHTML, like Gecko; compatible; ClaudeBot/1.0; +claudebot@anthropic.com)"
66.249.74.169 - - [18/May/2026:11:33:47 +0000] "GET /?items/O44092992166/ HTTP/1.1" 200 23875 "-" "Mozilla/5.0 (Linux; Android 6.0.1; Nexus 5X Build/MMB29P) AppleWebKit/537.36 (KHTML, like Gecko) Chrome/148.0.7778.96 Mobile Safari/537.36 (compatible; Googlebot/2.1; +http://www.google.com/bot.html)"
2a03:2880:f806:19:: - - [18/May/2026:11:33:49 +0000] "GET /items/F141681329/ HTTP/1.1" 500 20 "-" "meta-externalagent/1.1 (+https://developers.facebook.com/docs/sharing/webmasters/crawler)"
66.249.74.169 - - [18/May/2026:11:33:49 +0000] "GET /?items/O44061252583/ HTTP/1.1" 200 23808 "-" "Mozilla/5.0 (Linux; Android 6.0.1; Nexus 5X Build/MMB29P) AppleWebKit/537.36 (KHTML, like Gecko) Chrome/148.0.7778.96 Mobile Safari/537.36 (compatible; GoogleOther)"
216.73.216.230 - - [18/May/2026:11:33:50 +0000] "GET /items/O440898053935/ HTTP/1.1" 500 20 "-" "Mozilla/5.0 AppleWebKit/537.36 (KHTML, like Gecko; compatible; ClaudeBot/1.0; +claudebot@anthropic.com)"
66.249.74.169 - - [18/May/2026:11:33:55 +0000] "GET /?items/O44082313761/ HTTP/1.1" 200 23226 "-" "Mozilla/5.0 (Linux; Android 6.0.1; Nexus 5X Build/MMB29P) AppleWebKit/537.36 (KHTML, like Gecko) Chrome/148.0.7778.96 Mobile Safari/537.36 (compatible; Googlebot/2.1; +http://www.google.com/bot.html)"
216.73.216.230 - - [18/May/2026:11:33:55 +0000] "GET /items/O440688161801/ HTTP/1.1" 500 20 "-" "Mozilla/5.0 AppleWebKit/537.36 (KHTML, like Gecko; compatible; ClaudeBot/1.0; +claudebot@anthropic.com)"
66.249.74.169 - - [18/May/2026:11:33:55 +0000] "GET /?items/O44092534611/ HTTP/1.1" 200 23026 "-" "Mozilla/5.0 (Linux; Android 6.0.1; Nexus 5X Build/MMB29P) AppleWebKit/537.36 (KHTML, like Gecko) Chrome/148.0.7778.96 Mobile Safari/537.36 (compatible; Googlebot/2.1; +http://www.google.com/bot.html)"
216.73.216.230 - - [18/May/2026:11:34:00 +0000] "GET /items/O44088071866/ HTTP/1.1" 500 20 "-" "Mozilla/5.0 AppleWebKit/537.36 (KHTML, like Gecko; compatible; ClaudeBot/1.0; +claudebot@anthropic.com)"
66.249.74.160 - - [18/May/2026:11:34:02 +0000] "GET /?items/O44082364353/ HTTP/1.1" 200 23124 "-" "Mozilla/5.0 (Linux; Android 6.0.1; Nexus 5X Build/MMB29P) AppleWebKit/537.36 (KHTML, like Gecko) Chrome/148.0.7778.96 Mobile Safari/537.36 (compatible; Googlebot/2.1; +http://www.google.com/bot.html)"
66.249.74.169 - - [18/May/2026:11:34:04 +0000] "GET /?items/O44061268108/ HTTP/1.1" 200 23473 "-" "Mozilla/5.0 (Linux; Android 6.0.1; Nexus 5X Build/MMB29P) AppleWebKit/537.36 (KHTML, like Gecko) Chrome/148.0.7778.96 Mobile Safari/537.36 (compatible; GoogleOther)"
216.73.217.20 - - [18/May/2026:11:34:05 +0000] "GET /items/O44046017434/ HTTP/1.1" 500 20 "-" "Mozilla/5.0 AppleWebKit/537.36 (KHTML, like Gecko; compatible; ClaudeBot/1.0; +claudebot@anthropic.com)"
66.249.74.160 - - [18/May/2026:11:34:09 +0000] "GET /?items/O44092896841/ HTTP/1.1" 200 23449 "-" "Mozilla/5.0 (Linux; Android 6.0.1; Nexus 5X Build/MMB29P) AppleWebKit/537.36 (KHTML, like Gecko) Chrome/148.0.7778.96 Mobile Safari/537.36 (compatible; Googlebot/2.1; +http://www.google.com/bot.html)"
216.73.217.20 - - [18/May/2026:11:34:10 +0000] "GET /items/O440436030992/ HTTP/1.1" 500 20 "-" "Mozilla/5.0 AppleWebKit/537.36 (KHTML, like Gecko; compatible; ClaudeBot/1.0; +claudebot@anthropic.com)"
216.73.217.20 - - [18/May/2026:11:34:15 +0000] "GET /items/O440797888668/ HTTP/1.1" 500 20 "-" "Mozilla/5.0 AppleWebKit/537.36 (KHTML, like Gecko; compatible; ClaudeBot/1.0; +claudebot@anthropic.com)"
66.249.74.169 - - [18/May/2026:11:34:17 +0000] "GET /?items/O4404134359/ HTTP/1.1" 200 23416 "-" "Mozilla/5.0 (Linux; Android 6.0.1; Nexus 5X Build/MMB29P) AppleWebKit/537.36 (KHTML, like Gecko) Chrome/148.0.7778.96 Mobile Safari/537.36 (compatible; Googlebot/2.1; +http://www.google.com/bot.html)"
66.249.74.169 - - [18/May/2026:11:34:18 +0000] "GET /?items/O44061224638/ HTTP/1.1" 200 23793 "-" "Mozilla/5.0 (Linux; Android 6.0.1; Nexus 5X Build/MMB29P) AppleWebKit/537.36 (KHTML, like Gecko) Chrome/148.0.7778.96 Mobile Safari/537.36 (compatible; GoogleOther)"
216.73.217.20 - - [18/May/2026:11:34:20 +0000] "GET /items/O440716878151/ HTTP/1.1" 500 20 "-" "Mozilla/5.0 AppleWebKit/537.36 (KHTML, like Gecko; compatible; ClaudeBot/1.0; +claudebot@anthropic.com)"
74.7.242.11 - - [18/May/2026:11:34:23 +0000] "GET /items/O44071781867/ HTTP/1.1" 500 20 "https://davekochphoto.com/sitemap_searche_999.xml" "Mozilla/5.0 AppleWebKit/537.36 (KHTML, like Gecko; compatible; GPTBot/1.3; +https://openai.com/gptbot)"
66.249.74.169 - - [18/May/2026:11:34:24 +0000] "GET /?items/O4404129091/ HTTP/1.1" 200 23340 "-" "Mozilla/5.0 (Linux; Android 6.0.1; Nexus 5X Build/MMB29P) AppleWebKit/537.36 (KHTML, like Gecko) Chrome/148.0.7778.96 Mobile Safari/537.36 (compatible; Googlebot/2.1; +http://www.google.com/bot.html)"
216.73.217.20 - - [18/May/2026:11:34:26 +0000] "GET /items/O440920951049/ HTTP/1.1" 500 20 "-" "Mozilla/5.0 AppleWebKit/537.36 (KHTML, like Gecko; compatible; ClaudeBot/1.0; +claudebot@anthropic.com)"
216.73.217.20 - - [18/May/2026:11:34:31 +0000] "GET /items/O440797991960/ HTTP/1.1" 500 20 "-" "Mozilla/5.0 AppleWebKit/537.36 (KHTML, like Gecko; compatible; ClaudeBot/1.0; +claudebot@anthropic.com)"
66.249.74.169 - - [18/May/2026:11:34:32 +0000] "GET /?items/O44061286738/ HTTP/1.1" 200 24092 "-" "Mozilla/5.0 (Linux; Android 6.0.1; Nexus 5X Build/MMB29P) AppleWebKit/537.36 (KHTML, like Gecko) Chrome/148.0.7778.96 Mobile Safari/537.36 (compatible; GoogleOther)"
66.249.74.169 - - [18/May/2026:11:34:32 +0000] "GET /?items/O4405706045/ HTTP/1.1" 200 23163 "-" "Mozilla/5.0 (Linux; Android 6.0.1; Nexus 5X Build/MMB29P) AppleWebKit/537.36 (KHTML, like Gecko) Chrome/148.0.7778.96 Mobile Safari/537.36 (compatible; Googlebot/2.1; +http://www.google.com/bot.html)"
216.73.217.20 - - [18/May/2026:11:34:36 +0000] "GET /items/O44088112401/ HTTP/1.1" 500 20 "-" "Mozilla/5.0 AppleWebKit/537.36 (KHTML, like Gecko; compatible; ClaudeBot/1.0; +claudebot@anthropic.com)"
216.73.217.20 - - [18/May/2026:11:34:41 +0000] "GET /items/O440722529997/ HTTP/1.1" 500 20 "-" "Mozilla/5.0 AppleWebKit/537.36 (KHTML, like Gecko; compatible; ClaudeBot/1.0; +claudebot@anthropic.com)"
66.249.74.161 - - [18/May/2026:11:34:43 +0000] "GET /?items/O4405659605/ HTTP/1.1" 200 24377 "-" "Mozilla/5.0 (Linux; Android 6.0.1; Nexus 5X Build/MMB29P) AppleWebKit/537.36 (KHTML, like Gecko) Chrome/148.0.7778.96 Mobile Safari/537.36 (compatible; Googlebot/2.1; +http://www.google.com/bot.html)"
216.73.217.20 - - [18/May/2026:11:34:46 +0000] "GET /items/O44082230265/ HTTP/1.1" 500 20 "-" "Mozilla/5.0 AppleWebKit/537.36 (KHTML, like Gecko; compatible; ClaudeBot/1.0; +claudebot@anthropic.com)"
66.249.74.161 - - [18/May/2026:11:34:46 +0000] "GET /?items/O44061311578/ HTTP/1.1" 200 24099 "-" "Mozilla/5.0 (Linux; Android 6.0.1; Nexus 5X Build/MMB29P) AppleWebKit/537.36 (KHTML, like Gecko) Chrome/148.0.7778.96 Mobile Safari/537.36 (compatible; GoogleOther)"
66.249.74.161 - - [18/May/2026:11:34:48 +0000] "GET /?items/O4405904189/ HTTP/1.1" 200 24114 "-" "Mozilla/5.0 (Linux; Android 6.0.1; Nexus 5X Build/MMB29P) AppleWebKit/537.36 (KHTML, like Gecko) Chrome/148.0.7778.96 Mobile Safari/537.36 (compatible; Googlebot/2.1; +http://www.google.com/bot.html)"
216.73.217.20 - - [18/May/2026:11:34:51 +0000] "GET /items/O440424388274/ HTTP/1.1" 500 20 "-" "Mozilla/5.0 AppleWebKit/537.36 (KHTML, like Gecko; compatible; ClaudeBot/1.0; +claudebot@anthropic.com)"
216.73.217.20 - - [18/May/2026:11:34:56 +0000] "GET /items/O44088086548/ HTTP/1.1" 500 20 "-" "Mozilla/5.0 AppleWebKit/537.36 (KHTML, like Gecko; compatible; ClaudeBot/1.0; +claudebot@anthropic.com)"
2a03:2880:f806:13:: - - [18/May/2026:11:34:56 +0000] "GET /items/V141617975/ HTTP/1.1" 500 20 "-" "meta-externalagent/1.1 (+https://developers.facebook.com/docs/sharing/webmasters/crawler)"
66.249.74.161 - - [18/May/2026:11:34:59 +0000] "GET /?items/O44092783738/ HTTP/1.1" 200 24272 "-" "Mozilla/5.0 (Linux; Android 6.0.1; Nexus 5X Build/MMB29P) AppleWebKit/537.36 (KHTML, like Gecko) Chrome/148.0.7778.96 Mobile Safari/537.36 (compatible; Googlebot/2.1; +http://www.google.com/bot.html)"
66.249.74.161 - - [18/May/2026:11:35:00 +0000] "GET /?items/O44061237058/ HTTP/1.1" 200 24108 "-" "Mozilla/5.0 (Linux; Android 6.0.1; Nexus 5X Build/MMB29P) AppleWebKit/537.36 (KHTML, like Gecko) Chrome/148.0.7778.96 Mobile Safari/537.36 (compatible; GoogleOther)"
216.73.217.20 - - [18/May/2026:11:35:01 +0000] "GET /items/O44092625980/ HTTP/1.1" 500 20 "-" "Mozilla/5.0 AppleWebKit/537.36 (KHTML, like Gecko; compatible; ClaudeBot/1.0; +claudebot@anthropic.com)"
66.249.74.161 - - [18/May/2026:11:35:05 +0000] "GET /?items/O4405631741/ HTTP/1.1" 200 23167 "-" "Mozilla/5.0 (Linux; Android 6.0.1; Nexus 5X Build/MMB29P) AppleWebKit/537.36 (KHTML, like Gecko) Chrome/148.0.7778.96 Mobile Safari/537.36 (compatible; Googlebot/2.1; +http://www.google.com/bot.html)"
216.73.217.20 - - [18/May/2026:11:35:06 +0000] "GET /items/O44085139263/ HTTP/1.1" 500 20 "-" "Mozilla/5.0 AppleWebKit/537.36 (KHTML, like Gecko; compatible; ClaudeBot/1.0; +claudebot@anthropic.com)"
66.249.74.161 - - [18/May/2026:11:35:10 +0000] "GET /?items/O440489243/ HTTP/1.1" 200 23160 "-" "Mozilla/5.0 (Linux; Android 6.0.1; Nexus 5X Build/MMB29P) AppleWebKit/537.36 (KHTML, like Gecko) Chrome/148.0.7778.96 Mobile Safari/537.36 (compatible; Googlebot/2.1; +http://www.google.com/bot.html)"
216.73.217.20 - - [18/May/2026:11:35:11 +0000] "GET /items/O44085451224/ HTTP/1.1" 500 20 "-" "Mozilla/5.0 AppleWebKit/537.36 (KHTML, like Gecko; compatible; ClaudeBot/1.0; +claudebot@anthropic.com)"
52.167.144.221 - - [18/May/2026:11:35:11 +0000] "GET /items/O44092954754/ HTTP/1.1" 200 24167 "-" "Mozilla/5.0 AppleWebKit/537.36 (KHTML, like Gecko; compatible; bingbot/2.0; +http://www.bing.com/bingbot.htm) Chrome/116.0.1938.76 Safari/537.36"
66.249.74.161 - - [18/May/2026:11:35:11 +0000] "GET /?items/O4404143133/ HTTP/1.1" 200 23361 "-" "Mozilla/5.0 (Linux; Android 6.0.1; Nexus 5X Build/MMB29P) AppleWebKit/537.36 (KHTML, like Gecko) Chrome/148.0.7778.96 Mobile Safari/537.36 (compatible; Googlebot/2.1; +http://www.google.com/bot.html)"
66.249.74.161 - - [18/May/2026:11:35:11 +0000] "GET /?items/O4405786541/ HTTP/1.1" 200 23758 "-" "Mozilla/5.0 (Linux; Android 6.0.1; Nexus 5X Build/MMB29P) AppleWebKit/537.36 (KHTML, like Gecko) Chrome/148.0.7778.96 Mobile Safari/537.36 (compatible; Googlebot/2.1; +http://www.google.com/bot.html)"
66.249.74.161 - - [18/May/2026:11:35:12 +0000] "GET /?items/O44092531782/ HTTP/1.1" 200 23721 "-" "Mozilla/5.0 (Linux; Android 6.0.1; Nexus 5X Build/MMB29P) AppleWebKit/537.36 (KHTML, like Gecko) Chrome/148.0.7778.96 Mobile Safari/537.36 (compatible; Googlebot/2.1; +http://www.google.com/bot.html)"
66.249.74.161 - - [18/May/2026:11:35:14 +0000] "GET /?items/O44061246373/ HTTP/1.1" 200 23643 "-" "Mozilla/5.0 (Linux; Android 6.0.1; Nexus 5X Build/MMB29P) AppleWebKit/537.36 (KHTML, like Gecko) Chrome/148.0.7778.96 Mobile Safari/537.36 (compatible; GoogleOther)"
216.73.217.20 - - [18/May/2026:11:35:16 +0000] "GET /items/O440797923729/ HTTP/1.1" 500 20 "-" "Mozilla/5.0 AppleWebKit/537.36 (KHTML, like Gecko; compatible; ClaudeBot/1.0; +claudebot@anthropic.com)"
66.249.74.161 - - [18/May/2026:11:35:17 +0000] "GET /?items/O44061018741/ HTTP/1.1" 200 23770 "-" "Mozilla/5.0 (Linux; Android 6.0.1; Nexus 5X Build/MMB29P) AppleWebKit/537.36 (KHTML, like Gecko) Chrome/148.0.7778.96 Mobile Safari/537.36 (compatible; Googlebot/2.1; +http://www.google.com/bot.html)"
66.249.74.161 - - [18/May/2026:11:35:20 +0000] "GET /?items/O44071795156/ HTTP/1.1" 200 23697 "-" "Mozilla/5.0 (Linux; Android 6.0.1; Nexus 5X Build/MMB29P) AppleWebKit/537.36 (KHTML, like Gecko) Chrome/148.0.7778.96 Mobile Safari/537.36 (compatible; GoogleOther)"
216.73.217.20 - - [18/May/2026:11:35:21 +0000] "GET /items/O44053755280/ HTTP/1.1" 500 20 "-" "Mozilla/5.0 AppleWebKit/537.36 (KHTML, like Gecko; compatible; ClaudeBot/1.0; +claudebot@anthropic.com)"
66.249.74.161 - - [18/May/2026:11:35:22 +0000] "GET /?items/O4405839173/ HTTP/1.1" 200 23606 "-" "Mozilla/5.0 (Linux; Android 6.0.1; Nexus 5X Build/MMB29P) AppleWebKit/537.36 (KHTML, like Gecko) Chrome/148.0.7778.96 Mobile Safari/537.36 (compatible; Googlebot/2.1; +http://www.google.com/bot.html)"
216.73.217.20 - - [18/May/2026:11:35:26 +0000] "GET /items/O440590811575/ HTTP/1.1" 500 20 "-" "Mozilla/5.0 AppleWebKit/537.36 (KHTML, like Gecko; compatible; ClaudeBot/1.0; +claudebot@anthropic.com)"
74.7.242.11 - - [18/May/2026:11:35:28 +0000] "GET /items/O44049490907/ HTTP/1.1" 500 20 "https://davekochphoto.com/sitemap_searche_348.xml" "Mozilla/5.0 AppleWebKit/537.36 (KHTML, like Gecko; compatible; GPTBot/1.3; +https://openai.com/gptbot)"
66.249.74.161 - - [18/May/2026:11:35:28 +0000] "GET /?items/O4405668893/ HTTP/1.1" 200 23570 "-" "Mozilla/5.0 (Linux; Android 6.0.1; Nexus 5X Build/MMB29P) AppleWebKit/537.36 (KHTML, like Gecko) Chrome/148.0.7778.96 Mobile Safari/537.36 (compatible; Googlebot/2.1; +http://www.google.com/bot.html)"
66.249.74.161 - - [18/May/2026:11:35:28 +0000] "GET /?items/O44061333313/ HTTP/1.1" 200 23102 "-" "Mozilla/5.0 (Linux; Android 6.0.1; Nexus 5X Build/MMB29P) AppleWebKit/537.36 (KHTML, like Gecko) Chrome/148.0.7778.96 Mobile Safari/537.36 (compatible; GoogleOther)"
216.73.217.20 - - [18/May/2026:11:35:31 +0000] "GET /items/O44064220846/ HTTP/1.1" 500 20 "-" "Mozilla/5.0 AppleWebKit/537.36 (KHTML, like Gecko; compatible; ClaudeBot/1.0; +claudebot@anthropic.com)"
66.249.74.161 - - [18/May/2026:11:35:33 +0000] "GET /?items/O4405972301/ HTTP/1.1" 200 23599 "-" "Mozilla/5.0 (Linux; Android 6.0.1; Nexus 5X Build/MMB29P) AppleWebKit/537.36 (KHTML, like Gecko) Chrome/148.0.7778.96 Mobile Safari/537.36 (compatible; Googlebot/2.1; +http://www.google.com/bot.html)"
66.249.74.161 - - [18/May/2026:11:35:34 +0000] "GET /?items/O44082377001/ HTTP/1.1" 200 23609 "-" "Mozilla/5.0 (Linux; Android 6.0.1; Nexus 5X Build/MMB29P) AppleWebKit/537.36 (KHTML, like Gecko) Chrome/148.0.7778.96 Mobile Safari/537.36 (compatible; Googlebot/2.1; +http://www.google.com/bot.html)"
216.73.217.20 - - [18/May/2026:11:35:36 +0000] "GET /items/O44092949125/ HTTP/1.1" 500 20 "-" "Mozilla/5.0 AppleWebKit/537.36 (KHTML, like Gecko; compatible; ClaudeBot/1.0; +claudebot@anthropic.com)"
38.133.82.128 - - [18/May/2026:11:35:39 +0000] "GET /items/O44071625268/ HTTP/1.1" 500 20 "https://davekochphoto.com/" "Mozilla/5.0 (Linux; Android 8.0.0; SM-J330G) AppleWebKit/537.36 (KHTML, like Gecko) Chrome/114.0.0.0 Mobile Safari/537.36 EdgA/114.0.1823.74"
107.174.15.24 - - [18/May/2026:11:35:41 +0000] "GET /items/O44071625268/ HTTP/1.1" 500 20 "-" "Mozilla/5.0 (Linux; Android 10; K) AppleWebKit/537.36 (KHTML, like Gecko) SamsungBrowser/26.0 Chrome/122.0.0.0 Mobile Safari/537.36"
216.73.217.20 - - [18/May/2026:11:35:41 +0000] "GET /items/O44082418094/ HTTP/1.1" 500 20 "-" "Mozilla/5.0 AppleWebKit/537.36 (KHTML, like Gecko; compatible; ClaudeBot/1.0; +claudebot@anthropic.com)"
66.249.74.161 - - [18/May/2026:11:35:42 +0000] "GET /?items/O44061289843/ HTTP/1.1" 200 24109 "-" "Mozilla/5.0 (Linux; Android 6.0.1; Nexus 5X Build/MMB29P) AppleWebKit/537.36 (KHTML, like Gecko) Chrome/148.0.7778.96 Mobile Safari/537.36 (compatible; GoogleOther)"
67.207.89.28 - - [18/May/2026:11:35:43 +0000] "GET /Giggster/Best%20Fine%20Art%20Photographers%20in%20Salt%20Lake%20City%20%7C%20Giggster%20Guide_files/giggster-blog-logo2.jpg HTTP/1.1" 200 26670 "https://davekochphoto.com/" "Mozilla/5.0 (Windows NT 10.0; Win64; x64) AppleWebKit/537.36 (KHTML, like Gecko) Chrome/131.0.0.0 Safari/537.36"
66.249.74.161 - - [18/May/2026:11:35:44 +0000] "GET /?items/O4405634837/ HTTP/1.1" 200 24768 "-" "Mozilla/5.0 (Linux; Android 6.0.1; Nexus 5X Build/MMB29P) AppleWebKit/537.36 (KHTML, like Gecko) Chrome/148.0.7778.96 Mobile Safari/537.36 (compatible; Googlebot/2.1; +http://www.google.com/bot.html)"
66.249.74.161 - - [18/May/2026:11:35:44 +0000] "GET /?items/O4405715333/ HTTP/1.1" 200 22978 "-" "Mozilla/5.0 (Linux; Android 6.0.1; Nexus 5X Build/MMB29P) AppleWebKit/537.36 (KHTML, like Gecko) Chrome/148.0.7778.96 Mobile Safari/537.36 (compatible; Googlebot/2.1; +http://www.google.com/bot.html)"
216.73.217.20 - - [18/May/2026:11:35:46 +0000] "GET /items/O440841253149/ HTTP/1.1" 500 20 "-" "Mozilla/5.0 AppleWebKit/537.36 (KHTML, like Gecko; compatible; ClaudeBot/1.0; +claudebot@anthropic.com)"
66.249.74.161 - - [18/May/2026:11:35:48 +0000] "GET /shop/pg/44061073389 HTTP/1.1" 200 23615 "-" "Mozilla/5.0 (Linux; Android 6.0.1; Nexus 5X Build/MMB29P) AppleWebKit/537.36 (KHTML, like Gecko) Chrome/148.0.7778.96 Mobile Safari/537.36 (compatible; GoogleOther)"
66.249.74.161 - - [18/May/2026:11:35:50 +0000] "GET /?items/O4405916573/ HTTP/1.1" 200 23523 "-" "Mozilla/5.0 (Linux; Android 6.0.1; Nexus 5X Build/MMB29P) AppleWebKit/537.36 (KHTML, like Gecko) Chrome/148.0.7778.96 Mobile Safari/537.36 (compatible; Googlebot/2.1; +http://www.google.com/bot.html)"
66.249.74.161 - - [18/May/2026:11:35:50 +0000] "GET /?items/O44092677144/ HTTP/1.1" 200 23276 "-" "Mozilla/5.0 (Linux; Android 6.0.1; Nexus 5X Build/MMB29P) AppleWebKit/537.36 (KHTML, like Gecko) Chrome/148.0.7778.96 Mobile Safari/537.36 (compatible; Googlebot/2.1; +http://www.google.com/bot.html)"
66.249.74.161 - - [18/May/2026:11:35:51 +0000] "GET /?items/O44061002156/ HTTP/1.1" 200 23441 "-" "Mozilla/5.0 (Linux; Android 6.0.1; Nexus 5X Build/MMB29P) AppleWebKit/537.36 (KHTML, like Gecko) Chrome/148.0.7778.96 Mobile Safari/537.36 (compatible; Googlebot/2.1; +http://www.google.com/bot.html)"
216.73.217.20 - - [18/May/2026:11:35:51 +0000] "GET /items/O440755796767/ HTTP/1.1" 500 20 "-" "Mozilla/5.0 AppleWebKit/537.36 (KHTML, like Gecko; compatible; ClaudeBot/1.0; +claudebot@anthropic.com)"
66.249.74.161 - - [18/May/2026:11:35:52 +0000] "GET /?items/O44082383027/ HTTP/1.1" 200 23418 "-" "Mozilla/5.0 (Linux; Android 6.0.1; Nexus 5X Build/MMB29P) AppleWebKit/537.36 (KHTML, like Gecko) Chrome/148.0.7778.96 Mobile Safari/537.36 (compatible; GoogleOther)"
107.173.96.177 - - [18/May/2026:11:35:53 +0000] "GET /items/O44071625268/ HTTP/1.1" 500 20 "-" "Mozilla/5.0 (Linux; Android 14; Pixel 6 Pro) AppleWebKit/537.36 (KHTML, like Gecko) Chrome/122.0.6261.119 Mobile Safari/537.36 OPR/81.2.4292.78581"
66.249.74.161 - - [18/May/2026:11:35:54 +0000] "GET /?items/O4405959917/ HTTP/1.1" 200 23496 "-" "Mozilla/5.0 (Linux; Android 6.0.1; Nexus 5X Build/MMB29P) AppleWebKit/537.36 (KHTML, like Gecko) Chrome/148.0.7778.96 Mobile Safari/537.36 (compatible; Googlebot/2.1; +http://www.google.com/bot.html)"
142.252.74.123 - - [18/May/2026:11:35:54 +0000] "GET / HTTP/1.1" 500 20 "http://www.baidu.com/" "Mozilla/5.0 (Linux; Android 8.0.0; SM-J330G) AppleWebKit/537.36 (KHTML, like Gecko) Chrome/114.0.0.0 Mobile Safari/537.36 EdgA/114.0.1823.74"
66.249.74.161 - - [18/May/2026:11:35:54 +0000] "GET /?items/O44071605457/ HTTP/1.1" 200 23534 "-" "Mozilla/5.0 (Linux; Android 6.0.1; Nexus 5X Build/MMB29P) AppleWebKit/537.36 (KHTML, like Gecko) Chrome/148.0.7778.96 Mobile Safari/537.36 (compatible; GoogleOther)"
142.252.74.123 - - [18/May/2026:11:35:55 +0000] "GET /items/O44071625268/ HTTP/1.1" 500 20 "https://www.davekochphoto.com/" "Mozilla/5.0 (Linux; Android 8.0.0; SM-J330G) AppleWebKit/537.36 (KHTML, like Gecko) Chrome/114.0.0.0 Mobile Safari/537.36 EdgA/114.0.1823.74"
216.73.217.20 - - [18/May/2026:11:35:56 +0000] "GET /items/O44049457105/ HTTP/1.1" 500 20 "-" "Mozilla/5.0 AppleWebKit/537.36 (KHTML, like Gecko; compatible; ClaudeBot/1.0; +claudebot@anthropic.com)"
66.249.74.161 - - [18/May/2026:11:35:57 +0000] "GET /?items/O44061379888/ HTTP/1.1" 200 23716 "-" "Mozilla/5.0 (Linux; Android 6.0.1; Nexus 5X Build/MMB29P) AppleWebKit/537.36 (KHTML, like Gecko) Chrome/148.0.7778.96 Mobile Safari/537.36 (compatible; GoogleOther)"
103.228.225.255 - - [18/May/2026:11:36:01 +0000] "GET /items/O44071625268/ HTTP/1.1" 500 20 "-" "Mozilla/5.0 (Linux; Android 8.0.0; SM-J330G) AppleWebKit/537.36 (KHTML, like Gecko) Chrome/114.0.0.0 Mobile Safari/537.36 EdgA/114.0.1823.74"
216.73.217.20 - - [18/May/2026:11:36:01 +0000] "GET /items/O44085407087/ HTTP/1.1" 500 20 "-" "Mozilla/5.0 AppleWebKit/537.36 (KHTML, like Gecko; compatible; ClaudeBot/1.0; +claudebot@anthropic.com)"
66.249.74.161 - - [18/May/2026:11:36:02 +0000] "GET /?items/O4405891805/ HTTP/1.1" 200 23852 "-" "Mozilla/5.0 (Linux; Android 6.0.1; Nexus 5X Build/MMB29P) AppleWebKit/537.36 (KHTML, like Gecko) Chrome/148.0.7778.96 Mobile Safari/537.36 (compatible; Googlebot/2.1; +http://www.google.com/bot.html)"
88.230.46.105 - - [18/May/2026:11:36:02 +0000] "GET /items/O44071625268/ HTTP/1.1" 500 20 "-" "Mozilla/5.0 (Linux; Android 14; Pixel 6 Pro) AppleWebKit/537.36 (KHTML, like Gecko) Chrome/122.0.6261.119 Mobile Safari/537.36 OPR/81.2.4292.78581"
2a03:2880:f806:3c:: - - [18/May/2026:11:36:03 +0000] "GET /items/U73438036/ HTTP/1.1" 500 20 "-" "meta-externalagent/1.1 (+https://developers.facebook.com/docs/sharing/webmasters/crawler)"
196.189.145.221 - - [18/May/2026:11:36:06 +0000] "GET /items/O44071625268/ HTTP/1.1" 500 20 "https://davekochphoto.com/" "Mozilla/5.0 (Linux; Android 11; SM-S901B) AppleWebKit/537.36 (KHTML, like Gecko) Chrome/112.0.0.0 Mobile Safari/537.36"
216.73.217.20 - - [18/May/2026:11:36:06 +0000] "GET /items/O44088331040/ HTTP/1.1" 500 20 "-" "Mozilla/5.0 AppleWebKit/537.36 (KHTML, like Gecko; compatible; ClaudeBot/1.0; +claudebot@anthropic.com)"
2003:e0:7f1a:9ad4:add6:836:a6cc:56f7 - - [18/May/2026:11:36:08 +0000] "GET /wp-content/uploads/2018/05/8102437-1920x1281.jpg HTTP/1.1" 200 255858 "https://www.bing.com/" "Mozilla/5.0 (Windows NT 10.0; Win64; x64) AppleWebKit/537.36 (KHTML, like Gecko) Chrome/148.0.0.0 Safari/537.36 Edg/148.0.0.0"
107.174.187.157 - - [18/May/2026:11:36:08 +0000] "GET /items/O44071625268/ HTTP/1.1" 500 20 "https://davekochphoto.com/" "Mozilla/5.0 (Linux; Android 7; SM-S901B) AppleWebKit/537.36 (KHTML, like Gecko) Chrome/112.0.0.0 Mobile Safari/537.36"
23.121.21.135 - - [18/May/2026:11:36:09 +0000] "GET /items/O44071625268/ HTTP/1.1" 500 20 "https://www.yahoo.com/" "Mozilla/5.0 (Linux; Android 10; K) AppleWebKit/537.36 (KHTML, like Gecko) SamsungBrowser/26.0 Chrome/122.0.0.0 Mobile Safari/537.36"
