66.249.75.131 - - [18/May/2026:09:12:59 +0000] "GET /items/A094743326/ HTTP/1.1" 500 2653 "-" "Mozilla/5.0 (Linux; Android 6.0.1; Nexus 5X Build/MMB29P) AppleWebKit/537.36 (KHTML, like Gecko) Chrome/148.0.7778.96 Mobile Safari/537.36 (compatible; Googlebot/2.1; +http://www.google.com/bot.html)"
66.249.75.131 - - [18/May/2026:09:13:02 +0000] "GET /items/W075816389/ HTTP/1.1" 500 2653 "-" "Mozilla/5.0 (Linux; Android 6.0.1; Nexus 5X Build/MMB29P) AppleWebKit/537.36 (KHTML, like Gecko) Chrome/148.0.7778.96 Mobile Safari/537.36 (compatible; Googlebot/2.1; +http://www.google.com/bot.html)"
66.249.75.131 - - [18/May/2026:09:13:02 +0000] "GET /items/L371538472/ HTTP/1.1" 500 2653 "-" "Mozilla/5.0 (Linux; Android 6.0.1; Nexus 5X Build/MMB29P) AppleWebKit/537.36 (KHTML, like Gecko) Chrome/148.0.7778.96 Mobile Safari/537.36 (compatible; Googlebot/2.1; +http://www.google.com/bot.html)"
47.128.38.23 - - [18/May/2026:09:13:24 +0000] "GET /items/K623209943/ HTTP/1.1" 500 2653 "-" "Mozilla/5.0 (Linux; Android 5.0) AppleWebKit/537.36 (KHTML, like Gecko) Mobile Safari/537.36 (compatible; Bytespider; spider-feedback@bytedance.com)"
66.249.75.131 - - [18/May/2026:09:13:26 +0000] "GET /items/C625698270/ HTTP/1.1" 500 2653 "-" "Mozilla/5.0 (Linux; Android 6.0.1; Nexus 5X Build/MMB29P) AppleWebKit/537.36 (KHTML, like Gecko) Chrome/148.0.7778.96 Mobile Safari/537.36 (compatible; Googlebot/2.1; +http://www.google.com/bot.html)"
166.70.241.67 - - [18/May/2026:09:13:51 +0000] "GET /wp-cron.php HTTP/1.1" 500 2653 "https://commercialphotographyutah.com/wp-admin/plugins.php" "Mozilla/5.0 (Macintosh; Intel Mac OS X 10.15; rv:148.0) Gecko/20100101 Firefox/148.0"
66.249.75.131 - - [18/May/2026:09:14:18 +0000] "GET /items/V753801699/ HTTP/1.1" 500 2653 "-" "Mozilla/5.0 (Linux; Android 6.0.1; Nexus 5X Build/MMB29P) AppleWebKit/537.36 (KHTML, like Gecko) Chrome/148.0.7778.96 Mobile Safari/537.36 (compatible; Googlebot/2.1; +http://www.google.com/bot.html)"
66.249.75.131 - - [18/May/2026:09:15:10 +0000] "GET /items/V752706626/ HTTP/1.1" 500 2653 "-" "Mozilla/5.0 (Linux; Android 6.0.1; Nexus 5X Build/MMB29P) AppleWebKit/537.36 (KHTML, like Gecko) Chrome/148.0.7778.96 Mobile Safari/537.36 (compatible; Googlebot/2.1; +http://www.google.com/bot.html)"
123.21.129.173 - - [18/May/2026:09:15:27 +0000] "GET /items/J925053707/ HTTP/1.1" 500 2653 "-" "Mozilla/5.0 (Macintosh; Intel Mac OS X 10_15_7) AppleWebKit/537.36 (KHTML, like Gecko) Chrome/130.0.6723.69 Safari/537.36"
66.249.75.133 - - [18/May/2026:09:16:03 +0000] "GET /items/V753268441/ HTTP/1.1" 500 2653 "-" "Mozilla/5.0 (Linux; Android 6.0.1; Nexus 5X Build/MMB29P) AppleWebKit/537.36 (KHTML, like Gecko) Chrome/148.0.7778.96 Mobile Safari/537.36 (compatible; Googlebot/2.1; +http://www.google.com/bot.html)"
66.249.75.131 - - [18/May/2026:09:16:38 +0000] "GET /items/P756326017/ HTTP/1.1" 500 2653 "-" "Mozilla/5.0 (Linux; Android 6.0.1; Nexus 5X Build/MMB29P) AppleWebKit/537.36 (KHTML, like Gecko) Chrome/148.0.7778.96 Mobile Safari/537.36 (compatible; Googlebot/2.1; +http://www.google.com/bot.html)"
66.249.75.131 - - [18/May/2026:09:16:55 +0000] "GET /items/V751390696/ HTTP/1.1" 500 2653 "-" "Mozilla/5.0 (Linux; Android 6.0.1; Nexus 5X Build/MMB29P) AppleWebKit/537.36 (KHTML, like Gecko) Chrome/148.0.7778.96 Mobile Safari/537.36 (compatible; Googlebot/2.1; +http://www.google.com/bot.html)"
66.249.75.133 - - [18/May/2026:09:17:04 +0000] "GET /items/Q711088212/ HTTP/1.1" 500 2653 "-" "Mozilla/5.0 (Linux; Android 6.0.1; Nexus 5X Build/MMB29P) AppleWebKit/537.36 (KHTML, like Gecko) Chrome/148.0.7778.96 Mobile Safari/537.36 (compatible; Googlebot/2.1; +http://www.google.com/bot.html)"
166.70.241.67 - - [18/May/2026:09:17:22 +0000] "GET /wp-cron.php HTTP/1.1" 500 2653 "https://commercialphotographyutah.com/wp-admin/plugins.php" "Mozilla/5.0 (Macintosh; Intel Mac OS X 10.15; rv:148.0) Gecko/20100101 Firefox/148.0"
47.128.38.186 - - [18/May/2026:09:17:25 +0000] "GET /items/K625004533/ HTTP/1.1" 500 2653 "-" "Mozilla/5.0 (Linux; Android 5.0) AppleWebKit/537.36 (KHTML, like Gecko) Mobile Safari/537.36 (compatible; Bytespider; spider-feedback@bytedance.com)"
45.131.193.16 - - [18/May/2026:09:17:38 +0000] "GET /wp-login.php HTTP/1.1" 500 2653 "-" "Mozilla/5.0 (Windows NT 10.0; Win64; rv:143.0) Gecko/20100101 Firefox/143.0"
66.249.75.132 - - [18/May/2026:09:17:47 +0000] "GET /items/V754284683/ HTTP/1.1" 500 2653 "-" "Mozilla/5.0 (Linux; Android 6.0.1; Nexus 5X Build/MMB29P) AppleWebKit/537.36 (KHTML, like Gecko) Chrome/148.0.7778.96 Mobile Safari/537.36 (compatible; Googlebot/2.1; +http://www.google.com/bot.html)"
66.249.75.132 - - [18/May/2026:09:18:40 +0000] "GET /items/V756066461/ HTTP/1.1" 500 2653 "-" "Mozilla/5.0 (Linux; Android 6.0.1; Nexus 5X Build/MMB29P) AppleWebKit/537.36 (KHTML, like Gecko) Chrome/148.0.7778.96 Mobile Safari/537.36 (compatible; Googlebot/2.1; +http://www.google.com/bot.html)"
103.75.85.166 - - [18/May/2026:09:18:58 +0000] "GET /items/J925628022/ HTTP/1.1" 500 2653 "-" "Mozilla/5.0 (Macintosh; Intel Mac OS X 13_5_1) AppleWebKit/537.36 (KHTML, like Gecko) Chrome/125.0.6422.60 Safari/537.36"
66.249.75.132 - - [18/May/2026:09:19:32 +0000] "GET /items/V755702744/ HTTP/1.1" 500 2653 "-" "Mozilla/5.0 (Linux; Android 6.0.1; Nexus 5X Build/MMB29P) AppleWebKit/537.36 (KHTML, like Gecko) Chrome/148.0.7778.96 Mobile Safari/537.36 (compatible; Googlebot/2.1; +http://www.google.com/bot.html)"
66.249.75.132 - - [18/May/2026:09:19:36 +0000] "GET /items/Z322138498/ HTTP/1.1" 500 2653 "-" "Mozilla/5.0 (Linux; Android 6.0.1; Nexus 5X Build/MMB29P) AppleWebKit/537.36 (KHTML, like Gecko) Chrome/148.0.7778.96 Mobile Safari/537.36 (compatible; Googlebot/2.1; +http://www.google.com/bot.html)"
66.249.75.131 - - [18/May/2026:09:19:37 +0000] "GET /items/F773343317/ HTTP/1.1" 500 2653 "-" "Mozilla/5.0 (Linux; Android 6.0.1; Nexus 5X Build/MMB29P) AppleWebKit/537.36 (KHTML, like Gecko) Chrome/148.0.7778.96 Mobile Safari/537.36 (compatible; Googlebot/2.1; +http://www.google.com/bot.html)"
66.249.75.131 - - [18/May/2026:09:19:39 +0000] "GET /shop/customer/bookmark HTTP/1.1" 500 2653 "-" "Mozilla/5.0 (Linux; Android 6.0.1; Nexus 5X Build/MMB29P) AppleWebKit/537.36 (KHTML, like Gecko) Chrome/148.0.7778.96 Mobile Safari/537.36 (compatible; Googlebot/2.1; +http://www.google.com/bot.html)"
66.249.75.131 - - [18/May/2026:09:19:53 +0000] "GET /items/G801097434/ HTTP/1.1" 500 2653 "-" "Mozilla/5.0 (compatible; Googlebot/2.1; +http://www.google.com/bot.html)"
66.249.75.133 - - [18/May/2026:09:20:26 +0000] "GET /items/V755907326/ HTTP/1.1" 500 2653 "-" "Mozilla/5.0 (Linux; Android 6.0.1; Nexus 5X Build/MMB29P) AppleWebKit/537.36 (KHTML, like Gecko) Chrome/148.0.7778.96 Mobile Safari/537.36 (compatible; Googlebot/2.1; +http://www.google.com/bot.html)"
66.249.75.132 - - [18/May/2026:09:20:38 +0000] "GET /items/J712174179/ HTTP/1.1" 500 2653 "-" "Mozilla/5.0 (Linux; Android 6.0.1; Nexus 5X Build/MMB29P) AppleWebKit/537.36 (KHTML, like Gecko) Chrome/148.0.7778.96 Mobile Safari/537.36 (compatible; Googlebot/2.1; +http://www.google.com/bot.html)"
166.70.241.67 - - [18/May/2026:09:20:53 +0000] "GET /wp-cron.php HTTP/1.1" 500 2653 "https://commercialphotographyutah.com/wp-admin/plugins.php" "Mozilla/5.0 (Macintosh; Intel Mac OS X 10.15; rv:148.0) Gecko/20100101 Firefox/148.0"
66.249.75.131 - - [18/May/2026:09:21:17 +0000] "GET /items/W543548515/ HTTP/1.1" 500 2653 "-" "Mozilla/5.0 (Linux; Android 6.0.1; Nexus 5X Build/MMB29P) AppleWebKit/537.36 (KHTML, like Gecko) Chrome/148.0.7778.96 Mobile Safari/537.36 (compatible; Googlebot/2.1; +http://www.google.com/bot.html)"
47.128.38.211 - - [18/May/2026:09:21:25 +0000] "GET /items/K621680931/ HTTP/1.1" 500 2653 "-" "Mozilla/5.0 (Linux; Android 5.0) AppleWebKit/537.36 (KHTML, like Gecko) Mobile Safari/537.36 (compatible; Bytespider; spider-feedback@bytedance.com)"
66.249.75.132 - - [18/May/2026:09:21:51 +0000] "GET /items/D752526203/ HTTP/1.1" 500 2653 "-" "Mozilla/5.0 (Linux; Android 6.0.1; Nexus 5X Build/MMB29P) AppleWebKit/537.36 (KHTML, like Gecko) Chrome/148.0.7778.96 Mobile Safari/537.36 (compatible; Googlebot/2.1; +http://www.google.com/bot.html)"
66.249.75.132 - - [18/May/2026:09:21:51 +0000] "GET /items/V424949583/ HTTP/1.1" 500 2653 "-" "Mozilla/5.0 (Linux; Android 6.0.1; Nexus 5X Build/MMB29P) AppleWebKit/537.36 (KHTML, like Gecko) Chrome/148.0.7778.96 Mobile Safari/537.36 (compatible; Googlebot/2.1; +http://www.google.com/bot.html)"
66.249.75.132 - - [18/May/2026:09:22:09 +0000] "GET /items/Y811431059/ HTTP/1.1" 500 2653 "-" "Mozilla/5.0 (Linux; Android 6.0.1; Nexus 5X Build/MMB29P) AppleWebKit/537.36 (KHTML, like Gecko) Chrome/148.0.7778.96 Mobile Safari/537.36 (compatible; Googlebot/2.1; +http://www.google.com/bot.html)"
94.60.52.110 - - [18/May/2026:09:22:29 +0000] "GET /items/J925938138/ HTTP/1.1" 500 2653 "-" "Mozilla/5.0 (Windows NT 10.0; Win64; x64) AppleWebKit/537.36 (KHTML, like Gecko) Chrome/132.0.6834.110 Safari/537.36"
66.249.75.132 - - [18/May/2026:09:22:51 +0000] "GET /items/I242250874/ HTTP/1.1" 500 2653 "-" "Mozilla/5.0 (Linux; Android 6.0.1; Nexus 5X Build/MMB29P) AppleWebKit/537.36 (KHTML, like Gecko) Chrome/148.0.7778.96 Mobile Safari/537.36 (compatible; Googlebot/2.1; +http://www.google.com/bot.html)"
66.249.75.133 - - [18/May/2026:09:23:01 +0000] "GET /items/Y813715941/ HTTP/1.1" 500 2653 "-" "Mozilla/5.0 (Linux; Android 6.0.1; Nexus 5X Build/MMB29P) AppleWebKit/537.36 (KHTML, like Gecko) Chrome/148.0.7778.96 Mobile Safari/537.36 (compatible; Googlebot/2.1; +http://www.google.com/bot.html)"
195.234.109.122 - - [18/May/2026:09:23:44 +0000] "GET /wp-content/uploads/2020/02/8107963-Edit.jpg HTTP/1.1" 500 2653 "-" "Photon/1.0"
114.119.150.158 - - [18/May/2026:09:23:45 +0000] "GET /500_2687-edit/ HTTP/1.1" 500 2653 "https://commercialphotographyutah.com/500_2687-edit/" "Mozilla/5.0 (Linux; Android 7.0;) AppleWebKit/537.36 (HTML, like Gecko) Mobile Safari/537.36 (compatible; PetalBot;+https://webmaster.petalsearch.com/site/petalbot)"
66.249.75.131 - - [18/May/2026:09:23:54 +0000] "GET /items/X115466566/ HTTP/1.1" 500 2653 "-" "Mozilla/5.0 (Linux; Android 6.0.1; Nexus 5X Build/MMB29P) AppleWebKit/537.36 (KHTML, like Gecko) Chrome/148.0.7778.96 Mobile Safari/537.36 (compatible; Googlebot/2.1; +http://www.google.com/bot.html)"
66.249.75.133 - - [18/May/2026:09:24:23 +0000] "GET /items/X135730650/ HTTP/1.1" 500 2653 "-" "Mozilla/5.0 (Linux; Android 6.0.1; Nexus 5X Build/MMB29P) AppleWebKit/537.36 (KHTML, like Gecko) Chrome/148.0.7778.96 Mobile Safari/537.36 (compatible; Googlebot/2.1; +http://www.google.com/bot.html)"
166.70.241.67 - - [18/May/2026:09:24:23 +0000] "GET /wp-cron.php HTTP/1.1" 500 2653 "https://commercialphotographyutah.com/wp-admin/plugins.php" "Mozilla/5.0 (Macintosh; Intel Mac OS X 10.15; rv:148.0) Gecko/20100101 Firefox/148.0"
66.249.75.131 - - [18/May/2026:09:24:46 +0000] "GET /items/Z781847782/ HTTP/1.1" 500 2653 "-" "Mozilla/5.0 (Linux; Android 6.0.1; Nexus 5X Build/MMB29P) AppleWebKit/537.36 (KHTML, like Gecko) Chrome/148.0.7778.96 Mobile Safari/537.36 (compatible; Googlebot/2.1; +http://www.google.com/bot.html)"
66.249.75.132 - - [18/May/2026:09:25:38 +0000] "GET /items/Z785336242/ HTTP/1.1" 500 2653 "-" "Mozilla/5.0 (Linux; Android 6.0.1; Nexus 5X Build/MMB29P) AppleWebKit/537.36 (KHTML, like Gecko) Chrome/148.0.7778.96 Mobile Safari/537.36 (compatible; Googlebot/2.1; +http://www.google.com/bot.html)"
113.168.176.197 - - [18/May/2026:09:25:59 +0000] "GET /items/J926456791/ HTTP/1.1" 500 2653 "-" "Mozilla/5.0 (Macintosh; Intel Mac OS X 10_15_7) AppleWebKit/537.36 (KHTML, like Gecko) Chrome/131.0.6778.204 Safari/537.36"
66.249.75.133 - - [18/May/2026:09:26:31 +0000] "GET /items/Y813046770/ HTTP/1.1" 500 2653 "-" "Mozilla/5.0 (Linux; Android 6.0.1; Nexus 5X Build/MMB29P) AppleWebKit/537.36 (KHTML, like Gecko) Chrome/148.0.7778.96 Mobile Safari/537.36 (compatible; Googlebot/2.1; +http://www.google.com/bot.html)"
66.249.75.131 - - [18/May/2026:09:26:37 +0000] "GET /ads.txt HTTP/1.1" 500 2653 "-" "Mozilla/5.0 (compatible; Googlebot/2.1; +http://www.google.com/bot.html)"
66.249.75.131 - - [18/May/2026:09:26:38 +0000] "GET /ads.txt HTTP/1.1" 500 2653 "-" "Mozilla/5.0 (compatible; Googlebot/2.1; +http://www.google.com/bot.html)"
66.249.75.133 - - [18/May/2026:09:27:23 +0000] "GET /items/T451445962/ HTTP/1.1" 500 2653 "-" "Mozilla/5.0 (Linux; Android 6.0.1; Nexus 5X Build/MMB29P) AppleWebKit/537.36 (KHTML, like Gecko) Chrome/148.0.7778.96 Mobile Safari/537.36 (compatible; Googlebot/2.1; +http://www.google.com/bot.html)"
66.249.75.132 - - [18/May/2026:09:27:39 +0000] "GET /items/Q545152832/ HTTP/1.1" 500 2653 "-" "Mozilla/5.0 (compatible; Googlebot/2.1; +http://www.google.com/bot.html)"
195.234.109.184 - - [18/May/2026:09:27:53 +0000] "GET /wp-content/uploads/2019/06/8105906-Edit-Edit.jpg HTTP/1.1" 500 2653 "-" "Photon/1.0"
166.70.241.67 - - [18/May/2026:09:27:54 +0000] "GET /wp-cron.php HTTP/1.1" 500 2653 "https://commercialphotographyutah.com/wp-admin/plugins.php" "Mozilla/5.0 (Macintosh; Intel Mac OS X 10.15; rv:148.0) Gecko/20100101 Firefox/148.0"
66.249.75.131 - - [18/May/2026:09:28:15 +0000] "GET /items/Y815521753/ HTTP/1.1" 500 2653 "-" "Mozilla/5.0 (Linux; Android 6.0.1; Nexus 5X Build/MMB29P) AppleWebKit/537.36 (KHTML, like Gecko) Chrome/148.0.7778.96 Mobile Safari/537.36 (compatible; Googlebot/2.1; +http://www.google.com/bot.html)"
14.243.214.253 - - [18/May/2026:09:29:31 +0000] "GET /items/J926618168/ HTTP/1.1" 500 2653 "-" "Mozilla/5.0 (Macintosh; Intel Mac OS X 13.1; rv:126.0) Gecko/20100101 Firefox/126.0"
66.249.75.133 - - [18/May/2026:09:29:40 +0000] "GET /items/C894754711/ HTTP/1.1" 500 2653 "-" "Mozilla/5.0 (Linux; Android 6.0.1; Nexus 5X Build/MMB29P) AppleWebKit/537.36 (KHTML, like Gecko) Chrome/148.0.7778.96 Mobile Safari/537.36 (compatible; Googlebot/2.1; +http://www.google.com/bot.html)"
66.249.75.131 - - [18/May/2026:09:29:44 +0000] "GET /items/L374134964/ HTTP/1.1" 500 2653 "-" "Mozilla/5.0 (Linux; Android 6.0.1; Nexus 5X Build/MMB29P) AppleWebKit/537.36 (KHTML, like Gecko) Chrome/148.0.7778.96 Mobile Safari/537.36 (compatible; Googlebot/2.1; +http://www.google.com/bot.html)"
66.249.75.132 - - [18/May/2026:09:29:44 +0000] "GET /items/F652514278/ HTTP/1.1" 500 2653 "-" "Mozilla/5.0 (Linux; Android 6.0.1; Nexus 5X Build/MMB29P) AppleWebKit/537.36 (KHTML, like Gecko) Chrome/148.0.7778.96 Mobile Safari/537.36 (compatible; Googlebot/2.1; +http://www.google.com/bot.html)"
66.249.75.131 - - [18/May/2026:09:29:53 +0000] "GET /items/G801097434/ HTTP/1.1" 500 2653 "-" "Mozilla/5.0 (compatible; Googlebot/2.1; +http://www.google.com/bot.html)"
66.249.75.132 - - [18/May/2026:09:30:10 +0000] "GET /items/W745573688/ HTTP/1.1" 500 2653 "-" "Mozilla/5.0 (Linux; Android 6.0.1; Nexus 5X Build/MMB29P) AppleWebKit/537.36 (KHTML, like Gecko) Chrome/148.0.7778.96 Mobile Safari/537.36 (compatible; Googlebot/2.1; +http://www.google.com/bot.html)"
66.249.75.132 - - [18/May/2026:09:30:51 +0000] "GET /items/Z093258093/ HTTP/1.1" 500 2653 "-" "Mozilla/5.0 (compatible; Googlebot/2.1; +http://www.google.com/bot.html)"
66.249.75.131 - - [18/May/2026:09:31:06 +0000] "GET /items/P223413740/ HTTP/1.1" 500 2653 "-" "Mozilla/5.0 (compatible; Googlebot/2.1; +http://www.google.com/bot.html)"
66.249.75.131 - - [18/May/2026:09:31:15 +0000] "GET /items/J611778616/ HTTP/1.1" 500 2653 "-" "Mozilla/5.0 (Linux; Android 6.0.1; Nexus 5X Build/MMB29P) AppleWebKit/537.36 (KHTML, like Gecko) Chrome/148.0.7778.96 Mobile Safari/537.36 (compatible; Googlebot/2.1; +http://www.google.com/bot.html)"
66.249.75.131 - - [18/May/2026:09:31:16 +0000] "GET /items/Z783065747/ HTTP/1.1" 500 2653 "-" "Mozilla/5.0 (Linux; Android 6.0.1; Nexus 5X Build/MMB29P) AppleWebKit/537.36 (KHTML, like Gecko) Chrome/148.0.7778.96 Mobile Safari/537.36 (compatible; Googlebot/2.1; +http://www.google.com/bot.html)"
166.70.241.67 - - [18/May/2026:09:31:25 +0000] "GET /wp-cron.php HTTP/1.1" 500 2653 "https://commercialphotographyutah.com/wp-admin/plugins.php" "Mozilla/5.0 (Macintosh; Intel Mac OS X 10.15; rv:148.0) Gecko/20100101 Firefox/148.0"
66.249.75.131 - - [18/May/2026:09:31:45 +0000] "GET /items/X112531289/ HTTP/1.1" 500 2653 "-" "Mozilla/5.0 (Linux; Android 6.0.1; Nexus 5X Build/MMB29P) AppleWebKit/537.36 (KHTML, like Gecko) Chrome/148.0.7778.96 Mobile Safari/537.36 (compatible; Googlebot/2.1; +http://www.google.com/bot.html)"
66.249.75.131 - - [18/May/2026:09:32:40 +0000] "GET /items/W224459077/ HTTP/1.1" 500 2653 "-" "Mozilla/5.0 (Linux; Android 6.0.1; Nexus 5X Build/MMB29P) AppleWebKit/537.36 (KHTML, like Gecko) Chrome/148.0.7778.96 Mobile Safari/537.36 (compatible; Googlebot/2.1; +http://www.google.com/bot.html)"
96.61.171.34 - - [18/May/2026:09:33:02 +0000] "GET /items/J926654890/ HTTP/1.1" 500 2653 "-" "Mozilla/5.0 (Windows NT 10.0; Win64; x64) AppleWebKit/537.36 (KHTML, like Gecko) Chrome/132.0.6834.160 Safari/537.36"
66.249.75.131 - - [18/May/2026:09:33:08 +0000] "GET /items/Y813744457/ HTTP/1.1" 500 2653 "-" "Mozilla/5.0 (Linux; Android 6.0.1; Nexus 5X Build/MMB29P) AppleWebKit/537.36 (KHTML, like Gecko) Chrome/148.0.7778.96 Mobile Safari/537.36 (compatible; Googlebot/2.1; +http://www.google.com/bot.html)"
66.249.75.131 - - [18/May/2026:09:33:09 +0000] "GET /items/Q431332556/ HTTP/1.1" 500 2653 "-" "Mozilla/5.0 (Linux; Android 6.0.1; Nexus 5X Build/MMB29P) AppleWebKit/537.36 (KHTML, like Gecko) Chrome/148.0.7778.96 Mobile Safari/537.36 (compatible; Googlebot/2.1; +http://www.google.com/bot.html)"
66.249.75.132 - - [18/May/2026:09:33:34 +0000] "GET /items/W542161362/ HTTP/1.1" 500 2653 "-" "Mozilla/5.0 (Linux; Android 6.0.1; Nexus 5X Build/MMB29P) AppleWebKit/537.36 (KHTML, like Gecko) Chrome/148.0.7778.96 Mobile Safari/537.36 (compatible; Googlebot/2.1; +http://www.google.com/bot.html)"
66.249.75.132 - - [18/May/2026:09:34:22 +0000] "GET /items/X115359833/ HTTP/1.1" 500 2653 "-" "Mozilla/5.0 (Linux; Android 6.0.1; Nexus 5X Build/MMB29P) AppleWebKit/537.36 (KHTML, like Gecko) Chrome/148.0.7778.96 Mobile Safari/537.36 (compatible; Googlebot/2.1; +http://www.google.com/bot.html)"
166.70.241.67 - - [18/May/2026:09:34:57 +0000] "GET /wp-cron.php HTTP/1.1" 500 2653 "https://commercialphotographyutah.com/wp-admin/plugins.php" "Mozilla/5.0 (Macintosh; Intel Mac OS X 10.15; rv:148.0) Gecko/20100101 Firefox/148.0"
66.249.75.133 - - [18/May/2026:09:35:14 +0000] "GET /items/X115867408/ HTTP/1.1" 500 2653 "-" "Mozilla/5.0 (Linux; Android 6.0.1; Nexus 5X Build/MMB29P) AppleWebKit/537.36 (KHTML, like Gecko) Chrome/148.0.7778.96 Mobile Safari/537.36 (compatible; Googlebot/2.1; +http://www.google.com/bot.html)"
66.249.75.133 - - [18/May/2026:09:36:06 +0000] "GET /items/Z785201708/ HTTP/1.1" 500 2653 "-" "Mozilla/5.0 (Linux; Android 6.0.1; Nexus 5X Build/MMB29P) AppleWebKit/537.36 (KHTML, like Gecko) Chrome/148.0.7778.96 Mobile Safari/537.36 (compatible; Googlebot/2.1; +http://www.google.com/bot.html)"
14.191.136.187 - - [18/May/2026:09:36:46 +0000] "GET /items/J921286243/ HTTP/1.1" 500 2653 "-" "Mozilla/5.0 (Windows NT 10.0; Win64; x64) AppleWebKit/537.36 (KHTML, like Gecko) Chrome/127.0.6533.72 Safari/537.36"
51.161.65.44 - - [18/May/2026:09:36:47 +0000] "GET /items/J922823994/ HTTP/1.1" 500 2653 "-" "Mozilla/5.0 (compatible; AhrefsBot/7.0; +http://ahrefs.com/robot/)"
66.249.75.131 - - [18/May/2026:09:36:56 +0000] "GET /commercial-3d-scans/ HTTP/1.1" 500 2653 "-" "GoogleOther-Image/1.0"
66.249.75.132 - - [18/May/2026:09:37:26 +0000] "GET /items/X116459881/ HTTP/1.1" 500 2653 "-" "Mozilla/5.0 (Linux; Android 6.0.1; Nexus 5X Build/MMB29P) AppleWebKit/537.36 (KHTML, like Gecko) Chrome/148.0.7778.96 Mobile Safari/537.36 (compatible; Googlebot/2.1; +http://www.google.com/bot.html)"
66.249.75.131 - - [18/May/2026:09:38:06 +0000] "GET /items/Y813522683/ HTTP/1.1" 500 2653 "-" "Mozilla/5.0 (Linux; Android 6.0.1; Nexus 5X Build/MMB29P) AppleWebKit/537.36 (KHTML, like Gecko) Chrome/148.0.7778.96 Mobile Safari/537.36 (compatible; Googlebot/2.1; +http://www.google.com/bot.html)"
166.70.241.67 - - [18/May/2026:09:38:27 +0000] "GET /wp-cron.php HTTP/1.1" 500 2653 "https://commercialphotographyutah.com/wp-admin/plugins.php" "Mozilla/5.0 (Macintosh; Intel Mac OS X 10.15; rv:148.0) Gecko/20100101 Firefox/148.0"
66.249.75.132 - - [18/May/2026:09:38:47 +0000] "GET /items/Y811530462/ HTTP/1.1" 500 2653 "-" "Mozilla/5.0 (Linux; Android 6.0.1; Nexus 5X Build/MMB29P) AppleWebKit/537.36 (KHTML, like Gecko) Chrome/148.0.7778.96 Mobile Safari/537.36 (compatible; Googlebot/2.1; +http://www.google.com/bot.html)"
66.249.75.133 - - [18/May/2026:09:39:27 +0000] "GET /items/L006039106/ HTTP/1.1" 500 2653 "-" "Mozilla/5.0 (Linux; Android 6.0.1; Nexus 5X Build/MMB29P) AppleWebKit/537.36 (KHTML, like Gecko) Chrome/148.0.7778.96 Mobile Safari/537.36 (compatible; Googlebot/2.1; +http://www.google.com/bot.html)"
66.249.75.132 - - [18/May/2026:09:40:07 +0000] "GET /items/X114406576/ HTTP/1.1" 500 2653 "-" "Mozilla/5.0 (Linux; Android 6.0.1; Nexus 5X Build/MMB29P) AppleWebKit/537.36 (KHTML, like Gecko) Chrome/148.0.7778.96 Mobile Safari/537.36 (compatible; Googlebot/2.1; +http://www.google.com/bot.html)"
66.249.75.132 - - [18/May/2026:09:40:08 +0000] "GET /items/T033899197/ HTTP/1.1" 500 2653 "-" "Mozilla/5.0 (Linux; Android 6.0.1; Nexus 5X Build/MMB29P) AppleWebKit/537.36 (KHTML, like Gecko) Chrome/148.0.7778.96 Mobile Safari/537.36 (compatible; Googlebot/2.1; +http://www.google.com/bot.html)"
45.14.209.242 - - [18/May/2026:09:40:16 +0000] "GET /items/J921384508/ HTTP/1.1" 500 2653 "-" "Mozilla/5.0 (Macintosh; Intel Mac OS X 13_5_1) AppleWebKit/537.36 (KHTML, like Gecko) Chrome/125.0.6422.60 Safari/537.36"
66.249.75.132 - - [18/May/2026:09:40:51 +0000] "GET /items/Z093258093/ HTTP/1.1" 500 2653 "-" "Mozilla/5.0 (compatible; Googlebot/2.1; +http://www.google.com/bot.html)"
66.249.75.131 - - [18/May/2026:09:40:58 +0000] "GET /items/W742522997/ HTTP/1.1" 500 2653 "-" "Mozilla/5.0 (Linux; Android 6.0.1; Nexus 5X Build/MMB29P) AppleWebKit/537.36 (KHTML, like Gecko) Chrome/148.0.7778.96 Mobile Safari/537.36 (compatible; Googlebot/2.1; +http://www.google.com/bot.html)"
66.249.75.131 - - [18/May/2026:09:40:58 +0000] "GET /items/F733024538/ HTTP/1.1" 500 2653 "-" "Mozilla/5.0 (Linux; Android 6.0.1; Nexus 5X Build/MMB29P) AppleWebKit/537.36 (KHTML, like Gecko) Chrome/148.0.7778.96 Mobile Safari/537.36 (compatible; Googlebot/2.1; +http://www.google.com/bot.html)"
66.249.75.132 - - [18/May/2026:09:41:28 +0000] "GET /items/P031853365/ HTTP/1.1" 500 2653 "-" "Mozilla/5.0 (compatible; Googlebot/2.1; +http://www.google.com/bot.html)"
166.70.241.67 - - [18/May/2026:09:41:58 +0000] "GET /wp-cron.php HTTP/1.1" 500 2653 "https://commercialphotographyutah.com/wp-admin/plugins.php" "Mozilla/5.0 (Macintosh; Intel Mac OS X 10.15; rv:148.0) Gecko/20100101 Firefox/148.0"
66.249.75.132 - - [18/May/2026:09:41:59 +0000] "GET /items/Y815344656/ HTTP/1.1" 500 2653 "-" "Mozilla/5.0 (Linux; Android 6.0.1; Nexus 5X Build/MMB29P) AppleWebKit/537.36 (KHTML, like Gecko) Chrome/148.0.7778.96 Mobile Safari/537.36 (compatible; Googlebot/2.1; +http://www.google.com/bot.html)"
52.231.28.83 - - [18/May/2026:09:42:00 +0000] "GET /wp-content/plugins/admin.php HTTP/1.1" 500 2653 "-" "Mozilla/5.0 (Windows NT 10.0; Win64; x64) AppleWebKit/537.36 (KHTML, like Gecko) Chrome/120.0.0.0 Safari/537.36"
52.231.28.83 - - [18/May/2026:09:42:01 +0000] "GET /admin.php HTTP/1.1" 500 2653 "-" "Mozilla/5.0 (Windows NT 10.0; Win64; x64) AppleWebKit/537.36 (KHTML, like Gecko) Chrome/120.0.0.0 Safari/537.36"
52.231.28.83 - - [18/May/2026:09:42:01 +0000] "GET /wk/index.php HTTP/1.1" 500 2653 "-" "Mozilla/5.0 (Windows NT 10.0; Win64; x64) AppleWebKit/537.36 (KHTML, like Gecko) Chrome/120.0.0.0 Safari/537.36"
52.231.28.83 - - [18/May/2026:09:42:02 +0000] "GET /supyffqkrnyxagxcjucnCdefault.php HTTP/1.1" 500 2653 "-" "Mozilla/5.0 (Windows NT 10.0; Win64; x64) AppleWebKit/537.36 (KHTML, like Gecko) Chrome/120.0.0.0 Safari/537.36"
52.231.28.83 - - [18/May/2026:09:42:03 +0000] "GET /elp.php HTTP/1.1" 500 2653 "-" "Mozilla/5.0 (Windows NT 10.0; Win64; x64) AppleWebKit/537.36 (KHTML, like Gecko) Chrome/120.0.0.0 Safari/537.36"
52.231.28.83 - - [18/May/2026:09:42:03 +0000] "GET /adminfuns.php HTTP/1.1" 500 2653 "-" "Mozilla/5.0 (Windows NT 10.0; Win64; x64) AppleWebKit/537.36 (KHTML, like Gecko) Chrome/120.0.0.0 Safari/537.36"
52.231.28.83 - - [18/May/2026:09:42:04 +0000] "GET /.tmb/cloud.php HTTP/1.1" 500 2653 "-" "Mozilla/5.0 (Windows NT 10.0; Win64; x64) AppleWebKit/537.36 (KHTML, like Gecko) Chrome/120.0.0.0 Safari/537.36"
52.231.28.83 - - [18/May/2026:09:42:05 +0000] "GET /php8.php HTTP/1.1" 500 2653 "-" "Mozilla/5.0 (Windows NT 10.0; Win64; x64) AppleWebKit/537.36 (KHTML, like Gecko) Chrome/120.0.0.0 Safari/537.36"
52.231.28.83 - - [18/May/2026:09:42:06 +0000] "GET /.well-known HTTP/1.1" 301 298 "-" "Mozilla/5.0 (Windows NT 10.0; Win64; x64) AppleWebKit/537.36 (KHTML, like Gecko) Chrome/120.0.0.0 Safari/537.36"
52.231.28.83 - - [18/May/2026:09:42:06 +0000] "GET /inputs.php HTTP/1.1" 500 2653 "-" "Mozilla/5.0 (Windows NT 10.0; Win64; x64) AppleWebKit/537.36 (KHTML, like Gecko) Chrome/120.0.0.0 Safari/537.36"
52.231.28.83 - - [18/May/2026:09:42:07 +0000] "GET /goods.php HTTP/1.1" 500 2653 "-" "Mozilla/5.0 (Windows NT 10.0; Win64; x64) AppleWebKit/537.36 (KHTML, like Gecko) Chrome/120.0.0.0 Safari/537.36"
52.231.28.83 - - [18/May/2026:09:42:07 +0000] "GET /classwithtostring.php HTTP/1.1" 500 2653 "-" "Mozilla/5.0 (Windows NT 10.0; Win64; x64) AppleWebKit/537.36 (KHTML, like Gecko) Chrome/120.0.0.0 Safari/537.36"
52.231.28.83 - - [18/May/2026:09:42:08 +0000] "GET /simple.php HTTP/1.1" 500 2653 "-" "Mozilla/5.0 (Windows NT 10.0; Win64; x64) AppleWebKit/537.36 (KHTML, like Gecko) Chrome/120.0.0.0 Safari/537.36"
52.231.28.83 - - [18/May/2026:09:42:09 +0000] "GET /wp-mail.php HTTP/1.1" 500 2653 "-" "Mozilla/5.0 (Windows NT 10.0; Win64; x64) AppleWebKit/537.36 (KHTML, like Gecko) Chrome/120.0.0.0 Safari/537.36"
52.231.28.83 - - [18/May/2026:09:42:09 +0000] "GET /about.php HTTP/1.1" 500 2653 "-" "Mozilla/5.0 (Windows NT 10.0; Win64; x64) AppleWebKit/537.36 (KHTML, like Gecko) Chrome/120.0.0.0 Safari/537.36"
52.231.28.83 - - [18/May/2026:09:42:10 +0000] "GET /1.php HTTP/1.1" 500 2653 "-" "Mozilla/5.0 (Windows NT 10.0; Win64; x64) AppleWebKit/537.36 (KHTML, like Gecko) Chrome/120.0.0.0 Safari/537.36"
52.231.28.83 - - [18/May/2026:09:42:11 +0000] "GET /file.php HTTP/1.1" 500 2653 "-" "Mozilla/5.0 (Windows NT 10.0; Win64; x64) AppleWebKit/537.36 (KHTML, like Gecko) Chrome/120.0.0.0 Safari/537.36"
52.231.28.83 - - [18/May/2026:09:42:11 +0000] "GET /404.php HTTP/1.1" 500 2653 "-" "Mozilla/5.0 (Windows NT 10.0; Win64; x64) AppleWebKit/537.36 (KHTML, like Gecko) Chrome/120.0.0.0 Safari/537.36"
52.231.28.83 - - [18/May/2026:09:42:12 +0000] "GET /wp-login.php HTTP/1.1" 500 2653 "-" "Mozilla/5.0 (Windows NT 10.0; Win64; x64) AppleWebKit/537.36 (KHTML, like Gecko) Chrome/120.0.0.0 Safari/537.36"
52.231.28.83 - - [18/May/2026:09:42:13 +0000] "GET /index.php/feed/atom HTTP/1.1" 500 2653 "-" "Mozilla/5.0 (Windows NT 10.0; Win64; x64) AppleWebKit/537.36 (KHTML, like Gecko) Chrome/120.0.0.0 Safari/537.36"
52.231.28.83 - - [18/May/2026:09:42:14 +0000] "GET /php.php HTTP/1.1" 500 2653 "-" "Mozilla/5.0 (Windows NT 10.0; Win64; x64) AppleWebKit/537.36 (KHTML, like Gecko) Chrome/120.0.0.0 Safari/537.36"
52.231.28.83 - - [18/May/2026:09:42:14 +0000] "GET /wp-includes/Text/Diff/Engine.php HTTP/1.1" 500 2653 "-" "Mozilla/5.0 (Windows NT 10.0; Win64; x64) AppleWebKit/537.36 (KHTML, like Gecko) Chrome/120.0.0.0 Safari/537.36"
52.231.28.83 - - [18/May/2026:09:42:15 +0000] "GET /wp-content/admin.php HTTP/1.1" 500 2653 "-" "Mozilla/5.0 (Windows NT 10.0; Win64; x64) AppleWebKit/537.36 (KHTML, like Gecko) Chrome/120.0.0.0 Safari/537.36"
52.231.28.83 - - [18/May/2026:09:42:17 +0000] "GET /wp-content/themes/admin.php HTTP/1.1" 500 2653 "-" "Mozilla/5.0 (Windows NT 10.0; Win64; x64) AppleWebKit/537.36 (KHTML, like Gecko) Chrome/120.0.0.0 Safari/537.36"
52.231.28.83 - - [18/May/2026:09:42:17 +0000] "GET /7.php HTTP/1.1" 500 2653 "-" "Mozilla/5.0 (Windows NT 10.0; Win64; x64) AppleWebKit/537.36 (KHTML, like Gecko) Chrome/120.0.0.0 Safari/537.36"
52.231.28.83 - - [18/May/2026:09:42:18 +0000] "GET /wp-content/index.php HTTP/1.1" 500 2653 "-" "Mozilla/5.0 (Windows NT 10.0; Win64; x64) AppleWebKit/537.36 (KHTML, like Gecko) Chrome/120.0.0.0 Safari/537.36"
52.231.28.83 - - [18/May/2026:09:42:19 +0000] "GET /.well-known/acme-challenge/index.php HTTP/1.1" 500 2653 "-" "Mozilla/5.0 (Windows NT 10.0; Win64; x64) AppleWebKit/537.36 (KHTML, like Gecko) Chrome/120.0.0.0 Safari/537.36"
52.231.28.83 - - [18/May/2026:09:42:19 +0000] "GET /atomlib.php HTTP/1.1" 500 2653 "-" "Mozilla/5.0 (Windows NT 10.0; Win64; x64) AppleWebKit/537.36 (KHTML, like Gecko) Chrome/120.0.0.0 Safari/537.36"
52.231.28.83 - - [18/May/2026:09:42:20 +0000] "GET /chosen.php HTTP/1.1" 500 2653 "-" "Mozilla/5.0 (Windows NT 10.0; Win64; x64) AppleWebKit/537.36 (KHTML, like Gecko) Chrome/120.0.0.0 Safari/537.36"
52.231.28.83 - - [18/May/2026:09:42:21 +0000] "GET /css.php HTTP/1.1" 500 2653 "-" "Mozilla/5.0 (Windows NT 10.0; Win64; x64) AppleWebKit/537.36 (KHTML, like Gecko) Chrome/120.0.0.0 Safari/537.36"
52.231.28.83 - - [18/May/2026:09:42:22 +0000] "GET /files.php HTTP/1.1" 500 2653 "-" "Mozilla/5.0 (Windows NT 10.0; Win64; x64) AppleWebKit/537.36 (KHTML, like Gecko) Chrome/120.0.0.0 Safari/537.36"
52.231.28.83 - - [18/May/2026:09:42:22 +0000] "GET /index/function.php HTTP/1.1" 500 2653 "-" "Mozilla/5.0 (Windows NT 10.0; Win64; x64) AppleWebKit/537.36 (KHTML, like Gecko) Chrome/120.0.0.0 Safari/537.36"
52.231.28.83 - - [18/May/2026:09:42:23 +0000] "GET /buy.php HTTP/1.1" 500 2653 "-" "Mozilla/5.0 (Windows NT 10.0; Win64; x64) AppleWebKit/537.36 (KHTML, like Gecko) Chrome/120.0.0.0 Safari/537.36"
52.231.28.83 - - [18/May/2026:09:42:24 +0000] "GET /info.php HTTP/1.1" 500 2653 "-" "Mozilla/5.0 (Windows NT 10.0; Win64; x64) AppleWebKit/537.36 (KHTML, like Gecko) Chrome/120.0.0.0 Safari/537.36"
52.231.28.83 - - [18/May/2026:09:42:25 +0000] "GET /wp.php HTTP/1.1" 500 2653 "-" "Mozilla/5.0 (Windows NT 10.0; Win64; x64) AppleWebKit/537.36 (KHTML, like Gecko) Chrome/120.0.0.0 Safari/537.36"
52.231.28.83 - - [18/May/2026:09:42:25 +0000] "GET /wp-content/uploads/index.php HTTP/1.1" 500 2653 "-" "Mozilla/5.0 (Windows NT 10.0; Win64; x64) AppleWebKit/537.36 (KHTML, like Gecko) Chrome/120.0.0.0 Safari/537.36"
52.231.28.83 - - [18/May/2026:09:42:26 +0000] "GET /wp-config-sample.php HTTP/1.1" 500 2653 "-" "Mozilla/5.0 (Windows NT 10.0; Win64; x64) AppleWebKit/537.36 (KHTML, like Gecko) Chrome/120.0.0.0 Safari/537.36"
52.231.28.83 - - [18/May/2026:09:42:27 +0000] "GET /wp-content/themes/x/bypass.php HTTP/1.1" 500 2653 "-" "Mozilla/5.0 (Windows NT 10.0; Win64; x64) AppleWebKit/537.36 (KHTML, like Gecko) Chrome/120.0.0.0 Safari/537.36"
52.231.28.83 - - [18/May/2026:09:42:27 +0000] "GET /666.php HTTP/1.1" 500 2653 "-" "Mozilla/5.0 (Windows NT 10.0; Win64; x64) AppleWebKit/537.36 (KHTML, like Gecko) Chrome/120.0.0.0 Safari/537.36"
52.231.28.83 - - [18/May/2026:09:42:28 +0000] "GET /bgymj.php HTTP/1.1" 500 2653 "-" "Mozilla/5.0 (Windows NT 10.0; Win64; x64) AppleWebKit/537.36 (KHTML, like Gecko) Chrome/120.0.0.0 Safari/537.36"
52.231.28.83 - - [18/May/2026:09:42:29 +0000] "GET /control.php HTTP/1.1" 500 2653 "-" "Mozilla/5.0 (Windows NT 10.0; Win64; x64) AppleWebKit/537.36 (KHTML, like Gecko) Chrome/120.0.0.0 Safari/537.36"
52.231.28.83 - - [18/May/2026:09:42:30 +0000] "GET /randkeyword.PhP7 HTTP/1.1" 500 2653 "-" "Mozilla/5.0 (Windows NT 10.0; Win64; x64) AppleWebKit/537.36 (KHTML, like Gecko) Chrome/120.0.0.0 Safari/537.36"
52.231.28.83 - - [18/May/2026:09:42:30 +0000] "GET /wp-content/plugins/core-plugin/include.php HTTP/1.1" 500 2653 "-" "Mozilla/5.0 (Windows NT 10.0; Win64; x64) AppleWebKit/537.36 (KHTML, like Gecko) Chrome/120.0.0.0 Safari/537.36"
52.231.28.83 - - [18/May/2026:09:42:31 +0000] "GET /wp-includes/assets/ty.php HTTP/1.1" 500 2653 "-" "Mozilla/5.0 (Windows NT 10.0; Win64; x64) AppleWebKit/537.36 (KHTML, like Gecko) Chrome/120.0.0.0 Safari/537.36"
52.231.28.83 - - [18/May/2026:09:42:32 +0000] "GET /file61.php HTTP/1.1" 500 2653 "-" "Mozilla/5.0 (Windows NT 10.0; Win64; x64) AppleWebKit/537.36 (KHTML, like Gecko) Chrome/120.0.0.0 Safari/537.36"
52.231.28.83 - - [18/May/2026:09:42:33 +0000] "GET /p.php HTTP/1.1" 500 2653 "-" "Mozilla/5.0 (Windows NT 10.0; Win64; x64) AppleWebKit/537.36 (KHTML, like Gecko) Chrome/120.0.0.0 Safari/537.36"
52.231.28.83 - - [18/May/2026:09:42:33 +0000] "GET /ms-edit.php HTTP/1.1" 500 2653 "-" "Mozilla/5.0 (Windows NT 10.0; Win64; x64) AppleWebKit/537.36 (KHTML, like Gecko) Chrome/120.0.0.0 Safari/537.36"
52.231.28.83 - - [18/May/2026:09:42:34 +0000] "GET /alfanew.PHP7 HTTP/1.1" 500 2653 "-" "Mozilla/5.0 (Windows NT 10.0; Win64; x64) AppleWebKit/537.36 (KHTML, like Gecko) Chrome/120.0.0.0 Safari/537.36"
52.231.28.83 - - [18/May/2026:09:42:35 +0000] "GET /cgi-bin HTTP/1.1" 500 2653 "-" "Mozilla/5.0 (Windows NT 10.0; Win64; x64) AppleWebKit/537.36 (KHTML, like Gecko) Chrome/120.0.0.0 Safari/537.36"
52.231.28.83 - - [18/May/2026:09:42:35 +0000] "GET /dx.php HTTP/1.1" 500 2653 "-" "Mozilla/5.0 (Windows NT 10.0; Win64; x64) AppleWebKit/537.36 (KHTML, like Gecko) Chrome/120.0.0.0 Safari/537.36"
52.231.28.83 - - [18/May/2026:09:42:36 +0000] "GET /wp-admin/maint/index.php HTTP/1.1" 500 2653 "-" "Mozilla/5.0 (Windows NT 10.0; Win64; x64) AppleWebKit/537.36 (KHTML, like Gecko) Chrome/120.0.0.0 Safari/537.36"
52.231.28.83 - - [18/May/2026:09:42:37 +0000] "GET /.well-known/pki-validation HTTP/1.1" 301 313 "-" "Mozilla/5.0 (Windows NT 10.0; Win64; x64) AppleWebKit/537.36 (KHTML, like Gecko) Chrome/120.0.0.0 Safari/537.36"
52.231.28.83 - - [18/May/2026:09:42:37 +0000] "GET /doc.php HTTP/1.1" 500 2653 "-" "Mozilla/5.0 (Windows NT 10.0; Win64; x64) AppleWebKit/537.36 (KHTML, like Gecko) Chrome/120.0.0.0 Safari/537.36"
52.231.28.83 - - [18/May/2026:09:42:38 +0000] "GET /tool.php HTTP/1.1" 500 2653 "-" "Mozilla/5.0 (Windows NT 10.0; Win64; x64) AppleWebKit/537.36 (KHTML, like Gecko) Chrome/120.0.0.0 Safari/537.36"
52.231.28.83 - - [18/May/2026:09:42:39 +0000] "GET /xx.php HTTP/1.1" 500 2653 "-" "Mozilla/5.0 (Windows NT 10.0; Win64; x64) AppleWebKit/537.36 (KHTML, like Gecko) Chrome/120.0.0.0 Safari/537.36"
52.231.28.83 - - [18/May/2026:09:42:39 +0000] "GET /xxx.php HTTP/1.1" 500 2653 "-" "Mozilla/5.0 (Windows NT 10.0; Win64; x64) AppleWebKit/537.36 (KHTML, like Gecko) Chrome/120.0.0.0 Safari/537.36"
52.231.28.83 - - [18/May/2026:09:42:40 +0000] "GET /100.php HTTP/1.1" 500 2653 "-" "Mozilla/5.0 (Windows NT 10.0; Win64; x64) AppleWebKit/537.36 (KHTML, like Gecko) Chrome/120.0.0.0 Safari/537.36"
52.231.28.83 - - [18/May/2026:09:42:41 +0000] "GET /wp-admin/network/about.php HTTP/1.1" 403 22 "-" "Mozilla/5.0 (Windows NT 10.0; Win64; x64) AppleWebKit/537.36 (KHTML, like Gecko) Chrome/120.0.0.0 Safari/537.36"
52.231.28.83 - - [18/May/2026:09:42:41 +0000] "GET /wp-blog.php HTTP/1.1" 500 2653 "-" "Mozilla/5.0 (Windows NT 10.0; Win64; x64) AppleWebKit/537.36 (KHTML, like Gecko) Chrome/120.0.0.0 Safari/537.36"
52.231.28.83 - - [18/May/2026:09:42:42 +0000] "GET /wp-content/themes/index.php HTTP/1.1" 500 2653 "-" "Mozilla/5.0 (Windows NT 10.0; Win64; x64) AppleWebKit/537.36 (KHTML, like Gecko) Chrome/120.0.0.0 Safari/537.36"
66.249.75.131 - - [18/May/2026:09:42:42 +0000] "GET /items/S193986811/ HTTP/1.1" 500 2653 "-" "Mozilla/5.0 (Linux; Android 6.0.1; Nexus 5X Build/MMB29P) AppleWebKit/537.36 (KHTML, like Gecko) Chrome/148.0.7778.96 Mobile Safari/537.36 (compatible; GoogleOther)"
52.231.28.83 - - [18/May/2026:09:42:42 +0000] "GET /wp-includes/images HTTP/1.1" 301 305 "-" "Mozilla/5.0 (Windows NT 10.0; Win64; x64) AppleWebKit/537.36 (KHTML, like Gecko) Chrome/120.0.0.0 Safari/537.36"
52.231.28.83 - - [18/May/2026:09:42:43 +0000] "GET /data.php HTTP/1.1" 500 2653 "-" "Mozilla/5.0 (Windows NT 10.0; Win64; x64) AppleWebKit/537.36 (KHTML, like Gecko) Chrome/120.0.0.0 Safari/537.36"
52.231.28.83 - - [18/May/2026:09:42:43 +0000] "GET /ioxi-o.php HTTP/1.1" 500 2653 "-" "Mozilla/5.0 (Windows NT 10.0; Win64; x64) AppleWebKit/537.36 (KHTML, like Gecko) Chrome/120.0.0.0 Safari/537.36"
52.231.28.83 - - [18/May/2026:09:42:44 +0000] "GET /as.php HTTP/1.1" 500 2653 "-" "Mozilla/5.0 (Windows NT 10.0; Win64; x64) AppleWebKit/537.36 (KHTML, like Gecko) Chrome/120.0.0.0 Safari/537.36"
52.231.28.83 - - [18/May/2026:09:42:45 +0000] "GET /term.php HTTP/1.1" 500 2653 "-" "Mozilla/5.0 (Windows NT 10.0; Win64; x64) AppleWebKit/537.36 (KHTML, like Gecko) Chrome/120.0.0.0 Safari/537.36"
52.231.28.83 - - [18/May/2026:09:42:46 +0000] "GET /vx.php HTTP/1.1" 500 2653 "-" "Mozilla/5.0 (Windows NT 10.0; Win64; x64) AppleWebKit/537.36 (KHTML, like Gecko) Chrome/120.0.0.0 Safari/537.36"
52.231.28.83 - - [18/May/2026:09:42:46 +0000] "GET /wp-includes/PHPMailer HTTP/1.1" 301 308 "-" "Mozilla/5.0 (Windows NT 10.0; Win64; x64) AppleWebKit/537.36 (KHTML, like Gecko) Chrome/120.0.0.0 Safari/537.36"
52.231.28.83 - - [18/May/2026:09:42:46 +0000] "GET /a7.php HTTP/1.1" 500 2653 "-" "Mozilla/5.0 (Windows NT 10.0; Win64; x64) AppleWebKit/537.36 (KHTML, like Gecko) Chrome/120.0.0.0 Safari/537.36"
52.231.28.83 - - [18/May/2026:09:42:47 +0000] "GET /wp-admin/css/colors/ectoplasm HTTP/1.1" 301 316 "-" "Mozilla/5.0 (Windows NT 10.0; Win64; x64) AppleWebKit/537.36 (KHTML, like Gecko) Chrome/120.0.0.0 Safari/537.36"
52.231.28.83 - - [18/May/2026:09:42:47 +0000] "GET /wp-content/themes/seotheme/mar.php HTTP/1.1" 500 2653 "-" "Mozilla/5.0 (Windows NT 10.0; Win64; x64) AppleWebKit/537.36 (KHTML, like Gecko) Chrome/120.0.0.0 Safari/537.36"
52.231.28.83 - - [18/May/2026:09:42:48 +0000] "GET /222.php HTTP/1.1" 500 2653 "-" "Mozilla/5.0 (Windows NT 10.0; Win64; x64) AppleWebKit/537.36 (KHTML, like Gecko) Chrome/120.0.0.0 Safari/537.36"
52.231.28.83 - - [18/May/2026:09:42:49 +0000] "GET /7logs.php HTTP/1.1" 500 2653 "-" "Mozilla/5.0 (Windows NT 10.0; Win64; x64) AppleWebKit/537.36 (KHTML, like Gecko) Chrome/120.0.0.0 Safari/537.36"
114.119.150.170 - - [18/May/2026:09:42:49 +0000] "GET /32/ HTTP/1.1" 500 2653 "https://commercialphotographyutah.com/32/" "Mozilla/5.0 (Linux; Android 7.0;) AppleWebKit/537.36 (HTML, like Gecko) Mobile Safari/537.36 (compatible; PetalBot;+https://webmaster.petalsearch.com/site/petalbot)"
52.231.28.83 - - [18/May/2026:09:42:49 +0000] "GET /a.php HTTP/1.1" 500 2653 "-" "Mozilla/5.0 (Windows NT 10.0; Win64; x64) AppleWebKit/537.36 (KHTML, like Gecko) Chrome/120.0.0.0 Safari/537.36"
52.231.28.83 - - [18/May/2026:09:42:50 +0000] "GET /abc.php HTTP/1.1" 500 2653 "-" "Mozilla/5.0 (Windows NT 10.0; Win64; x64) AppleWebKit/537.36 (KHTML, like Gecko) Chrome/120.0.0.0 Safari/537.36"
52.231.28.83 - - [18/May/2026:09:42:51 +0000] "GET /fone1.php HTTP/1.1" 500 2653 "-" "Mozilla/5.0 (Windows NT 10.0; Win64; x64) AppleWebKit/537.36 (KHTML, like Gecko) Chrome/120.0.0.0 Safari/537.36"
52.231.28.83 - - [18/May/2026:09:42:52 +0000] "GET /lib.php HTTP/1.1" 500 2653 "-" "Mozilla/5.0 (Windows NT 10.0; Win64; x64) AppleWebKit/537.36 (KHTML, like Gecko) Chrome/120.0.0.0 Safari/537.36"
52.231.28.83 - - [18/May/2026:09:42:52 +0000] "GET /sadcut1.php HTTP/1.1" 500 2653 "-" "Mozilla/5.0 (Windows NT 10.0; Win64; x64) AppleWebKit/537.36 (KHTML, like Gecko) Chrome/120.0.0.0 Safari/537.36"
52.231.28.83 - - [18/May/2026:09:42:53 +0000] "GET /wp-includes/interactivity-api/index.php HTTP/1.1" 500 2653 "-" "Mozilla/5.0 (Windows NT 10.0; Win64; x64) AppleWebKit/537.36 (KHTML, like Gecko) Chrome/120.0.0.0 Safari/537.36"
52.231.28.83 - - [18/May/2026:09:42:54 +0000] "GET /xmlrpc.php HTTP/1.1" 500 2653 "-" "Mozilla/5.0 (Windows NT 10.0; Win64; x64) AppleWebKit/537.36 (KHTML, like Gecko) Chrome/120.0.0.0 Safari/537.36"
52.231.28.83 - - [18/May/2026:09:42:55 +0000] "GET /aa.php HTTP/1.1" 500 2653 "-" "Mozilla/5.0 (Windows NT 10.0; Win64; x64) AppleWebKit/537.36 (KHTML, like Gecko) Chrome/120.0.0.0 Safari/537.36"
52.231.28.83 - - [18/May/2026:09:42:55 +0000] "GET /admin.php/wp-includes/certificates/about.php HTTP/1.1" 500 2653 "-" "Mozilla/5.0 (Windows NT 10.0; Win64; x64) AppleWebKit/537.36 (KHTML, like Gecko) Chrome/120.0.0.0 Safari/537.36"
52.231.28.83 - - [18/May/2026:09:42:56 +0000] "GET /amax.php HTTP/1.1" 500 2653 "-" "Mozilla/5.0 (Windows NT 10.0; Win64; x64) AppleWebKit/537.36 (KHTML, like Gecko) Chrome/120.0.0.0 Safari/537.36"
52.231.28.83 - - [18/May/2026:09:42:57 +0000] "GET /av.php HTTP/1.1" 500 2653 "-" "Mozilla/5.0 (Windows NT 10.0; Win64; x64) AppleWebKit/537.36 (KHTML, like Gecko) Chrome/120.0.0.0 Safari/537.36"
52.231.28.83 - - [18/May/2026:09:42:58 +0000] "GET /function/function.php HTTP/1.1" 500 2653 "-" "Mozilla/5.0 (Windows NT 10.0; Win64; x64) AppleWebKit/537.36 (KHTML, like Gecko) Chrome/120.0.0.0 Safari/537.36"
52.231.28.83 - - [18/May/2026:09:42:58 +0000] "GET /modules/mod_footer/tmpl/index.php HTTP/1.1" 500 2653 "-" "Mozilla/5.0 (Windows NT 10.0; Win64; x64) AppleWebKit/537.36 (KHTML, like Gecko) Chrome/120.0.0.0 Safari/537.36"
52.231.28.83 - - [18/May/2026:09:42:59 +0000] "GET /wp-admin/js/index.php HTTP/1.1" 500 2653 "-" "Mozilla/5.0 (Windows NT 10.0; Win64; x64) AppleWebKit/537.36 (KHTML, like Gecko) Chrome/120.0.0.0 Safari/537.36"
52.231.28.83 - - [18/May/2026:09:43:00 +0000] "GET /wp-content/plugins/WordPressCore/include.php HTTP/1.1" 500 2653 "-" "Mozilla/5.0 (Windows NT 10.0; Win64; x64) AppleWebKit/537.36 (KHTML, like Gecko) Chrome/120.0.0.0 Safari/537.36"
52.231.28.83 - - [18/May/2026:09:43:01 +0000] "GET /wp-content/plugins/index.php HTTP/1.1" 500 2653 "-" "Mozilla/5.0 (Windows NT 10.0; Win64; x64) AppleWebKit/537.36 (KHTML, like Gecko) Chrome/120.0.0.0 Safari/537.36"
52.231.28.83 - - [18/May/2026:09:43:01 +0000] "GET /wp-content/upgrade/index.php HTTP/1.1" 500 2653 "-" "Mozilla/5.0 (Windows NT 10.0; Win64; x64) AppleWebKit/537.36 (KHTML, like Gecko) Chrome/120.0.0.0 Safari/537.36"
52.231.28.83 - - [18/May/2026:09:43:02 +0000] "GET /ahax.php HTTP/1.1" 500 2653 "-" "Mozilla/5.0 (Windows NT 10.0; Win64; x64) AppleWebKit/537.36 (KHTML, like Gecko) Chrome/120.0.0.0 Safari/537.36"
52.231.28.83 - - [18/May/2026:09:43:03 +0000] "GET /alfa.php HTTP/1.1" 500 2653 "-" "Mozilla/5.0 (Windows NT 10.0; Win64; x64) AppleWebKit/537.36 (KHTML, like Gecko) Chrome/120.0.0.0 Safari/537.36"
52.231.28.83 - - [18/May/2026:09:43:04 +0000] "GET /bolt.php HTTP/1.1" 500 2653 "-" "Mozilla/5.0 (Windows NT 10.0; Win64; x64) AppleWebKit/537.36 (KHTML, like Gecko) Chrome/120.0.0.0 Safari/537.36"
52.231.28.83 - - [18/May/2026:09:43:04 +0000] "GET /wp-content/themes/about.php HTTP/1.1" 500 2653 "-" "Mozilla/5.0 (Windows NT 10.0; Win64; x64) AppleWebKit/537.36 (KHTML, like Gecko) Chrome/120.0.0.0 Safari/537.36"
52.231.28.83 - - [18/May/2026:09:43:05 +0000] "GET /wp-includes/Text/index.php HTTP/1.1" 500 2653 "-" "Mozilla/5.0 (Windows NT 10.0; Win64; x64) AppleWebKit/537.36 (KHTML, like Gecko) Chrome/120.0.0.0 Safari/537.36"
52.231.28.83 - - [18/May/2026:09:43:06 +0000] "GET /wp-signin.php HTTP/1.1" 500 2653 "-" "Mozilla/5.0 (Windows NT 10.0; Win64; x64) AppleWebKit/537.36 (KHTML, like Gecko) Chrome/120.0.0.0 Safari/537.36"
52.231.28.83 - - [18/May/2026:09:43:06 +0000] "GET /x.php HTTP/1.1" 500 2653 "-" "Mozilla/5.0 (Windows NT 10.0; Win64; x64) AppleWebKit/537.36 (KHTML, like Gecko) Chrome/120.0.0.0 Safari/537.36"
52.231.28.83 - - [18/May/2026:09:43:07 +0000] "GET /about/function.php HTTP/1.1" 500 2653 "-" "Mozilla/5.0 (Windows NT 10.0; Win64; x64) AppleWebKit/537.36 (KHTML, like Gecko) Chrome/120.0.0.0 Safari/537.36"
52.231.28.83 - - [18/May/2026:09:43:08 +0000] "GET /bless.php HTTP/1.1" 500 2653 "-" "Mozilla/5.0 (Windows NT 10.0; Win64; x64) AppleWebKit/537.36 (KHTML, like Gecko) Chrome/120.0.0.0 Safari/537.36"
52.231.28.83 - - [18/May/2026:09:43:09 +0000] "GET /content.php HTTP/1.1" 500 2653 "-" "Mozilla/5.0 (Windows NT 10.0; Win64; x64) AppleWebKit/537.36 (KHTML, like Gecko) Chrome/120.0.0.0 Safari/537.36"
52.231.28.83 - - [18/May/2026:09:43:09 +0000] "GET /radio.php HTTP/1.1" 500 2653 "-" "Mozilla/5.0 (Windows NT 10.0; Win64; x64) AppleWebKit/537.36 (KHTML, like Gecko) Chrome/120.0.0.0 Safari/537.36"
52.231.28.83 - - [18/May/2026:09:43:10 +0000] "GET /wp-content/about.php HTTP/1.1" 500 2653 "-" "Mozilla/5.0 (Windows NT 10.0; Win64; x64) AppleWebKit/537.36 (KHTML, like Gecko) Chrome/120.0.0.0 Safari/537.36"
52.231.28.83 - - [18/May/2026:09:43:11 +0000] "GET /wp-content/uploads/admin.php HTTP/1.1" 500 2653 "-" "Mozilla/5.0 (Windows NT 10.0; Win64; x64) AppleWebKit/537.36 (KHTML, like Gecko) Chrome/120.0.0.0 Safari/537.36"
52.231.28.83 - - [18/May/2026:09:43:11 +0000] "GET /wp-includes/pomo HTTP/1.1" 301 303 "-" "Mozilla/5.0 (Windows NT 10.0; Win64; x64) AppleWebKit/537.36 (KHTML, like Gecko) Chrome/120.0.0.0 Safari/537.36"
52.231.28.83 - - [18/May/2026:09:43:12 +0000] "GET /.dj/index.php HTTP/1.1" 500 2653 "-" "Mozilla/5.0 (Windows NT 10.0; Win64; x64) AppleWebKit/537.36 (KHTML, like Gecko) Chrome/120.0.0.0 Safari/537.36"
52.231.28.83 - - [18/May/2026:09:43:12 +0000] "GET /aaa.php HTTP/1.1" 500 2653 "-" "Mozilla/5.0 (Windows NT 10.0; Win64; x64) AppleWebKit/537.36 (KHTML, like Gecko) Chrome/120.0.0.0 Safari/537.36"
52.231.28.83 - - [18/May/2026:09:43:13 +0000] "GET /abcd.php HTTP/1.1" 500 2653 "-" "Mozilla/5.0 (Windows NT 10.0; Win64; x64) AppleWebKit/537.36 (KHTML, like Gecko) Chrome/120.0.0.0 Safari/537.36"
52.231.28.83 - - [18/May/2026:09:43:14 +0000] "GET /admin/function.php HTTP/1.1" 500 2653 "-" "Mozilla/5.0 (Windows NT 10.0; Win64; x64) AppleWebKit/537.36 (KHTML, like Gecko) Chrome/120.0.0.0 Safari/537.36"
66.249.75.131 - - [18/May/2026:09:43:46 +0000] "GET /items/W744126639/ HTTP/1.1" 500 2653 "-" "Mozilla/5.0 (Linux; Android 6.0.1; Nexus 5X Build/MMB29P) AppleWebKit/537.36 (KHTML, like Gecko) Chrome/148.0.7778.96 Mobile Safari/537.36 (compatible; Googlebot/2.1; +http://www.google.com/bot.html)"
14.176.216.97 - - [18/May/2026:09:43:48 +0000] "GET /items/J922180896/ HTTP/1.1" 500 2653 "-" "Mozilla/5.0 (Macintosh; U; PPC Mac OS X; nl-nl) AppleWebKit/418 (KHTML, like Gecko) Safari/417.9.3"
66.249.75.133 - - [18/May/2026:09:43:49 +0000] "GET /items/K242000726/ HTTP/1.1" 500 2653 "-" "Mozilla/5.0 (Linux; Android 6.0.1; Nexus 5X Build/MMB29P) AppleWebKit/537.36 (KHTML, like Gecko) Chrome/148.0.7778.96 Mobile Safari/537.36 (compatible; Googlebot/2.1; +http://www.google.com/bot.html)"
66.249.69.7 - - [18/May/2026:09:43:59 +0000] "GET /items/U262858954/ HTTP/1.1" 500 2653 "-" "Mozilla/5.0 (Linux; Android 6.0.1; Nexus 5X Build/MMB29P) AppleWebKit/537.36 (KHTML, like Gecko) Chrome/148.0.7778.96 Mobile Safari/537.36 (compatible; Googlebot/2.1; +http://www.google.com/bot.html)"
66.249.69.8 - - [18/May/2026:09:43:59 +0000] "GET /items/W976046067/ HTTP/1.1" 500 2653 "-" "Mozilla/5.0 (Linux; Android 6.0.1; Nexus 5X Build/MMB29P) AppleWebKit/537.36 (KHTML, like Gecko) Chrome/148.0.7778.96 Mobile Safari/537.36 (compatible; GoogleOther)"
66.249.75.133 - - [18/May/2026:09:44:08 +0000] "GET /items/K621318695/ HTTP/1.1" 500 2653 "-" "Mozilla/5.0 (compatible; Googlebot/2.1; +http://www.google.com/bot.html)"
66.249.75.131 - - [18/May/2026:09:44:34 +0000] "GET /cate-1-6 HTTP/1.1" 500 2653 "-" "Mozilla/5.0 (compatible; Googlebot/2.1; +http://www.google.com/bot.html)"
66.249.75.131 - - [18/May/2026:09:44:37 +0000] "GET /items/T452872971/ HTTP/1.1" 500 2653 "-" "Mozilla/5.0 (Linux; Android 6.0.1; Nexus 5X Build/MMB29P) AppleWebKit/537.36 (KHTML, like Gecko) Chrome/148.0.7778.96 Mobile Safari/537.36 (compatible; Googlebot/2.1; +http://www.google.com/bot.html)"
2a03:2880:f806:1f:: - - [18/May/2026:09:44:45 +0000] "GET /sitemap-10.xml HTTP/1.1" 500 2653 "-" "meta-externalagent/1.1 (+https://developers.facebook.com/docs/sharing/webmasters/crawler)"
66.249.75.133 - - [18/May/2026:09:45:27 +0000] "GET /items/A741379719/ HTTP/1.1" 500 2653 "-" "Mozilla/5.0 (Linux; Android 6.0.1; Nexus 5X Build/MMB29P) AppleWebKit/537.36 (KHTML, like Gecko) Chrome/148.0.7778.96 Mobile Safari/537.36 (compatible; Googlebot/2.1; +http://www.google.com/bot.html)"
66.249.75.131 - - [18/May/2026:09:45:28 +0000] "GET /items/T453950255/ HTTP/1.1" 500 2653 "-" "Mozilla/5.0 (Linux; Android 6.0.1; Nexus 5X Build/MMB29P) AppleWebKit/537.36 (KHTML, like Gecko) Chrome/148.0.7778.96 Mobile Safari/537.36 (compatible; Googlebot/2.1; +http://www.google.com/bot.html)"
166.70.241.67 - - [18/May/2026:09:45:28 +0000] "GET /wp-cron.php HTTP/1.1" 500 2653 "https://commercialphotographyutah.com/wp-admin/plugins.php" "Mozilla/5.0 (Macintosh; Intel Mac OS X 10.15; rv:148.0) Gecko/20100101 Firefox/148.0"
47.128.38.164 - - [18/May/2026:09:46:07 +0000] "GET /items/K625926059/ HTTP/1.1" 500 2653 "-" "Mozilla/5.0 (Linux; Android 5.0) AppleWebKit/537.36 (KHTML, like Gecko) Mobile Safari/537.36 (compatible; Bytespider; spider-feedback@bytedance.com)"
66.249.75.132 - - [18/May/2026:09:46:20 +0000] "GET /items/Z782810528/ HTTP/1.1" 500 2653 "-" "Mozilla/5.0 (Linux; Android 6.0.1; Nexus 5X Build/MMB29P) AppleWebKit/537.36 (KHTML, like Gecko) Chrome/148.0.7778.96 Mobile Safari/537.36 (compatible; Googlebot/2.1; +http://www.google.com/bot.html)"
66.249.75.132 - - [18/May/2026:09:46:30 +0000] "GET /items/R393755704/ HTTP/1.1" 500 2653 "-" "Mozilla/5.0 (Linux; Android 6.0.1; Nexus 5X Build/MMB29P) AppleWebKit/537.36 (KHTML, like Gecko) Chrome/148.0.7778.96 Mobile Safari/537.36 (compatible; Googlebot/2.1; +http://www.google.com/bot.html)"
146.174.162.44 - - [18/May/2026:09:47:19 +0000] "GET /items/J923151191/ HTTP/1.1" 500 2653 "-" "Mozilla/5.0 (Macintosh; Intel Mac OS X 15_1_1) AppleWebKit/537.36 (KHTML, like Gecko) Chrome/133.0.6943.53 Safari/537.36"
66.249.75.131 - - [18/May/2026:09:47:41 +0000] "GET /items/Y816103339/ HTTP/1.1" 500 2653 "-" "Mozilla/5.0 (Linux; Android 6.0.1; Nexus 5X Build/MMB29P) AppleWebKit/537.36 (KHTML, like Gecko) Chrome/148.0.7778.96 Mobile Safari/537.36 (compatible; Googlebot/2.1; +http://www.google.com/bot.html)"
