43.130.34.74 - - [18/May/2026:11:44:19 +0000] "GET / HTTP/1.1" 500 2653 "http://www.commercialphotographyutah.com" "Mozilla/5.0 (iPhone; CPU iPhone OS 13_2_3 like Mac OS X) AppleWebKit/605.1.15 (KHTML, like Gecko) Version/13.0.3 Mobile/15E148 Safari/604.1"
66.249.75.132 - - [18/May/2026:11:44:38 +0000] "GET /shop/pg/1recruit/ HTTP/1.1" 500 2653 "-" "Mozilla/5.0 (Linux; Android 6.0.1; Nexus 5X Build/MMB29P) AppleWebKit/537.36 (KHTML, like Gecko) Chrome/148.0.7778.96 Mobile Safari/537.36 (compatible; Googlebot/2.1; +http://www.google.com/bot.html)"
66.249.75.131 - - [18/May/2026:11:44:48 +0000] "GET /items/K144736490/ HTTP/1.1" 500 2653 "-" "Mozilla/5.0 (Linux; Android 6.0.1; Nexus 5X Build/MMB29P) AppleWebKit/537.36 (KHTML, like Gecko) Chrome/148.0.7778.96 Mobile Safari/537.36 (compatible; Googlebot/2.1; +http://www.google.com/bot.html)"
166.70.241.67 - - [18/May/2026:11:44:51 +0000] "GET /wp-cron.php HTTP/1.1" 500 2653 "https://commercialphotographyutah.com/wp-admin/plugins.php" "Mozilla/5.0 (Macintosh; Intel Mac OS X 10.15; rv:148.0) Gecko/20100101 Firefox/148.0"
66.249.75.131 - - [18/May/2026:11:45:38 +0000] "GET /shop/userreview/write HTTP/1.1" 500 2653 "-" "Mozilla/5.0 (Linux; Android 6.0.1; Nexus 5X Build/MMB29P) AppleWebKit/537.36 (KHTML, like Gecko) Chrome/148.0.7778.96 Mobile Safari/537.36 (compatible; Googlebot/2.1; +http://www.google.com/bot.html)"
37.65.160.231 - - [18/May/2026:11:46:16 +0000] "GET /items/J925553468/ HTTP/1.1" 500 2653 "-" "Mozilla/5.0 (Windows NT 10.0; Win64; x64) AppleWebKit/537.36 (KHTML, like Gecko) Chrome/134.0.6998.88 Safari/537.36"
66.249.75.131 - - [18/May/2026:11:46:30 +0000] "GET /cate-88-106 HTTP/1.1" 500 2653 "-" "Mozilla/5.0 (compatible; Googlebot/2.1; +http://www.google.com/bot.html)"
66.249.75.132 - - [18/May/2026:11:47:39 +0000] "GET /items/R361695717/ HTTP/1.1" 500 2653 "-" "Mozilla/5.0 (Linux; Android 6.0.1; Nexus 5X Build/MMB29P) AppleWebKit/537.36 (KHTML, like Gecko) Chrome/148.0.7778.96 Mobile Safari/537.36 (compatible; Googlebot/2.1; +http://www.google.com/bot.html)"
66.249.75.132 - - [18/May/2026:11:47:48 +0000] "GET /items/F824155447/ HTTP/1.1" 500 2653 "-" "Mozilla/5.0 (Linux; Android 6.0.1; Nexus 5X Build/MMB29P) AppleWebKit/537.36 (KHTML, like Gecko) Chrome/148.0.7778.96 Mobile Safari/537.36 (compatible; Googlebot/2.1; +http://www.google.com/bot.html)"
66.249.75.131 - - [18/May/2026:11:47:58 +0000] "GET /wp-content/uploads/2022/12/RE_MEDIA_Logo_WHITE.png HTTP/1.1" 200 160207 "-" "Googlebot-Image/1.0"
166.70.241.67 - - [18/May/2026:11:48:22 +0000] "GET /wp-cron.php HTTP/1.1" 500 2653 "https://commercialphotographyutah.com/wp-admin/plugins.php" "Mozilla/5.0 (Macintosh; Intel Mac OS X 10.15; rv:148.0) Gecko/20100101 Firefox/148.0"
4.194.136.151 - - [18/May/2026:11:49:34 +0000] "GET /inputs.php HTTP/1.1" 500 2653 "-" "Mozilla/5.0 (Windows NT 10.0; Win64; x64) AppleWebKit/537.36 (KHTML, like Gecko) Chrome/120.0.0.0 Safari/537.36"
4.194.136.151 - - [18/May/2026:11:49:35 +0000] "GET /ioxi-o.php HTTP/1.1" 500 2653 "-" "Mozilla/5.0 (Windows NT 10.0; Win64; x64) AppleWebKit/537.36 (KHTML, like Gecko) Chrome/120.0.0.0 Safari/537.36"
4.194.136.151 - - [18/May/2026:11:49:36 +0000] "GET /function/function.php HTTP/1.1" 500 2653 "-" "Mozilla/5.0 (Windows NT 10.0; Win64; x64) AppleWebKit/537.36 (KHTML, like Gecko) Chrome/120.0.0.0 Safari/537.36"
4.194.136.151 - - [18/May/2026:11:49:36 +0000] "GET /rip.php HTTP/1.1" 500 2653 "-" "Mozilla/5.0 (Windows NT 10.0; Win64; x64) AppleWebKit/537.36 (KHTML, like Gecko) Chrome/120.0.0.0 Safari/537.36"
4.194.136.151 - - [18/May/2026:11:49:37 +0000] "GET /admin.php HTTP/1.1" 500 2653 "-" "Mozilla/5.0 (Windows NT 10.0; Win64; x64) AppleWebKit/537.36 (KHTML, like Gecko) Chrome/120.0.0.0 Safari/537.36"
4.194.136.151 - - [18/May/2026:11:49:38 +0000] "GET /wp-content/uploads/index.php HTTP/1.1" 500 2653 "-" "Mozilla/5.0 (Windows NT 10.0; Win64; x64) AppleWebKit/537.36 (KHTML, like Gecko) Chrome/120.0.0.0 Safari/537.36"
4.194.136.151 - - [18/May/2026:11:49:39 +0000] "GET /cache.php HTTP/1.1" 500 2653 "-" "Mozilla/5.0 (Windows NT 10.0; Win64; x64) AppleWebKit/537.36 (KHTML, like Gecko) Chrome/120.0.0.0 Safari/537.36"
4.194.136.151 - - [18/May/2026:11:49:40 +0000] "GET /themes.php HTTP/1.1" 500 2653 "-" "Mozilla/5.0 (Windows NT 10.0; Win64; x64) AppleWebKit/537.36 (KHTML, like Gecko) Chrome/120.0.0.0 Safari/537.36"
4.194.136.151 - - [18/May/2026:11:49:41 +0000] "GET /an.php HTTP/1.1" 500 2653 "-" "Mozilla/5.0 (Windows NT 10.0; Win64; x64) AppleWebKit/537.36 (KHTML, like Gecko) Chrome/120.0.0.0 Safari/537.36"
4.194.136.151 - - [18/May/2026:11:49:42 +0000] "GET /index/function.php HTTP/1.1" 500 2653 "-" "Mozilla/5.0 (Windows NT 10.0; Win64; x64) AppleWebKit/537.36 (KHTML, like Gecko) Chrome/120.0.0.0 Safari/537.36"
4.194.136.151 - - [18/May/2026:11:49:42 +0000] "GET /randkeyword.PhP7 HTTP/1.1" 500 2653 "-" "Mozilla/5.0 (Windows NT 10.0; Win64; x64) AppleWebKit/537.36 (KHTML, like Gecko) Chrome/120.0.0.0 Safari/537.36"
4.194.136.151 - - [18/May/2026:11:49:43 +0000] "GET /ws.php HTTP/1.1" 500 2653 "-" "Mozilla/5.0 (Windows NT 10.0; Win64; x64) AppleWebKit/537.36 (KHTML, like Gecko) Chrome/120.0.0.0 Safari/537.36"
4.194.136.151 - - [18/May/2026:11:49:44 +0000] "GET /404.php HTTP/1.1" 500 2653 "-" "Mozilla/5.0 (Windows NT 10.0; Win64; x64) AppleWebKit/537.36 (KHTML, like Gecko) Chrome/120.0.0.0 Safari/537.36"
4.194.136.151 - - [18/May/2026:11:49:45 +0000] "GET /wp-admin/user.php HTTP/1.1" 500 2653 "-" "Mozilla/5.0 (Windows NT 10.0; Win64; x64) AppleWebKit/537.36 (KHTML, like Gecko) Chrome/120.0.0.0 Safari/537.36"
4.194.136.151 - - [18/May/2026:11:49:46 +0000] "GET /wp-conf.php HTTP/1.1" 500 2653 "-" "Mozilla/5.0 (Windows NT 10.0; Win64; x64) AppleWebKit/537.36 (KHTML, like Gecko) Chrome/120.0.0.0 Safari/537.36"
4.194.136.151 - - [18/May/2026:11:49:47 +0000] "GET /wp-content/themes/hideo/network.php HTTP/1.1" 500 2653 "-" "Mozilla/5.0 (Windows NT 10.0; Win64; x64) AppleWebKit/537.36 (KHTML, like Gecko) Chrome/120.0.0.0 Safari/537.36"
4.194.136.151 - - [18/May/2026:11:49:48 +0000] "GET /wp-login.php HTTP/1.1" 500 2653 "-" "Mozilla/5.0 (Windows NT 10.0; Win64; x64) AppleWebKit/537.36 (KHTML, like Gecko) Chrome/120.0.0.0 Safari/537.36"
4.194.136.151 - - [18/May/2026:11:49:49 +0000] "GET /abc.php HTTP/1.1" 500 2653 "-" "Mozilla/5.0 (Windows NT 10.0; Win64; x64) AppleWebKit/537.36 (KHTML, like Gecko) Chrome/120.0.0.0 Safari/537.36"
4.194.136.151 - - [18/May/2026:11:49:49 +0000] "GET /abcd.php HTTP/1.1" 500 2653 "-" "Mozilla/5.0 (Windows NT 10.0; Win64; x64) AppleWebKit/537.36 (KHTML, like Gecko) Chrome/120.0.0.0 Safari/537.36"
4.194.136.151 - - [18/May/2026:11:49:50 +0000] "GET /as.php HTTP/1.1" 500 2653 "-" "Mozilla/5.0 (Windows NT 10.0; Win64; x64) AppleWebKit/537.36 (KHTML, like Gecko) Chrome/120.0.0.0 Safari/537.36"
4.194.136.151 - - [18/May/2026:11:49:51 +0000] "GET /wp-trackback.php HTTP/1.1" 500 2653 "-" "Mozilla/5.0 (Windows NT 10.0; Win64; x64) AppleWebKit/537.36 (KHTML, like Gecko) Chrome/120.0.0.0 Safari/537.36"
4.194.136.151 - - [18/May/2026:11:49:52 +0000] "GET /about.php HTTP/1.1" 500 2653 "-" "Mozilla/5.0 (Windows NT 10.0; Win64; x64) AppleWebKit/537.36 (KHTML, like Gecko) Chrome/120.0.0.0 Safari/537.36"
4.194.136.151 - - [18/May/2026:11:49:53 +0000] "GET /file.php HTTP/1.1" 500 2653 "-" "Mozilla/5.0 (Windows NT 10.0; Win64; x64) AppleWebKit/537.36 (KHTML, like Gecko) Chrome/120.0.0.0 Safari/537.36"
4.194.136.151 - - [18/May/2026:11:49:54 +0000] "GET /adminfuns.php HTTP/1.1" 500 2653 "-" "Mozilla/5.0 (Windows NT 10.0; Win64; x64) AppleWebKit/537.36 (KHTML, like Gecko) Chrome/120.0.0.0 Safari/537.36"
4.194.136.151 - - [18/May/2026:11:49:55 +0000] "GET /wp-good.php HTTP/1.1" 500 2653 "-" "Mozilla/5.0 (Windows NT 10.0; Win64; x64) AppleWebKit/537.36 (KHTML, like Gecko) Chrome/120.0.0.0 Safari/537.36"
4.194.136.151 - - [18/May/2026:11:49:55 +0000] "GET /xmlrpc.php HTTP/1.1" 500 2653 "-" "Mozilla/5.0 (Windows NT 10.0; Win64; x64) AppleWebKit/537.36 (KHTML, like Gecko) Chrome/120.0.0.0 Safari/537.36"
4.194.136.151 - - [18/May/2026:11:49:56 +0000] "GET /goods.php HTTP/1.1" 500 2653 "-" "Mozilla/5.0 (Windows NT 10.0; Win64; x64) AppleWebKit/537.36 (KHTML, like Gecko) Chrome/120.0.0.0 Safari/537.36"
4.194.136.151 - - [18/May/2026:11:49:57 +0000] "GET /class-t.api.php HTTP/1.1" 500 2653 "-" "Mozilla/5.0 (Windows NT 10.0; Win64; x64) AppleWebKit/537.36 (KHTML, like Gecko) Chrome/120.0.0.0 Safari/537.36"
4.194.136.151 - - [18/May/2026:11:49:58 +0000] "GET /sf.php HTTP/1.1" 500 2653 "-" "Mozilla/5.0 (Windows NT 10.0; Win64; x64) AppleWebKit/537.36 (KHTML, like Gecko) Chrome/120.0.0.0 Safari/537.36"
4.194.136.151 - - [18/May/2026:11:49:59 +0000] "GET /kbfr.php HTTP/1.1" 500 2653 "-" "Mozilla/5.0 (Windows NT 10.0; Win64; x64) AppleWebKit/537.36 (KHTML, like Gecko) Chrome/120.0.0.0 Safari/537.36"
4.194.136.151 - - [18/May/2026:11:50:00 +0000] "GET /autoload_classmap.php HTTP/1.1" 500 2653 "-" "Mozilla/5.0 (Windows NT 10.0; Win64; x64) AppleWebKit/537.36 (KHTML, like Gecko) Chrome/120.0.0.0 Safari/537.36"
4.194.136.151 - - [18/May/2026:11:50:00 +0000] "GET /chosen.php?p= HTTP/1.1" 500 2653 "-" "Mozilla/5.0 (Windows NT 10.0; Win64; x64) AppleWebKit/537.36 (KHTML, like Gecko) Chrome/120.0.0.0 Safari/537.36"
4.194.136.151 - - [18/May/2026:11:50:01 +0000] "GET /classwithtostring.php HTTP/1.1" 500 2653 "-" "Mozilla/5.0 (Windows NT 10.0; Win64; x64) AppleWebKit/537.36 (KHTML, like Gecko) Chrome/120.0.0.0 Safari/537.36"
4.194.136.151 - - [18/May/2026:11:50:02 +0000] "GET /defaults.php HTTP/1.1" 500 2653 "-" "Mozilla/5.0 (Windows NT 10.0; Win64; x64) AppleWebKit/537.36 (KHTML, like Gecko) Chrome/120.0.0.0 Safari/537.36"
4.194.136.151 - - [18/May/2026:11:50:03 +0000] "GET /.well-known/ HTTP/1.1" 200 1013 "-" "Mozilla/5.0 (Windows NT 10.0; Win64; x64) AppleWebKit/537.36 (KHTML, like Gecko) Chrome/120.0.0.0 Safari/537.36"
4.194.136.151 - - [18/May/2026:11:50:03 +0000] "GET /info.php HTTP/1.1" 500 2653 "-" "Mozilla/5.0 (Windows NT 10.0; Win64; x64) AppleWebKit/537.36 (KHTML, like Gecko) Chrome/120.0.0.0 Safari/537.36"
4.194.136.151 - - [18/May/2026:11:50:04 +0000] "GET /cgi-bin/ HTTP/1.1" 500 2653 "-" "Mozilla/5.0 (Windows NT 10.0; Win64; x64) AppleWebKit/537.36 (KHTML, like Gecko) Chrome/120.0.0.0 Safari/537.36"
4.194.136.151 - - [18/May/2026:11:50:05 +0000] "GET /wp-includes/Requests/src/Response/about.php HTTP/1.1" 500 2653 "-" "Mozilla/5.0 (Windows NT 10.0; Win64; x64) AppleWebKit/537.36 (KHTML, like Gecko) Chrome/120.0.0.0 Safari/537.36"
4.194.136.151 - - [18/May/2026:11:50:06 +0000] "GET /wp-includes/html-api/ HTTP/1.1" 200 850 "-" "Mozilla/5.0 (Windows NT 10.0; Win64; x64) AppleWebKit/537.36 (KHTML, like Gecko) Chrome/120.0.0.0 Safari/537.36"
4.194.136.151 - - [18/May/2026:11:50:06 +0000] "GET /wp-content/admin.php HTTP/1.1" 500 2653 "-" "Mozilla/5.0 (Windows NT 10.0; Win64; x64) AppleWebKit/537.36 (KHTML, like Gecko) Chrome/120.0.0.0 Safari/537.36"
4.194.136.151 - - [18/May/2026:11:50:07 +0000] "GET /wp-admin/css/colors/ectoplasm/ HTTP/1.1" 200 1610 "-" "Mozilla/5.0 (Windows NT 10.0; Win64; x64) AppleWebKit/537.36 (KHTML, like Gecko) Chrome/120.0.0.0 Safari/537.36"
4.194.136.151 - - [18/May/2026:11:50:07 +0000] "GET /wp-content/uploads/ HTTP/1.1" 200 3470 "-" "Mozilla/5.0 (Windows NT 10.0; Win64; x64) AppleWebKit/537.36 (KHTML, like Gecko) Chrome/120.0.0.0 Safari/537.36"
4.194.136.151 - - [18/May/2026:11:50:07 +0000] "GET /wp-content/themes/admin.php HTTP/1.1" 500 2653 "-" "Mozilla/5.0 (Windows NT 10.0; Win64; x64) AppleWebKit/537.36 (KHTML, like Gecko) Chrome/120.0.0.0 Safari/537.36"
4.194.136.151 - - [18/May/2026:11:50:08 +0000] "GET /wp-content/themes/index.php HTTP/1.1" 500 2653 "-" "Mozilla/5.0 (Windows NT 10.0; Win64; x64) AppleWebKit/537.36 (KHTML, like Gecko) Chrome/120.0.0.0 Safari/537.36"
4.194.136.151 - - [18/May/2026:11:50:09 +0000] "GET /wp-content/plugins/index.php HTTP/1.1" 500 2653 "-" "Mozilla/5.0 (Windows NT 10.0; Win64; x64) AppleWebKit/537.36 (KHTML, like Gecko) Chrome/120.0.0.0 Safari/537.36"
4.194.136.151 - - [18/May/2026:11:50:10 +0000] "GET /wp-includes/PHPMailer/ HTTP/1.1" 200 850 "-" "Mozilla/5.0 (Windows NT 10.0; Win64; x64) AppleWebKit/537.36 (KHTML, like Gecko) Chrome/120.0.0.0 Safari/537.36"
4.194.136.151 - - [18/May/2026:11:50:10 +0000] "GET /wp-includes/images/ HTTP/1.1" 200 5803 "-" "Mozilla/5.0 (Windows NT 10.0; Win64; x64) AppleWebKit/537.36 (KHTML, like Gecko) Chrome/120.0.0.0 Safari/537.36"
4.194.136.151 - - [18/May/2026:11:50:10 +0000] "GET /wp-content/plugins/WordPressCore/ HTTP/1.1" 500 2653 "-" "Mozilla/5.0 (Windows NT 10.0; Win64; x64) AppleWebKit/537.36 (KHTML, like Gecko) Chrome/120.0.0.0 Safari/537.36"
66.249.75.131 - - [18/May/2026:11:50:11 +0000] "GET /items/D345014470/ HTTP/1.1" 500 2653 "-" "Mozilla/5.0 (compatible; Googlebot/2.1; +http://www.google.com/bot.html)"
66.249.75.131 - - [18/May/2026:11:50:39 +0000] "GET /items/R365841456/ HTTP/1.1" 500 2653 "-" "Mozilla/5.0 (Linux; Android 6.0.1; Nexus 5X Build/MMB29P) AppleWebKit/537.36 (KHTML, like Gecko) Chrome/148.0.7778.96 Mobile Safari/537.36 (compatible; Googlebot/2.1; +http://www.google.com/bot.html)"
148.113.128.76 - - [18/May/2026:11:51:14 +0000] "GET /items/J922460610/ HTTP/1.1" 500 2653 "-" "Mozilla/5.0 (compatible; AhrefsBot/7.0; +http://ahrefs.com/robot/)"
66.249.75.133 - - [18/May/2026:11:51:30 +0000] "GET /items/Q646565237/ HTTP/1.1" 500 2653 "-" "Mozilla/5.0 (Linux; Android 6.0.1; Nexus 5X Build/MMB29P) AppleWebKit/537.36 (KHTML, like Gecko) Chrome/148.0.7778.96 Mobile Safari/537.36 (compatible; Googlebot/2.1; +http://www.google.com/bot.html)"
166.70.241.67 - - [18/May/2026:11:51:52 +0000] "GET /wp-cron.php HTTP/1.1" 500 2653 "https://commercialphotographyutah.com/wp-admin/plugins.php" "Mozilla/5.0 (Macintosh; Intel Mac OS X 10.15; rv:148.0) Gecko/20100101 Firefox/148.0"
14.189.118.84 - - [18/May/2026:11:52:20 +0000] "GET /items/J926128606/ HTTP/1.1" 500 2653 "-" "Mozilla/5.0 (Macintosh; Intel Mac OS X 14_5_0) AppleWebKit/537.36 (KHTML, like Gecko) Chrome/133.0.6943.98 Safari/537.36"
66.249.75.133 - - [18/May/2026:11:52:44 +0000] "GET /items/P485580875/ HTTP/1.1" 500 2653 "-" "Mozilla/5.0 (compatible; Googlebot/2.1; +http://www.google.com/bot.html)"
66.249.75.131 - - [18/May/2026:11:52:53 +0000] "GET /items/Y111419021/ HTTP/1.1" 500 2653 "-" "Mozilla/5.0 (Linux; Android 6.0.1; Nexus 5X Build/MMB29P) AppleWebKit/537.36 (KHTML, like Gecko) Chrome/148.0.7778.96 Mobile Safari/537.36 (compatible; Googlebot/2.1; +http://www.google.com/bot.html)"
47.128.38.218 - - [18/May/2026:11:53:21 +0000] "GET /items/K621313776/ HTTP/1.1" 500 2653 "-" "Mozilla/5.0 (Linux; Android 5.0) AppleWebKit/537.36 (KHTML, like Gecko) Mobile Safari/537.36 (compatible; Bytespider; spider-feedback@bytedance.com)"
66.249.75.132 - - [18/May/2026:11:53:40 +0000] "GET /shop/storeSearch/CriteriaInput HTTP/1.1" 500 2653 "-" "Mozilla/5.0 (Linux; Android 6.0.1; Nexus 5X Build/MMB29P) AppleWebKit/537.36 (KHTML, like Gecko) Chrome/148.0.7778.96 Mobile Safari/537.36 (compatible; Googlebot/2.1; +http://www.google.com/bot.html)"
66.249.75.131 - - [18/May/2026:11:53:49 +0000] "GET /items/C596166951/ HTTP/1.1" 500 2653 "-" "Mozilla/5.0 (compatible; Googlebot/2.1; +http://www.google.com/bot.html)"
166.70.241.67 - - [18/May/2026:11:55:23 +0000] "GET /wp-cron.php HTTP/1.1" 500 2653 "https://commercialphotographyutah.com/wp-admin/plugins.php" "Mozilla/5.0 (Macintosh; Intel Mac OS X 10.15; rv:148.0) Gecko/20100101 Firefox/148.0"
66.249.75.132 - - [18/May/2026:11:55:31 +0000] "GET /items/V425898456/ HTTP/1.1" 500 2653 "-" "Mozilla/5.0 (compatible; Googlebot/2.1; +http://www.google.com/bot.html)"
66.249.75.132 - - [18/May/2026:11:56:19 +0000] "GET /shop/customer/entry HTTP/1.1" 500 2653 "-" "Mozilla/5.0 (Linux; Android 6.0.1; Nexus 5X Build/MMB29P) AppleWebKit/537.36 (KHTML, like Gecko) Chrome/148.0.7778.96 Mobile Safari/537.36 (compatible; Googlebot/2.1; +http://www.google.com/bot.html)"
66.249.75.132 - - [18/May/2026:11:56:30 +0000] "GET /cate-88-106 HTTP/1.1" 500 2653 "-" "Mozilla/5.0 (compatible; Googlebot/2.1; +http://www.google.com/bot.html)"
47.128.38.196 - - [18/May/2026:11:57:04 +0000] "GET /items/K621327602/ HTTP/1.1" 500 2653 "-" "Mozilla/5.0 (Linux; Android 5.0) AppleWebKit/537.36 (KHTML, like Gecko) Mobile Safari/537.36 (compatible; Bytespider; spider-feedback@bytedance.com)"
66.249.75.133 - - [18/May/2026:11:57:11 +0000] "GET /items/A192686293/ HTTP/1.1" 500 2653 "-" "Mozilla/5.0 (compatible; Googlebot/2.1; +http://www.google.com/bot.html)"
66.249.75.131 - - [18/May/2026:11:57:40 +0000] "GET /items/D265890610 HTTP/1.1" 500 2653 "-" "Mozilla/5.0 (Linux; Android 6.0.1; Nexus 5X Build/MMB29P) AppleWebKit/537.36 (KHTML, like Gecko) Chrome/148.0.7778.96 Mobile Safari/537.36 (compatible; Googlebot/2.1; +http://www.google.com/bot.html)"
66.249.75.131 - - [18/May/2026:11:57:52 +0000] "GET /cate-6-10 HTTP/1.1" 500 2653 "-" "Mozilla/5.0 (Linux; Android 6.0.1; Nexus 5X Build/MMB29P) AppleWebKit/537.36 (KHTML, like Gecko) Chrome/148.0.7778.96 Mobile Safari/537.36 (compatible; Googlebot/2.1; +http://www.google.com/bot.html)"
108.41.195.73 - - [18/May/2026:11:58:16 +0000] "GET /items/J921700297/ HTTP/1.1" 500 2653 "-" "Mozilla/5.0 (Macintosh; Intel Mac OS X 10_15_7) AppleWebKit/537.36 (KHTML, like Gecko) Chrome/128.0.6613.36 Safari/537.36"
66.249.75.132 - - [18/May/2026:11:58:40 +0000] "GET /items/R366580022/ HTTP/1.1" 500 2653 "-" "Mozilla/5.0 (Linux; Android 6.0.1; Nexus 5X Build/MMB29P) AppleWebKit/537.36 (KHTML, like Gecko) Chrome/148.0.7778.96 Mobile Safari/537.36 (compatible; Googlebot/2.1; +http://www.google.com/bot.html)"
166.70.241.67 - - [18/May/2026:11:58:53 +0000] "GET /wp-cron.php HTTP/1.1" 500 2653 "https://commercialphotographyutah.com/wp-admin/plugins.php" "Mozilla/5.0 (Macintosh; Intel Mac OS X 10.15; rv:148.0) Gecko/20100101 Firefox/148.0"
66.249.75.131 - - [18/May/2026:12:00:11 +0000] "GET /items/D345014470/ HTTP/1.1" 500 2653 "-" "Mozilla/5.0 (compatible; Googlebot/2.1; +http://www.google.com/bot.html)"
66.249.75.132 - - [18/May/2026:12:00:31 +0000] "GET /items/V422210562 HTTP/1.1" 500 2653 "-" "Mozilla/5.0 (Linux; Android 6.0.1; Nexus 5X Build/MMB29P) AppleWebKit/537.36 (KHTML, like Gecko) Chrome/148.0.7778.96 Mobile Safari/537.36 (compatible; Googlebot/2.1; +http://www.google.com/bot.html)"
66.249.75.132 - - [18/May/2026:12:00:31 +0000] "GET /items/Q784013902/ HTTP/1.1" 500 2653 "-" "Mozilla/5.0 (Linux; Android 6.0.1; Nexus 5X Build/MMB29P) AppleWebKit/537.36 (KHTML, like Gecko) Chrome/148.0.7778.96 Mobile Safari/537.36 (compatible; Googlebot/2.1; +http://www.google.com/bot.html)"
113.188.159.243 - - [18/May/2026:12:01:01 +0000] "GET /items/J923936926/ HTTP/1.1" 500 2653 "-" "Mozilla/5.0 (Macintosh; Intel Mac OS X 12.1; rv:131.0) Gecko/20100101 Firefox/131.0"
47.128.38.222 - - [18/May/2026:12:01:05 +0000] "GET /items/K622369192/ HTTP/1.1" 500 2653 "-" "Mozilla/5.0 (Linux; Android 5.0) AppleWebKit/537.36 (KHTML, like Gecko) Mobile Safari/537.36 (compatible; Bytespider; spider-feedback@bytedance.com)"
66.249.75.132 - - [18/May/2026:12:01:27 +0000] "GET /items/Q524795833/ HTTP/1.1" 500 2653 "-" "Mozilla/5.0 (Linux; Android 6.0.1; Nexus 5X Build/MMB29P) AppleWebKit/537.36 (KHTML, like Gecko) Chrome/148.0.7778.96 Mobile Safari/537.36 (compatible; Googlebot/2.1; +http://www.google.com/bot.html)"
166.70.241.67 - - [18/May/2026:12:02:24 +0000] "GET /wp-cron.php HTTP/1.1" 500 2653 "https://commercialphotographyutah.com/wp-admin/plugins.php" "Mozilla/5.0 (Macintosh; Intel Mac OS X 10.15; rv:148.0) Gecko/20100101 Firefox/148.0"
66.249.75.132 - - [18/May/2026:12:02:31 +0000] "GET /items/N984743083/ HTTP/1.1" 500 2653 "-" "Mozilla/5.0 (Linux; Android 6.0.1; Nexus 5X Build/MMB29P) AppleWebKit/537.36 (KHTML, like Gecko) Chrome/148.0.7778.96 Mobile Safari/537.36 (compatible; Googlebot/2.1; +http://www.google.com/bot.html)"
66.249.75.133 - - [18/May/2026:12:03:18 +0000] "GET /items/Y203022747/ HTTP/1.1" 500 2653 "-" "Mozilla/5.0 (compatible; Googlebot/2.1; +http://www.google.com/bot.html)"
91.107.118.89 - - [18/May/2026:12:04:10 +0000] "GET /items/J924199284/ HTTP/1.1" 500 2653 "-" "Mozilla/5.0 (Macintosh; Intel Mac OS X 15_2_0) AppleWebKit/537.36 (KHTML, like Gecko) Chrome/133.0.6943.53 Safari/537.36"
66.249.75.131 - - [18/May/2026:12:04:32 +0000] "GET /items/M772253505/ HTTP/1.1" 500 2653 "-" "Mozilla/5.0 (Linux; Android 6.0.1; Nexus 5X Build/MMB29P) AppleWebKit/537.36 (KHTML, like Gecko) Chrome/148.0.7778.96 Mobile Safari/537.36 (compatible; Googlebot/2.1; +http://www.google.com/bot.html)"
66.249.75.133 - - [18/May/2026:12:04:32 +0000] "GET /items/Y814917659/ HTTP/1.1" 500 2653 "-" "Mozilla/5.0 (Linux; Android 6.0.1; Nexus 5X Build/MMB29P) AppleWebKit/537.36 (KHTML, like Gecko) Chrome/148.0.7778.96 Mobile Safari/537.36 (compatible; Googlebot/2.1; +http://www.google.com/bot.html)"
66.249.75.133 - - [18/May/2026:12:04:33 +0000] "GET /items/N091405047/ HTTP/1.1" 500 2653 "-" "Mozilla/5.0 (Linux; Android 6.0.1; Nexus 5X Build/MMB29P) AppleWebKit/537.36 (KHTML, like Gecko) Chrome/148.0.7778.96 Mobile Safari/537.36 (compatible; Googlebot/2.1; +http://www.google.com/bot.html)"
47.128.38.195 - - [18/May/2026:12:05:06 +0000] "GET /items/K621067614/ HTTP/1.1" 500 2653 "-" "Mozilla/5.0 (Linux; Android 5.0) AppleWebKit/537.36 (KHTML, like Gecko) Mobile Safari/537.36 (compatible; Bytespider; spider-feedback@bytedance.com)"
43.157.147.3 - - [18/May/2026:12:05:20 +0000] "GET / HTTP/1.1" 500 2653 "http://commercialphotographyutah.com" "Mozilla/5.0 (iPhone; CPU iPhone OS 13_2_3 like Mac OS X) AppleWebKit/605.1.15 (KHTML, like Gecko) Version/13.0.3 Mobile/15E148 Safari/604.1"
166.70.241.67 - - [18/May/2026:12:05:55 +0000] "GET /wp-cron.php HTTP/1.1" 500 2653 "https://commercialphotographyutah.com/wp-admin/plugins.php" "Mozilla/5.0 (Macintosh; Intel Mac OS X 10.15; rv:148.0) Gecko/20100101 Firefox/148.0"
66.249.75.132 - - [18/May/2026:12:06:35 +0000] "GET /items/R365008559/ HTTP/1.1" 500 2653 "-" "Mozilla/5.0 (compatible; Googlebot/2.1; +http://www.google.com/bot.html)"
91.236.176.10 - - [18/May/2026:12:07:19 +0000] "GET /items/J925929905/ HTTP/1.1" 500 2653 "-" "Mozilla/5.0 (Macintosh; Intel Mac OS X 12_7_3) AppleWebKit/537.36 (KHTML, like Gecko) Chrome/124.0.6367.82 Safari/537.36"
66.249.75.131 - - [18/May/2026:12:07:33 +0000] "GET /items/V421657333/ HTTP/1.1" 500 2653 "-" "Mozilla/5.0 (Linux; Android 6.0.1; Nexus 5X Build/MMB29P) AppleWebKit/537.36 (KHTML, like Gecko) Chrome/148.0.7778.96 Mobile Safari/537.36 (compatible; Googlebot/2.1; +http://www.google.com/bot.html)"
66.249.75.131 - - [18/May/2026:12:08:18 +0000] "GET /items/P692993366/ HTTP/1.1" 500 2653 "-" "Mozilla/5.0 (compatible; Googlebot/2.1; +http://www.google.com/bot.html)"
47.128.38.155 - - [18/May/2026:12:09:07 +0000] "GET /items/K623912480/ HTTP/1.1" 500 2653 "-" "Mozilla/5.0 (Linux; Android 5.0) AppleWebKit/537.36 (KHTML, like Gecko) Mobile Safari/537.36 (compatible; Bytespider; spider-feedback@bytedance.com)"
166.70.241.67 - - [18/May/2026:12:09:25 +0000] "GET /wp-cron.php HTTP/1.1" 500 2653 "https://commercialphotographyutah.com/wp-admin/plugins.php" "Mozilla/5.0 (Macintosh; Intel Mac OS X 10.15; rv:148.0) Gecko/20100101 Firefox/148.0"
66.249.75.131 - - [18/May/2026:12:10:10 +0000] "GET /items/R364624693/ HTTP/1.1" 500 2653 "-" "Mozilla/5.0 (compatible; Googlebot/2.1; +http://www.google.com/bot.html)"
45.169.144.18 - - [18/May/2026:12:10:28 +0000] "GET /items/J925994744/ HTTP/1.1" 500 2653 "-" "Mozilla/5.0 (Macintosh; Intel Mac OS X 14_2_0) AppleWebKit/537.36 (KHTML, like Gecko) Chrome/126.0.6478.182 Safari/537.36"
66.249.75.131 - - [18/May/2026:12:10:33 +0000] "GET /items/Z894686267 HTTP/1.1" 500 2653 "-" "Mozilla/5.0 (Linux; Android 6.0.1; Nexus 5X Build/MMB29P) AppleWebKit/537.36 (KHTML, like Gecko) Chrome/148.0.7778.96 Mobile Safari/537.36 (compatible; Googlebot/2.1; +http://www.google.com/bot.html)"
66.249.75.132 - - [18/May/2026:12:10:34 +0000] "GET /shop/category/categorylist HTTP/1.1" 500 2653 "-" "Mozilla/5.0 (Linux; Android 6.0.1; Nexus 5X Build/MMB29P) AppleWebKit/537.36 (KHTML, like Gecko) Chrome/148.0.7778.96 Mobile Safari/537.36 (compatible; Googlebot/2.1; +http://www.google.com/bot.html)"
66.249.75.132 - - [18/May/2026:12:11:27 +0000] "GET /items/Q524795833/ HTTP/1.1" 500 2653 "-" "Mozilla/5.0 (Linux; Android 6.0.1; Nexus 5X Build/MMB29P) AppleWebKit/537.36 (KHTML, like Gecko) Chrome/148.0.7778.96 Mobile Safari/537.36 (compatible; Googlebot/2.1; +http://www.google.com/bot.html)"
66.249.75.131 - - [18/May/2026:12:11:50 +0000] "GET /items/A971738953/ HTTP/1.1" 500 2653 "-" "Mozilla/5.0 (Linux; Android 6.0.1; Nexus 5X Build/MMB29P) AppleWebKit/537.36 (KHTML, like Gecko) Chrome/148.0.7778.96 Mobile Safari/537.36 (compatible; Googlebot/2.1; +http://www.google.com/bot.html)"
66.249.75.131 - - [18/May/2026:12:12:42 +0000] "GET /items/T316105087/ HTTP/1.1" 500 2653 "-" "Mozilla/5.0 (Linux; Android 6.0.1; Nexus 5X Build/MMB29P) AppleWebKit/537.36 (KHTML, like Gecko) Chrome/148.0.7778.96 Mobile Safari/537.36 (compatible; GoogleOther)"
66.249.75.132 - - [18/May/2026:12:12:42 +0000] "GET /items/R363901471/ HTTP/1.1" 500 2653 "-" "Mozilla/5.0 (compatible; Googlebot/2.1; +http://www.google.com/bot.html)"
166.70.241.67 - - [18/May/2026:12:12:56 +0000] "GET /wp-cron.php HTTP/1.1" 500 2653 "https://commercialphotographyutah.com/wp-admin/plugins.php" "Mozilla/5.0 (Macintosh; Intel Mac OS X 10.15; rv:148.0) Gecko/20100101 Firefox/148.0"
47.128.38.176 - - [18/May/2026:12:13:07 +0000] "GET /items/K625110764/ HTTP/1.1" 500 2653 "-" "Mozilla/5.0 (Linux; Android 5.0) AppleWebKit/537.36 (KHTML, like Gecko) Mobile Safari/537.36 (compatible; Bytespider; spider-feedback@bytedance.com)"
45.192.139.155 - - [18/May/2026:12:13:37 +0000] "GET /items/J926307738/ HTTP/1.1" 500 2653 "-" "Mozilla/5.0 (Macintosh; Intel Mac OS X 12.4; rv:131.0) Gecko/20100101 Firefox/131.0"
192.0.102.118 - - [18/May/2026:12:13:58 +0000] "GET /wp-content/uploads/2019/01/8101579-Edit-Edit.jpg HTTP/1.1" 500 2653 "-" "Photon/1.0"
66.249.69.10 - - [18/May/2026:12:13:59 +0000] "GET /items/T831657662/ HTTP/1.1" 500 2653 "-" "Mozilla/5.0 (Linux; Android 6.0.1; Nexus 5X Build/MMB29P) AppleWebKit/537.36 (KHTML, like Gecko) Chrome/148.0.7778.96 Mobile Safari/537.36 (compatible; GoogleOther)"
66.249.75.131 - - [18/May/2026:12:14:10 +0000] "GET /items/I086585682/ HTTP/1.1" 500 2653 "-" "Mozilla/5.0 (compatible; Googlebot/2.1; +http://www.google.com/bot.html)"
66.249.75.132 - - [18/May/2026:12:14:34 +0000] "GET /shop/customer/menu HTTP/1.1" 500 2653 "-" "Mozilla/5.0 (Linux; Android 6.0.1; Nexus 5X Build/MMB29P) AppleWebKit/537.36 (KHTML, like Gecko) Chrome/148.0.7778.96 Mobile Safari/537.36 (compatible; Googlebot/2.1; +http://www.google.com/bot.html)"
66.249.75.133 - - [18/May/2026:12:15:08 +0000] "GET /items/S645197346/ HTTP/1.1" 500 2653 "-" "Mozilla/5.0 (Linux; Android 6.0.1; Nexus 5X Build/MMB29P) AppleWebKit/537.36 (KHTML, like Gecko) Chrome/148.0.7778.96 Mobile Safari/537.36 (compatible; Googlebot/2.1; +http://www.google.com/bot.html)"
166.70.241.67 - - [18/May/2026:12:16:26 +0000] "GET /wp-cron.php HTTP/1.1" 500 2653 "https://commercialphotographyutah.com/wp-admin/plugins.php" "Mozilla/5.0 (Macintosh; Intel Mac OS X 10.15; rv:148.0) Gecko/20100101 Firefox/148.0"
66.249.75.132 - - [18/May/2026:12:16:31 +0000] "GET /items/S355964263/ HTTP/1.1" 500 2653 "-" "Mozilla/5.0 (Linux; Android 6.0.1; Nexus 5X Build/MMB29P) AppleWebKit/537.36 (KHTML, like Gecko) Chrome/148.0.7778.96 Mobile Safari/537.36 (compatible; Googlebot/2.1; +http://www.google.com/bot.html)"
66.249.69.8 - - [18/May/2026:12:16:45 +0000] "GET /items/M384848862/ HTTP/1.1" 500 2653 "-" "Mozilla/5.0 (Linux; Android 6.0.1; Nexus 5X Build/MMB29P) AppleWebKit/537.36 (KHTML, like Gecko) Chrome/148.0.7778.96 Mobile Safari/537.36 (compatible; Googlebot/2.1; +http://www.google.com/bot.html)"
45.4.189.218 - - [18/May/2026:12:16:46 +0000] "GET /items/J926381271/ HTTP/1.1" 500 2653 "-" "Mozilla/5.0 (Macintosh; Intel Mac OS X 12_7_3) AppleWebKit/537.36 (KHTML, like Gecko) Chrome/124.0.6367.82 Safari/537.36"
66.249.75.133 - - [18/May/2026:12:17:00 +0000] "GET /items/F306667735/ HTTP/1.1" 500 2653 "-" "Mozilla/5.0 (Linux; Android 6.0.1; Nexus 5X Build/MMB29P) AppleWebKit/537.36 (KHTML, like Gecko) Chrome/148.0.7778.96 Mobile Safari/537.36 (compatible; Googlebot/2.1; +http://www.google.com/bot.html)"
47.128.38.203 - - [18/May/2026:12:17:10 +0000] "GET /contents/event/kansyasai/ HTTP/1.1" 500 2653 "-" "Mozilla/5.0 (Linux; Android 5.0) AppleWebKit/537.36 (KHTML, like Gecko) Mobile Safari/537.36 (compatible; Bytespider; spider-feedback@bytedance.com)"
66.249.75.131 - - [18/May/2026:12:17:28 +0000] "GET /robots.txt HTTP/1.1" 304 - "-" "Mozilla/5.0 (compatible; Googlebot/2.1; +http://www.google.com/bot.html)"
66.249.91.196 - - [18/May/2026:12:17:28 +0000] "GET / HTTP/1.1" 500 2653 "-" "Mozilla/5.0 (Linux; Android 6.0.1; Nexus 5X Build/MMB29P) AppleWebKit/537.36 (KHTML, like Gecko) Chrome/148.0.7778.96 Mobile Safari/537.36 (compatible; AdsBot-Google-Mobile; +http://www.google.com/mobile/adsbot.html)"
66.249.75.131 - - [18/May/2026:12:17:35 +0000] "GET /items/K122032113/ HTTP/1.1" 500 2653 "-" "Mozilla/5.0 (Linux; Android 6.0.1; Nexus 5X Build/MMB29P) AppleWebKit/537.36 (KHTML, like Gecko) Chrome/148.0.7778.96 Mobile Safari/537.36 (compatible; Googlebot/2.1; +http://www.google.com/bot.html)"
66.249.75.131 - - [18/May/2026:12:17:35 +0000] "GET /items/B121011965 HTTP/1.1" 500 2653 "-" "Mozilla/5.0 (Linux; Android 6.0.1; Nexus 5X Build/MMB29P) AppleWebKit/537.36 (KHTML, like Gecko) Chrome/148.0.7778.96 Mobile Safari/537.36 (compatible; Googlebot/2.1; +http://www.google.com/bot.html)"
66.249.75.131 - - [18/May/2026:12:17:36 +0000] "GET /reserve/tool HTTP/1.1" 500 2653 "-" "Mozilla/5.0 (Linux; Android 6.0.1; Nexus 5X Build/MMB29P) AppleWebKit/537.36 (KHTML, like Gecko) Chrome/148.0.7778.96 Mobile Safari/537.36 (compatible; Googlebot/2.1; +http://www.google.com/bot.html)"
66.249.75.131 - - [18/May/2026:12:17:46 +0000] "GET /items/W505898786/ HTTP/1.1" 500 2653 "-" "Mozilla/5.0 (compatible; Googlebot/2.1; +http://www.google.com/bot.html)"
66.249.75.131 - - [18/May/2026:12:17:54 +0000] "GET /items/L243637304/ HTTP/1.1" 500 2653 "-" "Mozilla/5.0 (compatible; Googlebot/2.1; +http://www.google.com/bot.html)"
66.249.69.8 - - [18/May/2026:12:18:11 +0000] "GET /items/G334461075/ HTTP/1.1" 500 2653 "-" "Mozilla/5.0 (Linux; Android 6.0.1; Nexus 5X Build/MMB29P) AppleWebKit/537.36 (KHTML, like Gecko) Chrome/148.0.7778.96 Mobile Safari/537.36 (compatible; Googlebot/2.1; +http://www.google.com/bot.html)"
66.249.75.132 - - [18/May/2026:12:19:02 +0000] "GET /gallery/zion/ HTTP/1.1" 500 2653 "-" "Mozilla/5.0 (compatible; Googlebot/2.1; +http://www.google.com/bot.html)"
66.249.91.196 - - [18/May/2026:12:19:28 +0000] "GET / HTTP/1.1" 500 2653 "-" "Mozilla/5.0 (Linux; Android 6.0.1; Nexus 5X Build/MMB29P) AppleWebKit/537.36 (KHTML, like Gecko) Chrome/148.0.7778.96 Mobile Safari/537.36 (compatible; AdsBot-Google-Mobile; +http://www.google.com/mobile/adsbot.html)"
113.183.176.152 - - [18/May/2026:12:19:55 +0000] "GET /items/J926614819/ HTTP/1.1" 500 2653 "-" "Mozilla/5.0 (Macintosh; Intel Mac OS X 12.4; rv:125.0) Gecko/20100101 Firefox/125.0"
166.70.241.67 - - [18/May/2026:12:19:57 +0000] "GET /wp-cron.php HTTP/1.1" 500 2653 "https://commercialphotographyutah.com/wp-admin/plugins.php" "Mozilla/5.0 (Macintosh; Intel Mac OS X 10.15; rv:148.0) Gecko/20100101 Firefox/148.0"
66.249.75.132 - - [18/May/2026:12:20:10 +0000] "GET /items/R364624693/ HTTP/1.1" 500 2653 "-" "Mozilla/5.0 (compatible; Googlebot/2.1; +http://www.google.com/bot.html)"
66.249.75.131 - - [18/May/2026:12:20:20 +0000] "GET /items/W021510151/ HTTP/1.1" 500 2653 "-" "Mozilla/5.0 (compatible; Googlebot/2.1; +http://www.google.com/bot.html)"
66.249.75.131 - - [18/May/2026:12:20:36 +0000] "GET /items/Q874343772 HTTP/1.1" 500 2653 "-" "Mozilla/5.0 (Linux; Android 6.0.1; Nexus 5X Build/MMB29P) AppleWebKit/537.36 (KHTML, like Gecko) Chrome/148.0.7778.96 Mobile Safari/537.36 (compatible; Googlebot/2.1; +http://www.google.com/bot.html)"
66.249.75.131 - - [18/May/2026:12:20:37 +0000] "GET /toyu/top/CKmSpSfTop HTTP/1.1" 500 2653 "-" "Mozilla/5.0 (compatible; Googlebot/2.1; +http://www.google.com/bot.html)"
47.128.38.222 - - [18/May/2026:12:21:31 +0000] "GET /items/K623912480/ HTTP/1.1" 500 2653 "-" "Mozilla/5.0 (Linux; Android 5.0) AppleWebKit/537.36 (KHTML, like Gecko) Mobile Safari/537.36 (compatible; Bytespider; spider-feedback@bytedance.com)"
66.249.75.133 - - [18/May/2026:12:22:39 +0000] "GET /items/S151913136/ HTTP/1.1" 500 2653 "-" "Mozilla/5.0 (compatible; Googlebot/2.1; +http://www.google.com/bot.html)"
66.249.75.132 - - [18/May/2026:12:22:40 +0000] "GET /items/S151913136/ HTTP/1.1" 500 2653 "-" "Mozilla/5.0 (Linux; Android 6.0.1; Nexus 5X Build/MMB29P) AppleWebKit/537.36 (KHTML, like Gecko) Chrome/148.0.7778.96 Mobile Safari/537.36 (compatible; Googlebot/2.1; +http://www.google.com/bot.html)"
95.16.209.55 - - [18/May/2026:12:23:13 +0000] "GET /items/J921103582/ HTTP/1.1" 500 2653 "-" "Mozilla/5.0 (Windows NT 10.0; Win64; x64) AppleWebKit/537.36 (KHTML, like Gecko) Chrome/129.0.6668.29 Safari/537.36"
166.70.241.67 - - [18/May/2026:12:23:28 +0000] "GET /wp-cron.php HTTP/1.1" 500 2653 "https://commercialphotographyutah.com/wp-admin/plugins.php" "Mozilla/5.0 (Macintosh; Intel Mac OS X 10.15; rv:148.0) Gecko/20100101 Firefox/148.0"
66.249.75.131 - - [18/May/2026:12:23:36 +0000] "GET /items/L191980412 HTTP/1.1" 500 2653 "-" "Mozilla/5.0 (Linux; Android 6.0.1; Nexus 5X Build/MMB29P) AppleWebKit/537.36 (KHTML, like Gecko) Chrome/148.0.7778.96 Mobile Safari/537.36 (compatible; Googlebot/2.1; +http://www.google.com/bot.html)"
66.249.75.132 - - [18/May/2026:12:23:58 +0000] "GET /items/T116000403/ HTTP/1.1" 500 2653 "-" "Mozilla/5.0 (Linux; Android 6.0.1; Nexus 5X Build/MMB29P) AppleWebKit/537.36 (KHTML, like Gecko) Chrome/148.0.7778.96 Mobile Safari/537.36 (compatible; Googlebot/2.1; +http://www.google.com/bot.html)"
66.249.75.131 - - [18/May/2026:12:24:08 +0000] "GET /items/V144169563 HTTP/1.1" 500 2653 "-" "Mozilla/5.0 (compatible; Googlebot/2.1; +http://www.google.com/bot.html)"
47.128.38.227 - - [18/May/2026:12:25:08 +0000] "GET /items/K621313776/ HTTP/1.1" 500 2653 "-" "Mozilla/5.0 (Linux; Android 5.0) AppleWebKit/537.36 (KHTML, like Gecko) Mobile Safari/537.36 (compatible; Bytespider; spider-feedback@bytedance.com)"
146.174.160.166 - - [18/May/2026:12:26:21 +0000] "GET /items/J921153462/ HTTP/1.1" 500 2653 "-" "Mozilla/5.0 (Macintosh; Intel Mac OS X 13.4; rv:126.0) Gecko/20100101 Firefox/126.0"
166.70.241.67 - - [18/May/2026:12:26:59 +0000] "GET /wp-cron.php HTTP/1.1" 500 2653 "https://commercialphotographyutah.com/wp-admin/plugins.php" "Mozilla/5.0 (Macintosh; Intel Mac OS X 10.15; rv:148.0) Gecko/20100101 Firefox/148.0"
66.249.75.133 - - [18/May/2026:12:27:01 +0000] "GET /items/R471883447/ HTTP/1.1" 500 2653 "-" "Mozilla/5.0 (compatible; Googlebot/2.1; +http://www.google.com/bot.html)"
66.249.75.133 - - [18/May/2026:12:27:37 +0000] "GET /items/K672863702 HTTP/1.1" 500 2653 "-" "Mozilla/5.0 (Linux; Android 6.0.1; Nexus 5X Build/MMB29P) AppleWebKit/537.36 (KHTML, like Gecko) Chrome/148.0.7778.96 Mobile Safari/537.36 (compatible; Googlebot/2.1; +http://www.google.com/bot.html)"
66.249.75.133 - - [18/May/2026:12:27:59 +0000] "GET /items/R363841499/ HTTP/1.1" 500 2653 "-" "Mozilla/5.0 (compatible; Googlebot/2.1; +http://www.google.com/bot.html)"
66.249.75.131 - - [18/May/2026:12:28:02 +0000] "GET /gallery/hero-images/ HTTP/1.1" 500 2653 "-" "Mozilla/5.0 AppleWebKit/537.36 (KHTML, like Gecko; compatible; GoogleOther) Chrome/148.0.7778.96 Safari/537.36"
66.249.69.8 - - [18/May/2026:12:28:11 +0000] "GET /items/G334461075/ HTTP/1.1" 500 2653 "-" "Mozilla/5.0 (Linux; Android 6.0.1; Nexus 5X Build/MMB29P) AppleWebKit/537.36 (KHTML, like Gecko) Chrome/148.0.7778.96 Mobile Safari/537.36 (compatible; Googlebot/2.1; +http://www.google.com/bot.html)"
66.249.75.131 - - [18/May/2026:12:29:02 +0000] "GET /gallery/zion/ HTTP/1.1" 500 2653 "-" "Mozilla/5.0 (compatible; Googlebot/2.1; +http://www.google.com/bot.html)"
47.128.38.188 - - [18/May/2026:12:29:09 +0000] "GET /items/K624817405/ HTTP/1.1" 500 2653 "-" "Mozilla/5.0 (Linux; Android 5.0) AppleWebKit/537.36 (KHTML, like Gecko) Mobile Safari/537.36 (compatible; Bytespider; spider-feedback@bytedance.com)"
66.249.75.131 - - [18/May/2026:12:29:29 +0000] "GET /items/Q546588451/ HTTP/1.1" 500 2653 "-" "Mozilla/5.0 (compatible; Googlebot/2.1; +http://www.google.com/bot.html)"
73.196.62.137 - - [18/May/2026:12:29:32 +0000] "GET /items/J921435131/ HTTP/1.1" 500 2653 "-" "Mozilla/5.0 (Macintosh; Intel Mac OS X 12.3; rv:125.0) Gecko/20100101 Firefox/125.0"
66.249.69.9 - - [18/May/2026:12:30:06 +0000] "GET /items/D153961262/ HTTP/1.1" 500 2653 "-" "Mozilla/5.0 (Linux; Android 6.0.1; Nexus 5X Build/MMB29P) AppleWebKit/537.36 (KHTML, like Gecko) Chrome/148.0.7778.96 Mobile Safari/537.36 (compatible; Googlebot/2.1; +http://www.google.com/bot.html)"
166.70.241.67 - - [18/May/2026:12:30:29 +0000] "GET /wp-cron.php HTTP/1.1" 500 2653 "https://commercialphotographyutah.com/wp-admin/plugins.php" "Mozilla/5.0 (Macintosh; Intel Mac OS X 10.15; rv:148.0) Gecko/20100101 Firefox/148.0"
66.249.75.131 - - [18/May/2026:12:30:37 +0000] "GET /items/N095081065/ HTTP/1.1" 500 2653 "-" "Mozilla/5.0 (Linux; Android 6.0.1; Nexus 5X Build/MMB29P) AppleWebKit/537.36 (KHTML, like Gecko) Chrome/148.0.7778.96 Mobile Safari/537.36 (compatible; Googlebot/2.1; +http://www.google.com/bot.html)"
66.249.75.132 - - [18/May/2026:12:30:49 +0000] "GET /items/Y904217495/ HTTP/1.1" 500 2653 "-" "Mozilla/5.0 (Linux; Android 6.0.1; Nexus 5X Build/MMB29P) AppleWebKit/537.36 (KHTML, like Gecko) Chrome/148.0.7778.96 Mobile Safari/537.36 (compatible; Googlebot/2.1; +http://www.google.com/bot.html)"
66.249.75.132 - - [18/May/2026:12:30:50 +0000] "GET /items/F715635361/ HTTP/1.1" 500 2653 "-" "Mozilla/5.0 (Linux; Android 6.0.1; Nexus 5X Build/MMB29P) AppleWebKit/537.36 (KHTML, like Gecko) Chrome/148.0.7778.96 Mobile Safari/537.36 (compatible; Googlebot/2.1; +http://www.google.com/bot.html)"
66.249.75.131 - - [18/May/2026:12:30:51 +0000] "GET /items/I265522950/ HTTP/1.1" 500 2653 "-" "Mozilla/5.0 (Linux; Android 6.0.1; Nexus 5X Build/MMB29P) AppleWebKit/537.36 (KHTML, like Gecko) Chrome/148.0.7778.96 Mobile Safari/537.36 (compatible; Googlebot/2.1; +http://www.google.com/bot.html)"
66.249.75.132 - - [18/May/2026:12:31:57 +0000] "GET /items/P222299519/ HTTP/1.1" 500 2653 "-" "Mozilla/5.0 (Linux; Android 6.0.1; Nexus 5X Build/MMB29P) AppleWebKit/537.36 (KHTML, like Gecko) Chrome/148.0.7778.96 Mobile Safari/537.36 (compatible; Googlebot/2.1; +http://www.google.com/bot.html)"
14.191.170.87 - - [18/May/2026:12:32:40 +0000] "GET /items/J921520561/ HTTP/1.1" 500 2653 "-" "Mozilla/5.0 (Macintosh; Intel Mac OS X 11_3_1) AppleWebKit/537.36 (KHTML, like Gecko) Chrome/130.0.6723.116 Safari/537.36"
198.244.242.128 - - [18/May/2026:12:32:50 +0000] "GET /robots.txt HTTP/1.1" 304 - "-" "Mozilla/5.0 (compatible; AhrefsBot/7.0; +http://ahrefs.com/robot/)"
51.161.65.27 - - [18/May/2026:12:32:51 +0000] "GET /items/J922450101/ HTTP/1.1" 500 2653 "-" "Mozilla/5.0 (compatible; AhrefsBot/7.0; +http://ahrefs.com/robot/)"
192.0.113.146 - - [18/May/2026:12:33:01 +0000] "GET /wp-content/uploads/2021/01/810_8628-Edit.png HTTP/1.1" 500 2653 "-" "Photon/1.0"
66.249.75.131 - - [18/May/2026:12:33:51 +0000] "GET /gallery/product-photography/ HTTP/1.1" 500 2653 "-" "Mozilla/5.0 (Linux; Android 6.0.1; Nexus 5X Build/MMB29P) AppleWebKit/537.36 (KHTML, like Gecko) Chrome/148.0.7778.96 Mobile Safari/537.36 (compatible; Googlebot/2.1; +http://www.google.com/bot.html)"
166.70.241.67 - - [18/May/2026:12:34:00 +0000] "GET /wp-cron.php HTTP/1.1" 500 2653 "https://commercialphotographyutah.com/wp-admin/plugins.php" "Mozilla/5.0 (Macintosh; Intel Mac OS X 10.15; rv:148.0) Gecko/20100101 Firefox/148.0"
66.249.75.133 - - [18/May/2026:12:34:33 +0000] "GET /items/W894980741/ HTTP/1.1" 500 2653 "-" "Mozilla/5.0 (Linux; Android 6.0.1; Nexus 5X Build/MMB29P) AppleWebKit/537.36 (KHTML, like Gecko) Chrome/148.0.7778.96 Mobile Safari/537.36 (compatible; Googlebot/2.1; +http://www.google.com/bot.html)"
66.249.75.131 - - [18/May/2026:12:35:12 +0000] "GET /items/B126619656/ HTTP/1.1" 500 2653 "-" "Mozilla/5.0 (compatible; Googlebot/2.1; +http://www.google.com/bot.html)"
14.162.133.149 - - [18/May/2026:12:35:49 +0000] "GET /items/J921704958/ HTTP/1.1" 500 2653 "-" "Mozilla/5.0 (Macintosh; Intel Mac OS X 13.3; rv:131.0) Gecko/20100101 Firefox/131.0"
166.70.241.67 - - [18/May/2026:12:37:30 +0000] "GET /wp-cron.php HTTP/1.1" 500 2653 "https://commercialphotographyutah.com/wp-admin/plugins.php" "Mozilla/5.0 (Macintosh; Intel Mac OS X 10.15; rv:148.0) Gecko/20100101 Firefox/148.0"
66.249.75.131 - - [18/May/2026:12:37:38 +0000] "GET /items/R362708539/ HTTP/1.1" 500 2653 "-" "Mozilla/5.0 (Linux; Android 6.0.1; Nexus 5X Build/MMB29P) AppleWebKit/537.36 (KHTML, like Gecko) Chrome/148.0.7778.96 Mobile Safari/537.36 (compatible; Googlebot/2.1; +http://www.google.com/bot.html)"
66.249.75.132 - - [18/May/2026:12:37:52 +0000] "GET /shop/order/make_estimate HTTP/1.1" 500 2653 "-" "Mozilla/5.0 (Linux; Android 6.0.1; Nexus 5X Build/MMB29P) AppleWebKit/537.36 (KHTML, like Gecko) Chrome/148.0.7778.96 Mobile Safari/537.36 (compatible; Googlebot/2.1; +http://www.google.com/bot.html)"
47.128.38.228 - - [18/May/2026:12:38:23 +0000] "GET /items/K623428256/ HTTP/1.1" 500 2653 "-" "Mozilla/5.0 (Linux; Android 5.0) AppleWebKit/537.36 (KHTML, like Gecko) Mobile Safari/537.36 (compatible; Bytespider; spider-feedback@bytedance.com)"
45.74.3.86 - - [18/May/2026:12:38:28 +0000] "GET /contact/ HTTP/1.1" 500 2653 "https://commercialphotographyutah.com/contact/" "Mozilla/5.0 (Windows NT 10.0; Win64; x64) AppleWebKit/537.36 (KHTML, like Gecko) Chrome/129.0.0.0 Safari/537.36"
45.74.3.86 - - [18/May/2026:12:38:29 +0000] "GET / HTTP/1.1" 500 2653 "https://commercialphotographyutah.com/" "Mozilla/5.0 (Windows NT 10.0; Win64; x64) AppleWebKit/537.36 (KHTML, like Gecko) Chrome/129.0.0.0 Safari/537.36"
66.249.75.131 - - [18/May/2026:12:38:42 +0000] "GET /items/C594567665/ HTTP/1.1" 500 2653 "-" "Mozilla/5.0 (Linux; Android 6.0.1; Nexus 5X Build/MMB29P) AppleWebKit/537.36 (KHTML, like Gecko) Chrome/148.0.7778.96 Mobile Safari/537.36 (compatible; Googlebot/2.1; +http://www.google.com/bot.html)"
92.208.220.234 - - [18/May/2026:12:38:58 +0000] "GET /items/J922147948/ HTTP/1.1" 500 2653 "-" "Mozilla/5.0 (Macintosh; Intel Mac OS X 15_2_0) AppleWebKit/537.36 (KHTML, like Gecko) Chrome/125.0.6422.60 Safari/537.36"
66.249.75.133 - - [18/May/2026:12:39:52 +0000] "GET /items/I635783125/ HTTP/1.1" 500 2653 "-" "Mozilla/5.0 (Linux; Android 6.0.1; Nexus 5X Build/MMB29P) AppleWebKit/537.36 (KHTML, like Gecko) Chrome/148.0.7778.96 Mobile Safari/537.36 (compatible; Googlebot/2.1; +http://www.google.com/bot.html)"
87.250.224.106 - - [18/May/2026:12:40:16 +0000] "GET /robots.txt HTTP/1.1" 304 - "-" "Mozilla/5.0 (compatible; YandexBot/3.0; +http://yandex.com/bots)"
66.249.75.133 - - [18/May/2026:12:40:52 +0000] "GET /portfolio/ HTTP/1.1" 500 2653 "-" "Mozilla/5.0 (Linux; Android 6.0.1; Nexus 5X Build/MMB29P) AppleWebKit/537.36 (KHTML, like Gecko) Chrome/148.0.7778.96 Mobile Safari/537.36 (compatible; Googlebot/2.1; +http://www.google.com/bot.html)"
166.70.241.67 - - [18/May/2026:12:41:01 +0000] "GET /wp-cron.php HTTP/1.1" 500 2653 "https://commercialphotographyutah.com/wp-admin/plugins.php" "Mozilla/5.0 (Macintosh; Intel Mac OS X 10.15; rv:148.0) Gecko/20100101 Firefox/148.0"
66.249.75.133 - - [18/May/2026:12:41:04 +0000] "GET /items/D001551530/ HTTP/1.1" 500 2653 "-" "Mozilla/5.0 (compatible; Googlebot/2.1; +http://www.google.com/bot.html)"
52.167.144.16 - - [18/May/2026:12:41:18 +0000] "GET /wp-content/uploads/2022/12/Z72_6602-Edit-1300x1469.jpg HTTP/1.1" 200 547618 "-" "Mozilla/5.0 AppleWebKit/537.36 (KHTML, like Gecko; compatible; bingbot/2.0; +http://www.bing.com/bingbot.htm) Chrome/116.0.1938.76 Safari/537.36"
80.183.101.49 - - [18/May/2026:12:42:06 +0000] "GET /items/J922408375/ HTTP/1.1" 500 2653 "-" "Mozilla/5.0 (Macintosh; Intel Mac OS X 12_1_0) AppleWebKit/537.36 (KHTML, like Gecko) Chrome/128.0.6613.137 Safari/537.36"
66.249.75.132 - - [18/May/2026:12:42:12 +0000] "GET /items/O555819680/ HTTP/1.1" 500 2653 "-" "Mozilla/5.0 (compatible; Googlebot/2.1; +http://www.google.com/bot.html)"
66.249.75.131 - - [18/May/2026:12:42:27 +0000] "GET /items/P223413740/ HTTP/1.1" 500 2653 "-" "Mozilla/5.0 (Linux; Android 6.0.1; Nexus 5X Build/MMB29P) AppleWebKit/537.36 (KHTML, like Gecko) Chrome/148.0.7778.96 Mobile Safari/537.36 (compatible; Googlebot/2.1; +http://www.google.com/bot.html)"
66.249.75.131 - - [18/May/2026:12:42:28 +0000] "GET /items/P223413740/ HTTP/1.1" 500 2653 "-" "Mozilla/5.0 (Linux; Android 6.0.1; Nexus 5X Build/MMB29P) AppleWebKit/537.36 (KHTML, like Gecko) Chrome/148.0.7778.96 Mobile Safari/537.36 (compatible; Googlebot/2.1; +http://www.google.com/bot.html)"
66.249.75.133 - - [18/May/2026:12:43:05 +0000] "GET /items/P031853365/ HTTP/1.1" 500 2653 "-" "Mozilla/5.0 (Linux; Android 6.0.1; Nexus 5X Build/MMB29P) AppleWebKit/537.36 (KHTML, like Gecko) Chrome/148.0.7778.96 Mobile Safari/537.36 (compatible; Googlebot/2.1; +http://www.google.com/bot.html)"
47.128.38.184 - - [18/May/2026:12:43:40 +0000] "GET /items/K625558681/ HTTP/1.1" 500 2653 "-" "Mozilla/5.0 (Linux; Android 5.0) AppleWebKit/537.36 (KHTML, like Gecko) Mobile Safari/537.36 (compatible; Bytespider; spider-feedback@bytedance.com)"
66.249.75.131 - - [18/May/2026:12:43:53 +0000] "GET /items/X606741167/ HTTP/1.1" 500 2653 "-" "Mozilla/5.0 (Linux; Android 6.0.1; Nexus 5X Build/MMB29P) AppleWebKit/537.36 (KHTML, like Gecko) Chrome/148.0.7778.96 Mobile Safari/537.36 (compatible; Googlebot/2.1; +http://www.google.com/bot.html)"
166.70.241.67 - - [18/May/2026:12:44:31 +0000] "GET /wp-cron.php HTTP/1.1" 500 2653 "https://commercialphotographyutah.com/wp-admin/plugins.php" "Mozilla/5.0 (Macintosh; Intel Mac OS X 10.15; rv:148.0) Gecko/20100101 Firefox/148.0"
66.249.75.131 - - [18/May/2026:12:44:50 +0000] "GET /items/G241402819/ HTTP/1.1" 500 2653 "-" "Mozilla/5.0 (compatible; Googlebot/2.1; +http://www.google.com/bot.html)"
79.116.237.42 - - [18/May/2026:12:45:16 +0000] "GET /items/J922515023/ HTTP/1.1" 500 2653 "-" "Mozilla/5.0 (Macintosh; Intel Mac OS X 15_3_1) AppleWebKit/537.36 (KHTML, like Gecko) Chrome/125.0.6422.176 Safari/537.36"
47.128.38.180 - - [18/May/2026:12:47:41 +0000] "GET /contents/event/kansyasai/ HTTP/1.1" 500 2653 "-" "Mozilla/5.0 (Linux; Android 5.0) AppleWebKit/537.36 (KHTML, like Gecko) Mobile Safari/537.36 (compatible; Bytespider; spider-feedback@bytedance.com)"
144.76.19.27 - - [18/May/2026:12:47:54 +0000] "GET /items/J924565149/ HTTP/1.1" 500 2653 "-" "Mozilla/5.0 (compatible; SERankingBacklinksBot/1.0; +https://seranking.com/backlinks-crawler)"
166.70.241.67 - - [18/May/2026:12:48:02 +0000] "GET /wp-cron.php HTTP/1.1" 500 2653 "https://commercialphotographyutah.com/wp-admin/plugins.php" "Mozilla/5.0 (Macintosh; Intel Mac OS X 10.15; rv:148.0) Gecko/20100101 Firefox/148.0"
66.249.75.132 - - [18/May/2026:12:48:09 +0000] "GET /gallery/zion/ HTTP/1.1" 500 2653 "-" "Mozilla/5.0 (Linux; Android 6.0.1; Nexus 5X Build/MMB29P) AppleWebKit/537.36 (KHTML, like Gecko) Chrome/148.0.7778.96 Mobile Safari/537.36 (compatible; Googlebot/2.1; +http://www.google.com/bot.html)"
14.183.140.154 - - [18/May/2026:12:48:24 +0000] "GET /items/J922616909/ HTTP/1.1" 500 2653 "-" "Mozilla/5.0 (Macintosh; U; PPC Mac OS X; it-it) AppleWebKit/419 (KHTML, like Gecko) Safari/419.3"
66.249.91.197 - - [18/May/2026:12:49:30 +0000] "GET /apple-app-site-association HTTP/1.1" 500 2653 "-" "Mozilla/5.0 (Linux; Android 6.0.1; Nexus 5X Build/MMB29P) AppleWebKit/537.36 (KHTML, like Gecko) Chrome/148.0.7778.96 Mobile Safari/537.36 (compatible; AdsBot-Google-Mobile; +http://www.google.com/mobile/adsbot.html)"
166.70.241.67 - - [18/May/2026:12:51:33 +0000] "GET /wp-cron.php HTTP/1.1" 500 2653 "https://commercialphotographyutah.com/wp-admin/plugins.php" "Mozilla/5.0 (Macintosh; Intel Mac OS X 10.15; rv:148.0) Gecko/20100101 Firefox/148.0"
77.20.31.227 - - [18/May/2026:12:51:34 +0000] "GET /items/J922920444/ HTTP/1.1" 500 2653 "-" "Mozilla/5.0 (Macintosh; Intel Mac OS X 13.1; rv:126.0) Gecko/20100101 Firefox/126.0"
66.249.75.132 - - [18/May/2026:12:52:23 +0000] "GET /items/P223413740/ HTTP/1.1" 500 2653 "-" "Mozilla/5.0 (Linux; Android 6.0.1; Nexus 5X Build/MMB29P) AppleWebKit/537.36 (KHTML, like Gecko) Chrome/148.0.7778.96 Mobile Safari/537.36 (compatible; Googlebot/2.1; +http://www.google.com/bot.html)"
186.48.124.8 - - [18/May/2026:12:54:43 +0000] "GET /items/J923299359/ HTTP/1.1" 500 2653 "-" "Mozilla/5.0 (Windows NT 10.0; Win64; x64) AppleWebKit/537.36 (KHTML, like Gecko) Chrome/130.0.6723.69 Safari/537.36"
166.70.241.67 - - [18/May/2026:12:55:03 +0000] "GET /wp-cron.php HTTP/1.1" 500 2653 "https://commercialphotographyutah.com/wp-admin/plugins.php" "Mozilla/5.0 (Macintosh; Intel Mac OS X 10.15; rv:148.0) Gecko/20100101 Firefox/148.0"
66.249.75.132 - - [18/May/2026:12:56:54 +0000] "GET /items/O096514099/ HTTP/1.1" 500 2653 "-" "Mozilla/5.0 (compatible; Googlebot/2.1; +http://www.google.com/bot.html)"
66.249.91.195 - - [18/May/2026:12:57:00 +0000] "GET /apple-app-site-association HTTP/1.1" 500 2653 "-" "Mozilla/5.0 (Linux; Android 6.0.1; Nexus 5X Build/MMB29P) AppleWebKit/537.36 (KHTML, like Gecko) Chrome/148.0.7778.96 Mobile Safari/537.36 (compatible; AdsBot-Google-Mobile; +http://www.google.com/mobile/adsbot.html)"
95.161.140.15 - - [18/May/2026:12:57:53 +0000] "GET /items/J923684527/ HTTP/1.1" 500 2653 "-" "Mozilla/5.0 (Windows NT 10.0; Win64; x64) AppleWebKit/537.36 (KHTML, like Gecko) Chrome/126.0.6478.55 Safari/537.36"
