65.21.113.250 - - [19/May/2026:11:18:09 +0000] "GET /cartoons/Other_Studios/R/Rankin_Bass_Productions/The_Comic_Strip/Karate_Kat/ HTTP/1.1" 500 - "-" "Mozilla/5.0 (compatible; AwarioBot/1.0; +https://awario.com/bots.html)"
65.21.113.250 - - [19/May/2026:11:18:09 +0000] "GET /cartoon_synopsis/46-Oliver_&_Company.html HTTP/1.1" 500 - "-" "Mozilla/5.0 (compatible; AwarioBot/1.0; +https://awario.com/bots.html)"
65.21.113.250 - - [19/May/2026:11:18:12 +0000] "GET /cartoons/Walt_Disney_Studios/Television/Gargoyles/ HTTP/1.1" 500 - "-" "Mozilla/5.0 (compatible; AwarioBot/1.0; +https://awario.com/bots.html)"
65.21.113.250 - - [19/May/2026:11:18:13 +0000] "GET /cartoons/20th_Century_Fox/Television/Family_Guy/index.html HTTP/1.1" 500 - "-" "Mozilla/5.0 (compatible; AwarioBot/1.0; +https://awario.com/bots.html)"
65.21.113.250 - - [19/May/2026:11:18:15 +0000] "GET /cartoons/Universal_Studios/Shorts/ HTTP/1.1" 500 - "-" "Mozilla/5.0 (compatible; AwarioBot/1.0; +https://awario.com/bots.html)"
213.186.1.154 - - [19/May/2026:11:18:17 +0000] "GET /cartoons/MGM/index.html HTTP/1.1" 500 - "-" "Mediatoolkitbot (complaints@mediatoolkit.com)"
65.21.113.250 - - [19/May/2026:11:18:17 +0000] "GET /cartoons/Columbia_Pictures/Television/Jackie_Chan_Adventures/index.html HTTP/1.1" 500 - "-" "Mozilla/5.0 (compatible; AwarioBot/1.0; +https://awario.com/bots.html)"
65.21.113.250 - - [19/May/2026:11:18:18 +0000] "GET /pages/Other_Studios/D/DePatie-Freleng_Enterprises/Super_President/Super_President/index.html HTTP/1.1" 500 - "-" "Mozilla/5.0 (compatible; AwarioBot/1.0; +https://awario.com/bots.html)"
65.21.113.250 - - [19/May/2026:11:18:21 +0000] "GET /cartoon/14426-Yakky_Doodle.html HTTP/1.1" 500 - "-" "Mozilla/5.0 (compatible; AwarioBot/1.0; +https://awario.com/bots.html)"
65.21.113.250 - - [19/May/2026:11:18:21 +0000] "GET /cartoons/Columbia_Pictures/Television/Jumanji/index.html HTTP/1.1" 500 - "-" "Mozilla/5.0 (compatible; AwarioBot/1.0; +https://awario.com/bots.html)"
65.21.113.250 - - [19/May/2026:11:18:23 +0000] "GET /cartoon/6828-Cro_Magnum_P.I..html HTTP/1.1" 500 - "-" "Mozilla/5.0 (compatible; AwarioBot/1.0; +https://awario.com/bots.html)"
65.21.113.250 - - [19/May/2026:11:18:25 +0000] "GET /cartoons/Columbia_Pictures/UPA/Mister_Magoo/ HTTP/1.1" 500 - "-" "Mozilla/5.0 (compatible; AwarioBot/1.0; +https://awario.com/bots.html)"
65.21.113.250 - - [19/May/2026:11:18:26 +0000] "GET /cartoons/Walt_Disney_Studios/Television/Raw_Toonage/Totally_Tasteless_Videos/index.html HTTP/1.1" 500 - "-" "Mozilla/5.0 (compatible; AwarioBot/1.0; +https://awario.com/bots.html)"
65.21.113.250 - - [19/May/2026:11:18:28 +0000] "GET /cartoons/Columbia_Pictures/UPA/Television/The_Dick_Tracy_Show/ HTTP/1.1" 500 - "-" "Mozilla/5.0 (compatible; AwarioBot/1.0; +https://awario.com/bots.html)"
65.21.113.250 - - [19/May/2026:11:18:29 +0000] "GET /cartoons/Filmation_Associates/H-R/Lassie_s_Rescue_Rangers/index.html HTTP/1.1" 500 - "-" "Mozilla/5.0 (compatible; AwarioBot/1.0; +https://awario.com/bots.html)"
65.21.113.250 - - [19/May/2026:11:18:31 +0000] "GET /bcdb/cartoon.cgi?film=59552&m=c HTTP/1.1" 500 - "-" "Mozilla/5.0 (compatible; AwarioBot/1.0; +https://awario.com/bots.html)"
65.21.113.250 - - [19/May/2026:11:18:33 +0000] "GET /cartoons/Filmation_Associates/A-G/Fat_Albert_and_the_Cosby_Kids/index.html HTTP/1.1" 500 - "-" "Mozilla/5.0 (compatible; AwarioBot/1.0; +https://awario.com/bots.html)"
65.21.113.250 - - [19/May/2026:11:18:33 +0000] "GET /bcdb/detailed.cgi?film=5883&p=c HTTP/1.1" 500 - "-" "Mozilla/5.0 (compatible; AwarioBot/1.0; +https://awario.com/bots.html)"
65.21.113.250 - - [19/May/2026:11:18:36 +0000] "GET /bcdb/search.cgi HTTP/1.1" 500 - "-" "Mozilla/5.0 (compatible; AwarioBot/1.0; +https://awario.com/bots.html)"
65.21.113.250 - - [19/May/2026:11:18:36 +0000] "GET /cartoons/Filmation_Associates/A-G/The_Groovie_Goolies_and_Friends/Wacky___Packy/ HTTP/1.1" 500 - "-" "Mozilla/5.0 (compatible; AwarioBot/1.0; +https://awario.com/bots.html)"
65.21.113.250 - - [19/May/2026:11:18:37 +0000] "GET /cartoon_information/58021-Space_Strikers_%28Series%29.html HTTP/1.1" 500 - "-" "Mozilla/5.0 (compatible; AwarioBot/1.0; +https://awario.com/bots.html)"
65.21.113.250 - - [19/May/2026:11:18:39 +0000] "GET /cartoons/Columbia_Pictures/Adelaide_Productions/Roughnecks__Starship_Troopers_Chronicles/more3.html HTTP/1.1" 500 - "-" "Mozilla/5.0 (compatible; AwarioBot/1.0; +https://awario.com/bots.html)"
65.21.113.250 - - [19/May/2026:11:18:40 +0000] "GET /cartoons/Filmation_Associates/H-R/Journey_to_the_Center_of_the_Earth/index.html HTTP/1.1" 500 - "-" "Mozilla/5.0 (compatible; AwarioBot/1.0; +https://awario.com/bots.html)"
65.21.113.250 - - [19/May/2026:11:18:41 +0000] "GET /cartoons/Walt_Disney_Studios/Television/The_Lion_King_s_Timon_and_Pumbaa/ HTTP/1.1" 500 - "-" "Mozilla/5.0 (compatible; AwarioBot/1.0; +https://awario.com/bots.html)"
65.21.113.250 - - [19/May/2026:11:18:44 +0000] "GET /pages/Warner_Bros_/Television/Batman/Batman_Beyond/ HTTP/1.1" 500 - "-" "Mozilla/5.0 (compatible; AwarioBot/1.0; +https://awario.com/bots.html)"
65.21.113.250 - - [19/May/2026:11:18:44 +0000] "GET /cartoons/Filmation_Associates/H-R/The_New_Adventures_of_Flash_Gordon/index.html HTTP/1.1" 500 - "-" "Mozilla/5.0 (compatible; AwarioBot/1.0; +https://awario.com/bots.html)"
65.21.113.250 - - [19/May/2026:11:18:47 +0000] "GET /cartoon_video/538-Hillbilly_Hare.html HTTP/1.1" 500 - "-" "Mozilla/5.0 (compatible; AwarioBot/1.0; +https://awario.com/bots.html)"
65.21.113.250 - - [19/May/2026:11:18:48 +0000] "GET /cartoons/Filmation_Associates/H-R/The_New_Archie-Sabrina_Show/ HTTP/1.1" 500 - "-" "Mozilla/5.0 (compatible; AwarioBot/1.0; +https://awario.com/bots.html)"
3.89.176.255 - - [19/May/2026:11:18:50 +0000] "GET /bcdb/cartoon.cgi?film=23333 HTTP/1.1" 500 - "-" "Mozilla/5.0 AppleWebKit/537.36 (KHTML, like Gecko; compatible; Amazonbot/0.1; +https://developer.amazon.com/support/amazonbot) Chrome/119.0.6045.214 Safari/537.36"
65.21.113.250 - - [19/May/2026:11:18:52 +0000] "GET /cartoons/Hanna-Barbera_Studios/A-C/Birdman_and_the_Galaxy_Trio/Galaxy_Trio/ HTTP/1.1" 500 - "-" "Mozilla/5.0 (compatible; AwarioBot/1.0; +https://awario.com/bots.html)"
23.23.103.31 - - [19/May/2026:11:18:54 +0000] "GET /cartoons/Hanna-Barbera_Studios/U-Z/The_Yogi_Bear_Show/Snagglepuss/index.html HTTP/1.1" 500 - "-" "Mozilla/5.0 AppleWebKit/537.36 (KHTML, like Gecko; compatible; Amazonbot/0.1; +https://developer.amazon.com/support/amazonbot) Chrome/119.0.6045.214 Safari/537.36"
65.21.113.250 - - [19/May/2026:11:18:56 +0000] "GET /cartoons/Hanna-Barbera_Studios/A-C/Butch_Cassidy_and_the_Sundance_Kids/index.html HTTP/1.1" 500 - "-" "Mozilla/5.0 (compatible; AwarioBot/1.0; +https://awario.com/bots.html)"
104.244.231.198 - - [19/May/2026:11:19:01 +0000] "GET /cartoon/68608-Cosmic_Cake.html HTTP/1.1" 500 - "-" "Mozilla/5.0 (Windows NT 10.0; WOW64) AppleWebKit/537.36 (KHTML, like Gecko) Chrome/66.0.3359.158 Safari/537.36"
65.21.113.250 - - [19/May/2026:11:19:01 +0000] "GET /cartoons/Hanna-Barbera_Studios/A-C/Captain_Caveman_and_the_Teen_Angels/ HTTP/1.1" 500 - "-" "Mozilla/5.0 (compatible; AwarioBot/1.0; +https://awario.com/bots.html)"
65.21.113.250 - - [19/May/2026:11:19:06 +0000] "GET /cartoons/Hanna-Barbera_Studios/A-C/Cow_and_Chicken/Cow_and_Chicken/index.html HTTP/1.1" 500 - "-" "Mozilla/5.0 (compatible; AwarioBot/1.0; +https://awario.com/bots.html)"
65.21.113.250 - - [19/May/2026:11:19:10 +0000] "GET /cartoons/Hanna-Barbera_Studios/A-C/Cow_and_Chicken/I__M__Weasel/index.html HTTP/1.1" 500 - "-" "Mozilla/5.0 (compatible; AwarioBot/1.0; +https://awario.com/bots.html)"
65.21.113.250 - - [19/May/2026:11:19:14 +0000] "GET /cartoons/Hanna-Barbera_Studios/A-C/The_Adventures_of_Gulliver/index.html HTTP/1.1" 500 - "-" "Mozilla/5.0 (compatible; AwarioBot/1.0; +https://awario.com/bots.html)"
65.21.113.250 - - [19/May/2026:11:19:17 +0000] "GET /cartoons/Hanna-Barbera_Studios/A-C/The_Atom_Ant__047_Secret_Squirrel_Show/Atom_Ant/index.html HTTP/1.1" 500 - "-" "Mozilla/5.0 (compatible; AwarioBot/1.0; +https://awario.com/bots.html)"
65.21.113.250 - - [19/May/2026:11:19:21 +0000] "GET /robots.txt HTTP/1.1" 500 - "-" "Mozilla/5.0 (compatible; AwarioBot/1.0; +https://awario.com/bots.html)"
65.21.113.250 - - [19/May/2026:11:19:21 +0000] "GET /cartoons/Hanna-Barbera_Studios/A-C/The_Atom_Ant__047_Secret_Squirrel_Show/The_Hillbilly_Bears/ HTTP/1.1" 500 - "-" "Mozilla/5.0 (compatible; AwarioBot/1.0; +https://awario.com/bots.html)"
65.21.113.250 - - [19/May/2026:11:19:25 +0000] "GET /cartoons/Hanna-Barbera_Studios/A-C/The_Banana_Splits_Adventure_Hour/ HTTP/1.1" 500 - "-" "Mozilla/5.0 (compatible; AwarioBot/1.0; +https://awario.com/bots.html)"
65.21.113.250 - - [19/May/2026:11:19:28 +0000] "GET /cartoons/Hanna-Barbera_Studios/D-F/Devlin/ HTTP/1.1" 500 - "-" "Mozilla/5.0 (compatible; AwarioBot/1.0; +https://awario.com/bots.html)"
65.21.113.250 - - [19/May/2026:11:19:31 +0000] "GET /cartoons/Hanna-Barbera_Studios/D-F/Dexter_s_Laboratory/Dial_M_For_Monkey/ HTTP/1.1" 500 - "-" "Mozilla/5.0 (compatible; AwarioBot/1.0; +https://awario.com/bots.html)"
65.21.113.250 - - [19/May/2026:11:19:34 +0000] "GET /cartoons/Hanna-Barbera_Studios/D-F/Dumb_and_Dumber/index.html HTTP/1.1" 500 - "-" "Mozilla/5.0 (compatible; AwarioBot/1.0; +https://awario.com/bots.html)"
65.21.113.250 - - [19/May/2026:11:19:38 +0000] "GET /cartoons/Hanna-Barbera_Studios/D-F/Fantastic_Four/index.html HTTP/1.1" 500 - "-" "Mozilla/5.0 (compatible; AwarioBot/1.0; +https://awario.com/bots.html)"
65.21.113.250 - - [19/May/2026:11:19:42 +0000] "GET /cartoons/Hanna-Barbera_Studios/D-F/Foofur/index.html HTTP/1.1" 500 - "-" "Mozilla/5.0 (compatible; AwarioBot/1.0; +https://awario.com/bots.html)"
65.21.113.250 - - [19/May/2026:11:19:45 +0000] "GET /cartoons/Hanna-Barbera_Studios/D-F/Frankenstein_Jr__and_The_Impossibles/Frankenstein_Jr_/ HTTP/1.1" 500 - "-" "Mozilla/5.0 (compatible; AwarioBot/1.0; +https://awario.com/bots.html)"
65.21.113.250 - - [19/May/2026:11:19:49 +0000] "GET /cartoons/Hanna-Barbera_Studios/D-F/The_Flintstones/index.html HTTP/1.1" 500 - "-" "Mozilla/5.0 (compatible; AwarioBot/1.0; +https://awario.com/bots.html)"
65.21.113.250 - - [19/May/2026:11:19:52 +0000] "GET /cartoons/Hanna-Barbera_Studios/D-F/The_Funtastic_World_of_Hanna-Barbera/Galtar_and_the_Golden_Lance/ HTTP/1.1" 500 - "-" "Mozilla/5.0 (compatible; AwarioBot/1.0; +https://awario.com/bots.html)"
65.21.113.250 - - [19/May/2026:11:19:58 +0000] "GET /cartoons/Hanna-Barbera_Studios/D-F/The_Funtastic_World_of_Hanna-Barbera/Sky_Commanders/ HTTP/1.1" 500 - "-" "Mozilla/5.0 (compatible; AwarioBot/1.0; +https://awario.com/bots.html)"
65.21.113.250 - - [19/May/2026:11:20:03 +0000] "GET /cartoons/Hanna-Barbera_Studios/G-J/Gravedale_High/ HTTP/1.1" 500 - "-" "Mozilla/5.0 (compatible; AwarioBot/1.0; +https://awario.com/bots.html)"
65.21.113.250 - - [19/May/2026:11:20:09 +0000] "GET /cartoons/Hanna-Barbera_Studios/G-J/Hong_Kong_Phooey/index.html HTTP/1.1" 500 - "-" "Mozilla/5.0 (compatible; AwarioBot/1.0; +https://awario.com/bots.html)"
65.21.113.250 - - [19/May/2026:11:20:13 +0000] "GET /cartoons/Hanna-Barbera_Studios/G-J/Jabberjaw/index.html HTTP/1.1" 500 - "-" "Mozilla/5.0 (compatible; AwarioBot/1.0; +https://awario.com/bots.html)"
65.21.113.250 - - [19/May/2026:11:20:16 +0000] "GET /cartoons/Hanna-Barbera_Studios/G-J/Jonny_Quest__The_Real_Adventures/index.html HTTP/1.1" 500 - "-" "Mozilla/5.0 (compatible; AwarioBot/1.0; +https://awario.com/bots.html)"
65.21.113.250 - - [19/May/2026:11:20:19 +0000] "GET /cartoons/Hanna-Barbera_Studios/G-J/The_Huckleberry_Hound_Show/Huckleberry_Hound/ HTTP/1.1" 500 - "-" "Mozilla/5.0 (compatible; AwarioBot/1.0; +https://awario.com/bots.html)"
65.21.113.250 - - [19/May/2026:11:20:24 +0000] "GET /cartoons/Hanna-Barbera_Studios/G-J/The_Jetsons/index.html HTTP/1.1" 500 - "-" "Mozilla/5.0 (compatible; AwarioBot/1.0; +https://awario.com/bots.html)"
65.21.113.250 - - [19/May/2026:11:20:27 +0000] "GET /cartoons/Hanna-Barbera_Studios/K-O/Laurel_and_Hardy/index.html HTTP/1.1" 500 - "-" "Mozilla/5.0 (compatible; AwarioBot/1.0; +https://awario.com/bots.html)"
65.21.113.250 - - [19/May/2026:11:20:31 +0000] "GET /cartoons/Hanna-Barbera_Studios/K-O/The_New_Adventures_of_Huckleberry_Finn/index.html HTTP/1.1" 500 - "-" "Mozilla/5.0 (compatible; AwarioBot/1.0; +https://awario.com/bots.html)"
54.236.1.52 - - [19/May/2026:11:20:32 +0000] "GET /cartoons/Other_Studios/Q/Q-3_London/Crystal_Tipps_And_Alistair/index.html HTTP/1.1" 500 - "-" "Mozilla/5.0 (compatible; Pinterestbot/1.0; +http://www.pinterest.com/bot.html)"
65.21.113.250 - - [19/May/2026:11:20:35 +0000] "GET /cartoons/Hanna-Barbera_Studios/P-R/Pound_Puppies/index.html HTTP/1.1" 500 - "-" "Mozilla/5.0 (compatible; AwarioBot/1.0; +https://awario.com/bots.html)"
65.21.113.250 - - [19/May/2026:11:20:38 +0000] "GET /cartoons/Hanna-Barbera_Studios/S/The_Secret_Squirrel_Show/index.html HTTP/1.1" 500 - "-" "Mozilla/5.0 (compatible; AwarioBot/1.0; +https://awario.com/bots.html)"
65.21.113.250 - - [19/May/2026:11:20:53 +0000] "GET /cartoons/MGM/Television/All_Dogs_Go_To_Heaven/index.html HTTP/1.1" 500 - "-" "Mozilla/5.0 (compatible; AwarioBot/1.0; +https://awario.com/bots.html)"
116.179.32.31 - - [19/May/2026:11:21:15 +0000] "GET / HTTP/1.1" 500 - "-" "Mozilla/5.0 (compatible; Baiduspider/2.0; +http://www.baidu.com/search/spider.html)"
65.21.113.250 - - [19/May/2026:11:21:26 +0000] "GET /robots.txt HTTP/1.1" 500 - "-" "Mozilla/5.0 (compatible; AwarioBot/1.0; +https://awario.com/bots.html)"
65.21.113.250 - - [19/May/2026:11:21:26 +0000] "GET /cartoons/MGM/Television/The_Pink_Panther/index.html HTTP/1.1" 500 - "-" "Mozilla/5.0 (compatible; AwarioBot/1.0; +https://awario.com/bots.html)"
65.21.113.250 - - [19/May/2026:11:21:29 +0000] "GET /robots.txt HTTP/1.1" 500 - "-" "Mozilla/5.0 (compatible; AwarioBot/1.0; +https://awario.com/bots.html)"
65.21.113.250 - - [19/May/2026:11:21:30 +0000] "GET /cartoons/Other_Studios/A/Aardman_Animations/Chop_Socky_Chooks/ HTTP/1.1" 500 - "-" "Mozilla/5.0 (compatible; AwarioBot/1.0; +https://awario.com/bots.html)"
65.21.113.250 - - [19/May/2026:11:21:36 +0000] "GET /cartoons/Other_Studios/B/B-_Miscellany/Blueprint_Entertainment/Iggy_Arbuckle/index.html HTTP/1.1" 500 - "-" "Mozilla/5.0 (compatible; AwarioBot/1.0; +https://awario.com/bots.html)"
65.21.113.250 - - [19/May/2026:11:21:39 +0000] "GET /cartoons/Other_Studios/C/C-_Miscellany/Creative_Graphics/Honk__Toot__amp__Swo-Swoosh/ HTTP/1.1" 500 - "-" "Mozilla/5.0 (compatible; AwarioBot/1.0; +https://awario.com/bots.html)"
65.21.113.250 - - [19/May/2026:11:21:42 +0000] "GET /cartoons/Other_Studios/C/CINAR_Animation/Albert_le_5_me_Mousquetaire/more2.html HTTP/1.1" 500 - "-" "Mozilla/5.0 (compatible; AwarioBot/1.0; +https://awario.com/bots.html)"
65.21.113.250 - - [19/May/2026:11:21:46 +0000] "GET /cartoons/Other_Studios/C/CINAR_Animation/Animal_Crackers/ HTTP/1.1" 500 - "-" "Mozilla/5.0 (compatible; AwarioBot/1.0; +https://awario.com/bots.html)"
65.21.113.250 - - [19/May/2026:11:21:51 +0000] "GET /cartoons/Other_Studios/C/CINAR_Animation/Madeline/ HTTP/1.1" 500 - "-" "Mozilla/5.0 (compatible; AwarioBot/1.0; +https://awario.com/bots.html)"
65.21.113.250 - - [19/May/2026:11:21:54 +0000] "GET /cartoons/Other_Studios/C/CINAR_Animation/The_Adventures_of_Paddington_Bear/ HTTP/1.1" 500 - "-" "Mozilla/5.0 (compatible; AwarioBot/1.0; +https://awario.com/bots.html)"
65.21.113.250 - - [19/May/2026:11:21:58 +0000] "GET /cartoons/Other_Studios/C/Cartoon_Network_Studios/Class_of_3000/ HTTP/1.1" 500 - "-" "Mozilla/5.0 (compatible; AwarioBot/1.0; +https://awario.com/bots.html)"
151.241.119.160 - - [19/May/2026:11:22:02 +0000] "GET /bcdb/detailed.cgi?film=3765 HTTP/1.1" 500 - "-" "Mozilla/5.0 (Macintosh; Intel Mac OS X 10_15_7) AppleWebKit/605.1.15 (KHTML, like Gecko)"
151.241.119.160 - - [19/May/2026:11:22:02 +0000] "GET /favicon.ico HTTP/1.1" 500 - "-" "Mozilla/5.0 (Macintosh; Intel Mac OS X 10_15_7) AppleWebKit/605.1.15 (KHTML, like Gecko) Safari"
151.241.119.160 - - [19/May/2026:11:22:02 +0000] "GET /favicon.ico HTTP/1.1" 500 - "-" "Mozilla/5.0 (Macintosh; Intel Mac OS X 10_15_7) AppleWebKit/605.1.15 (KHTML, like Gecko) Safari"
65.21.113.250 - - [19/May/2026:11:22:04 +0000] "GET /cartoons/Other_Studios/C/Cartoon_Network_Studios/Megas_XLR/ HTTP/1.1" 500 - "-" "Mozilla/5.0 (compatible; AwarioBot/1.0; +https://awario.com/bots.html)"
65.21.113.250 - - [19/May/2026:11:22:09 +0000] "GET /cartoons/Other_Studios/C/Cartoon_Network_Studios/My_Gym_Partner_s_A_Monkey/index.html HTTP/1.1" 500 - "-" "Mozilla/5.0 (compatible; AwarioBot/1.0; +https://awario.com/bots.html)"
65.21.113.250 - - [19/May/2026:11:22:13 +0000] "GET /cartoons/Other_Studios/C/Cartoon_Network_Studios/Squirrel_Boy/ HTTP/1.1" 500 - "-" "Mozilla/5.0 (compatible; AwarioBot/1.0; +https://awario.com/bots.html)"
65.21.113.250 - - [19/May/2026:11:22:17 +0000] "GET /cartoons/Other_Studios/C/Cartoon_Network_Studios/The_Marvelous_Misadventures_Of_Flapjack/index.html HTTP/1.1" 500 - "-" "Mozilla/5.0 (compatible; AwarioBot/1.0; +https://awario.com/bots.html)"
65.21.113.250 - - [19/May/2026:11:22:22 +0000] "GET /cartoons/Other_Studios/C/Clokey_Productions/The_Gumby_Show/ HTTP/1.1" 500 - "-" "Mozilla/5.0 (compatible; AwarioBot/1.0; +https://awario.com/bots.html)"
65.21.113.250 - - [19/May/2026:11:22:25 +0000] "GET /cartoons/Other_Studios/C/Cookie_Jar_Entertainment/Potatoes_and_Dragons/ HTTP/1.1" 500 - "-" "Mozilla/5.0 (compatible; AwarioBot/1.0; +https://awario.com/bots.html)"
65.21.113.250 - - [19/May/2026:11:22:29 +0000] "GET /cartoons/Other_Studios/C/Cosgrove_Hall_Films/Fetch_the_Vet/ HTTP/1.1" 500 - "-" "Mozilla/5.0 (compatible; AwarioBot/1.0; +https://awario.com/bots.html)"
74.7.242.151 - - [19/May/2026:11:22:29 +0000] "GET /sitemap-index.xml.gz HTTP/1.1" 500 - "-" "Mozilla/5.0 (Macintosh; Intel Mac OS X 10_15_7) AppleWebKit/537.36 (KHTML, like Gecko) Chrome/131.0.0.0 Safari/537.36; compatible; OAI-SearchBot/1.3; +https://openai.com/searchbot"
65.21.113.250 - - [19/May/2026:11:22:32 +0000] "GET /cartoons/Other_Studios/D/DePatie-Freleng_Enterprises/The_All-New_Pink_Panther_Show/Crazylegs_Crane/ HTTP/1.1" 500 - "-" "Mozilla/5.0 (compatible; AwarioBot/1.0; +https://awario.com/bots.html)"
65.21.113.250 - - [19/May/2026:11:22:35 +0000] "GET /cartoons/Other_Studios/D/DePatie-Freleng_Enterprises/The_Ant_and_the_Aardvark/ HTTP/1.1" 500 - "-" "Mozilla/5.0 (compatible; AwarioBot/1.0; +https://awario.com/bots.html)"
65.21.113.250 - - [19/May/2026:11:22:38 +0000] "GET /cartoons/Other_Studios/D/DePatie-Freleng_Enterprises/The_Blue_Racer/ HTTP/1.1" 500 - "-" "Mozilla/5.0 (compatible; AwarioBot/1.0; +https://awario.com/bots.html)"
65.21.113.250 - - [19/May/2026:11:22:43 +0000] "GET /cartoons/Other_Studios/D/DePatie-Freleng_Enterprises/The_Houndcats/ HTTP/1.1" 500 - "-" "Mozilla/5.0 (compatible; AwarioBot/1.0; +https://awario.com/bots.html)"
65.21.113.250 - - [19/May/2026:11:22:45 +0000] "GET /cartoons/Other_Studios/D/Decode_Entertainment/Angela_Anaconda/ HTTP/1.1" 500 - "-" "Mozilla/5.0 (compatible; AwarioBot/1.0; +https://awario.com/bots.html)"
213.186.1.154 - - [19/May/2026:11:22:46 +0000] "GET /cartoon/3025-Red_Hot_Riding_Hood.html HTTP/1.1" 500 - "-" "Mediatoolkitbot (complaints@mediatoolkit.com)"
65.21.113.250 - - [19/May/2026:11:22:49 +0000] "GET /cartoons/Other_Studios/D/Decode_Entertainment/Delilah__amp__Julius/index.html HTTP/1.1" 500 - "-" "Mozilla/5.0 (compatible; AwarioBot/1.0; +https://awario.com/bots.html)"
65.21.113.250 - - [19/May/2026:11:22:51 +0000] "GET /cartoons/Other_Studios/D/DiC_Entertainment/Adventures_of_Sonic_the_Hedgehog/index.html HTTP/1.1" 500 - "-" "Mozilla/5.0 (compatible; AwarioBot/1.0; +https://awario.com/bots.html)"
65.21.113.250 - - [19/May/2026:11:22:56 +0000] "GET /cartoons/Other_Studios/D/DiC_Entertainment/Beany_and_Cecil/index.html HTTP/1.1" 500 - "-" "Mozilla/5.0 (compatible; AwarioBot/1.0; +https://awario.com/bots.html)"
65.21.113.250 - - [19/May/2026:11:22:59 +0000] "GET /cartoons/Other_Studios/D/DiC_Entertainment/Camp_Candy/ HTTP/1.1" 500 - "-" "Mozilla/5.0 (compatible; AwarioBot/1.0; +https://awario.com/bots.html)"
65.21.113.250 - - [19/May/2026:11:23:02 +0000] "GET /cartoons/Other_Studios/D/DiC_Entertainment/Hulk_Hogan_s_Rock_N__Wrestling/ HTTP/1.1" 500 - "-" "Mozilla/5.0 (compatible; AwarioBot/1.0; +https://awario.com/bots.html)"
65.21.113.250 - - [19/May/2026:11:23:06 +0000] "GET /cartoons/Other_Studios/D/DiC_Entertainment/The_Get_Along_Gang/ HTTP/1.1" 500 - "-" "Mozilla/5.0 (compatible; AwarioBot/1.0; +https://awario.com/bots.html)"
65.21.113.250 - - [19/May/2026:11:23:11 +0000] "GET /cartoons/Other_Studios/D/DiC_Entertainment/The_Littles/ HTTP/1.1" 500 - "-" "Mozilla/5.0 (compatible; AwarioBot/1.0; +https://awario.com/bots.html)"
65.21.113.250 - - [19/May/2026:11:23:14 +0000] "GET /cartoons/Other_Studios/F/F-_Miscellany/Les_Films_du_Triangle/Billy_the_Cat/index.html HTTP/1.1" 500 - "-" "Mozilla/5.0 (compatible; AwarioBot/1.0; +https://awario.com/bots.html)"
158.46.166.20 - - [19/May/2026:11:23:16 +0000] "GET /cartoon/524-Holiday_For_Shoestrings.html HTTP/1.1" 500 - "https://www.google.com/" "Mozilla/5.0 (Windows NT 10.0; Win64; x64) AppleWebKit/537.36 (KHTML, like Gecko) Chrome/131.0.0.0 Safari/537.36"
65.21.113.250 - - [19/May/2026:11:23:18 +0000] "GET /cartoons/Other_Studios/F/FilmFair/The_Blunders/ HTTP/1.1" 500 - "-" "Mozilla/5.0 (compatible; AwarioBot/1.0; +https://awario.com/bots.html)"
20.245.9.61 - - [19/May/2026:11:23:19 +0000] "GET /bcdb/cartoon.cgi?film=113088 HTTP/1.1" 500 - "-" "Mozilla/5.0 (Macintosh; Intel Mac OS X 12_0) AppleWebKit/605.1.15 (KHTML, like Gecko) Version/16.0 Safari/605.1.15"
65.21.113.250 - - [19/May/2026:11:23:21 +0000] "GET /cartoons/Other_Studios/G/Grantray-Lawrence_Animation/The_Marvel_Superheroes_Show/Captain_America/ HTTP/1.1" 500 - "-" "Mozilla/5.0 (compatible; AwarioBot/1.0; +https://awario.com/bots.html)"
65.21.113.250 - - [19/May/2026:11:23:25 +0000] "GET /cartoons/Other_Studios/H/HIT_Entertainment/The_Magic_Key/index.html HTTP/1.1" 500 - "-" "Mozilla/5.0 (compatible; AwarioBot/1.0; +https://awario.com/bots.html)"
65.21.113.250 - - [19/May/2026:11:23:28 +0000] "GET /cartoons/Other_Studios/H/Hyperion_Pictures/Life_With_Louie/ HTTP/1.1" 500 - "-" "Mozilla/5.0 (compatible; AwarioBot/1.0; +https://awario.com/bots.html)"
65.21.113.250 - - [19/May/2026:11:23:31 +0000] "GET /robots.txt HTTP/1.1" 500 - "-" "Mozilla/5.0 (compatible; AwarioBot/1.0; +https://awario.com/bots.html)"
65.21.113.250 - - [19/May/2026:11:23:31 +0000] "GET /cartoons/Other_Studios/J/Jumbo_Pictures/Doug/index.html HTTP/1.1" 500 - "-" "Mozilla/5.0 (compatible; AwarioBot/1.0; +https://awario.com/bots.html)"
65.21.113.250 - - [19/May/2026:11:23:34 +0000] "GET /cartoons/Other_Studios/K/King_Features_Syndicate/The_Beatles/index.html HTTP/1.1" 500 - "-" "Mozilla/5.0 (compatible; AwarioBot/1.0; +https://awario.com/bots.html)"
65.21.113.250 - - [19/May/2026:11:23:38 +0000] "GET /cartoons/Other_Studios/K/Klasky_Csupo/AAAHH____Real_Monsters/index.html HTTP/1.1" 500 - "-" "Mozilla/5.0 (compatible; AwarioBot/1.0; +https://awario.com/bots.html)"
65.21.113.250 - - [19/May/2026:11:23:39 +0000] "GET /cartoons/Other_Studios/K/Klasky_Csupo/As_Told_By_Ginger/index.html HTTP/1.1" 500 - "-" "Mozilla/5.0 (compatible; AwarioBot/1.0; +https://awario.com/bots.html)"
65.21.113.250 - - [19/May/2026:11:23:43 +0000] "GET /cartoons/Other_Studios/K/Klasky_Csupo/The_Wild_Thornberrys/ HTTP/1.1" 500 - "-" "Mozilla/5.0 (compatible; AwarioBot/1.0; +https://awario.com/bots.html)"
65.21.113.250 - - [19/May/2026:11:23:48 +0000] "GET /cartoons/Other_Studios/L/L-_Miscellany/Larkins_Studios/index.html HTTP/1.1" 500 - "-" "Mozilla/5.0 (compatible; AwarioBot/1.0; +https://awario.com/bots.html)"
65.21.113.250 - - [19/May/2026:11:24:24 +0000] "GET /cartoons/Other_Studios/M/MTV_Productions/Daria/index.html HTTP/1.1" 500 - "-" "Mozilla/5.0 (compatible; AwarioBot/1.0; +https://awario.com/bots.html)"
65.21.113.250 - - [19/May/2026:11:24:29 +0000] "GET /cartoons/Other_Studios/M/Magma_Films/Lilly_The_Witch/index.html HTTP/1.1" 500 - "-" "Mozilla/5.0 (compatible; AwarioBot/1.0; +https://awario.com/bots.html)"
65.21.113.250 - - [19/May/2026:11:24:32 +0000] "GET /cartoons/Other_Studios/M/Marvel_Productions__Ltd_/Little_Wizards/index.html HTTP/1.1" 500 - "-" "Mozilla/5.0 (compatible; AwarioBot/1.0; +https://awario.com/bots.html)"
65.21.113.250 - - [19/May/2026:11:24:34 +0000] "GET /cartoons/Other_Studios/M/Marvel_Productions__Ltd_/My_Little_Pony__n_Friends/The_Glo_Friends/ HTTP/1.1" 500 - "-" "Mozilla/5.0 (compatible; AwarioBot/1.0; +https://awario.com/bots.html)"
65.21.113.250 - - [19/May/2026:11:24:38 +0000] "GET /cartoons/Other_Studios/M/Marvel_Productions__Ltd_/Rude_Dog_and_the_Dweebs/ HTTP/1.1" 500 - "-" "Mozilla/5.0 (compatible; AwarioBot/1.0; +https://awario.com/bots.html)"
65.21.113.250 - - [19/May/2026:11:24:42 +0000] "GET /cartoons/Other_Studios/M/Millimages/Corneil_et_Bernie/ HTTP/1.1" 500 - "-" "Mozilla/5.0 (compatible; AwarioBot/1.0; +https://awario.com/bots.html)"
65.21.113.250 - - [19/May/2026:11:24:46 +0000] "GET /cartoons/Other_Studios/N/Nelvana_Limited/Anthony_Ant/ HTTP/1.1" 500 - "-" "Mozilla/5.0 (compatible; AwarioBot/1.0; +https://awario.com/bots.html)"
65.21.113.250 - - [19/May/2026:11:24:50 +0000] "GET /cartoons/Other_Studios/N/Nelvana_Limited/Jacob_Two-Two/ HTTP/1.1" 500 - "-" "Mozilla/5.0 (compatible; AwarioBot/1.0; +https://awario.com/bots.html)"
65.21.113.250 - - [19/May/2026:11:24:53 +0000] "GET /cartoons/Other_Studios/N/Nelvana_Limited/Moville_Mysteries/ HTTP/1.1" 500 - "-" "Mozilla/5.0 (compatible; AwarioBot/1.0; +https://awario.com/bots.html)"
65.21.113.250 - - [19/May/2026:11:24:56 +0000] "GET /cartoons/Other_Studios/N/Nelvana_Limited/My_Dad_the_Rock_Star/ HTTP/1.1" 500 - "-" "Mozilla/5.0 (compatible; AwarioBot/1.0; +https://awario.com/bots.html)"
65.21.113.250 - - [19/May/2026:11:25:00 +0000] "GET /cartoons/Other_Studios/N/Nelvana_Limited/Pecola/index.html HTTP/1.1" 500 - "-" "Mozilla/5.0 (compatible; AwarioBot/1.0; +https://awario.com/bots.html)"
65.21.113.250 - - [19/May/2026:11:25:05 +0000] "GET /cartoons/Other_Studios/N/Nickelodeon/Nicktoons_Productions/The_X_s/ HTTP/1.1" 500 - "-" "Mozilla/5.0 (compatible; AwarioBot/1.0; +https://awario.com/bots.html)"
65.21.113.250 - - [19/May/2026:11:25:10 +0000] "GET /cartoons/Other_Studios/R/R-_Miscellany/Radical_Sheep_Productions/Stella_And_Sam/ HTTP/1.1" 500 - "-" "Mozilla/5.0 (compatible; AwarioBot/1.0; +https://awario.com/bots.html)"
65.21.113.250 - - [19/May/2026:11:25:14 +0000] "GET /cartoons/Other_Studios/R/R-_Miscellany/RoboRoach_Productions/RoboRoach/index.html HTTP/1.1" 500 - "-" "Mozilla/5.0 (compatible; AwarioBot/1.0; +https://awario.com/bots.html)"
65.21.113.250 - - [19/May/2026:11:25:18 +0000] "GET /cartoons/Other_Studios/R/Rankin_Bass_Productions/SilverHawks/ HTTP/1.1" 500 - "-" "Mozilla/5.0 (compatible; AwarioBot/1.0; +https://awario.com/bots.html)"
65.21.113.250 - - [19/May/2026:11:25:21 +0000] "GET /cartoons/Other_Studios/R/Ruby-Spears_Productions/Lazer_Tag_Academy/ HTTP/1.1" 500 - "-" "Mozilla/5.0 (compatible; AwarioBot/1.0; +https://awario.com/bots.html)"
65.21.113.250 - - [19/May/2026:11:25:24 +0000] "GET /cartoons/Other_Studios/R/Ruby-Spears_Productions/Piggsburg_Pigs/ HTTP/1.1" 500 - "-" "Mozilla/5.0 (compatible; AwarioBot/1.0; +https://awario.com/bots.html)"
65.21.113.250 - - [19/May/2026:11:25:28 +0000] "GET /cartoons/Other_Studios/R/Ruby-Spears_Productions/Police_Academy__The_Series/index.html HTTP/1.1" 500 - "-" "Mozilla/5.0 (compatible; AwarioBot/1.0; +https://awario.com/bots.html)"
65.21.113.250 - - [19/May/2026:11:25:31 +0000] "GET /robots.txt HTTP/1.1" 500 - "-" "Mozilla/5.0 (compatible; AwarioBot/1.0; +https://awario.com/bots.html)"
65.21.113.250 - - [19/May/2026:11:25:31 +0000] "GET /cartoons/Other_Studios/R/Ruby-Spears_Productions/Thundarr_the_Barbarian/ HTTP/1.1" 500 - "-" "Mozilla/5.0 (compatible; AwarioBot/1.0; +https://awario.com/bots.html)"
65.21.113.250 - - [19/May/2026:11:25:35 +0000] "GET /cartoons/Other_Studios/S/Hal_Seeger/Batfink/ HTTP/1.1" 500 - "-" "Mozilla/5.0 (compatible; AwarioBot/1.0; +https://awario.com/bots.html)"
65.21.113.250 - - [19/May/2026:11:25:38 +0000] "GET /cartoons/Other_Studios/S/S-_Miscellany/Samka_Productions/Eliot_Kid/index.html HTTP/1.1" 500 - "-" "Mozilla/5.0 (compatible; AwarioBot/1.0; +https://awario.com/bots.html)"
213.186.1.154 - - [19/May/2026:11:25:40 +0000] "GET /cartoons/Paramount_Pictures/Famous_Studios/index.html HTTP/1.1" 500 - "-" "Mediatoolkitbot (complaints@mediatoolkit.com)"
65.21.113.250 - - [19/May/2026:11:25:41 +0000] "GET /cartoons/Other_Studios/S/Saban_Entertainment/DinoZaurs/ HTTP/1.1" 500 - "-" "Mozilla/5.0 (compatible; AwarioBot/1.0; +https://awario.com/bots.html)"
181.130.236.168 - - [19/May/2026:11:25:43 +0000] "GET /cartoon/10190-Dont_Hustle_An_Ant_With_Muscle.html HTTP/1.1" 500 - "-" "Mozilla/5.0 (Macintosh; Intel Mac OS X 10_15_7) AppleWebKit/537.36 (KHTML, like Gecko) Chrome/92.0.4515.159 Safari/537.36"
65.21.113.250 - - [19/May/2026:11:25:47 +0000] "GET /cartoons/Other_Studios/S/Saban_Entertainment/Pigs_Next_Door/index.html HTTP/1.1" 500 - "-" "Mozilla/5.0 (compatible; AwarioBot/1.0; +https://awario.com/bots.html)"
65.21.113.250 - - [19/May/2026:11:25:50 +0000] "GET /cartoons/Other_Studios/S/Saban_Entertainment/The_Bots_Master/ HTTP/1.1" 500 - "-" "Mozilla/5.0 (compatible; AwarioBot/1.0; +https://awario.com/bots.html)"
65.21.113.250 - - [19/May/2026:11:25:53 +0000] "GET /cartoons/Other_Studios/S/Snyder-Koren_Productions/Roger_Ramjet/ HTTP/1.1" 500 - "-" "Mozilla/5.0 (compatible; AwarioBot/1.0; +https://awario.com/bots.html)"
65.21.113.250 - - [19/May/2026:11:25:58 +0000] "GET /cartoons/Other_Studios/S/Studio_B_Productions/Yakkity_Yak/ HTTP/1.1" 500 - "-" "Mozilla/5.0 (compatible; AwarioBot/1.0; +https://awario.com/bots.html)"
65.21.113.250 - - [19/May/2026:11:26:02 +0000] "GET /cartoons/Other_Studios/S/Sunbow_Productions/Bucky_O_Hare_and_the_Toad_Wars/index.html HTTP/1.1" 500 - "-" "Mozilla/5.0 (compatible; AwarioBot/1.0; +https://awario.com/bots.html)"
65.21.113.250 - - [19/May/2026:11:26:06 +0000] "GET /cartoons/Other_Studios/S/Sunbow_Productions/Visionaries__Knights_of_the_Magical_Light/ HTTP/1.1" 500 - "-" "Mozilla/5.0 (compatible; AwarioBot/1.0; +https://awario.com/bots.html)"
65.21.113.250 - - [19/May/2026:11:26:10 +0000] "GET /cartoons/Other_Studios/T/Tatsunoko_Productions_Co__Ltd_/Honeybee_Hutch/ HTTP/1.1" 500 - "-" "Mozilla/5.0 (compatible; AwarioBot/1.0; +https://awario.com/bots.html)"
65.21.113.250 - - [19/May/2026:11:26:14 +0000] "GET /cartoons/Other_Studios/T/Tokyo_Movie_Shinsha/Mighty_Orbots/ HTTP/1.1" 500 - "-" "Mozilla/5.0 (compatible; AwarioBot/1.0; +https://awario.com/bots.html)"
65.21.113.250 - - [19/May/2026:11:26:18 +0000] "GET /cartoons/Other_Studios/V/Will_Vinton_Associates/Gary___Mike/ HTTP/1.1" 500 - "-" "Mozilla/5.0 (compatible; AwarioBot/1.0; +https://awario.com/bots.html)"
185.187.77.153 - - [19/May/2026:11:26:19 +0000] "GET /cartoon_story/20492-Anju_To_Zushio-Maru.html HTTP/1.1" 500 - "-" "Mozilla/5.0 (Windows NT 10.0; Win64; x64) AppleWebKit/537.36 (KHTML, like Gecko) Chrome/81.0.4044.138 Safari/537.36"
65.21.113.250 - - [19/May/2026:11:26:21 +0000] "GET /cartoons/Paramount_Pictures/Famous_Studios/Casper__The_Friendly_Ghost/ HTTP/1.1" 500 - "-" "Mozilla/5.0 (compatible; AwarioBot/1.0; +https://awario.com/bots.html)"
65.21.113.250 - - [19/May/2026:11:26:30 +0000] "GET /cartoons/Walt_Disney_Studios/Television/Brand_Spanking_New__Doug/ HTTP/1.1" 500 - "-" "Mozilla/5.0 (compatible; AwarioBot/1.0; +https://awario.com/bots.html)"
65.21.113.250 - - [19/May/2026:11:26:33 +0000] "GET /cartoons/Walt_Disney_Studios/Television/Disney_s_Adventures_of_the_Gummi_Bears/index.html HTTP/1.1" 500 - "-" "Mozilla/5.0 (compatible; AwarioBot/1.0; +https://awario.com/bots.html)"
65.21.113.250 - - [19/May/2026:11:26:37 +0000] "GET /cartoons/Walt_Disney_Studios/Television/Disney_s_Jungle_Cubs/ HTTP/1.1" 500 - "-" "Mozilla/5.0 (compatible; AwarioBot/1.0; +https://awario.com/bots.html)"
65.21.113.250 - - [19/May/2026:11:26:41 +0000] "GET /cartoons/Walt_Disney_Studios/Television/Disney_s_Lloyd_In_Space/ HTTP/1.1" 500 - "-" "Mozilla/5.0 (compatible; AwarioBot/1.0; +https://awario.com/bots.html)"
65.21.113.250 - - [19/May/2026:11:26:44 +0000] "GET /cartoons/Walt_Disney_Studios/Television/Disney_s_Teacher_s_Pet/ HTTP/1.1" 500 - "-" "Mozilla/5.0 (compatible; AwarioBot/1.0; +https://awario.com/bots.html)"
65.21.113.250 - - [19/May/2026:11:26:48 +0000] "GET /cartoons/Walt_Disney_Studios/Television/Disney_s_The_Little_Mermaid/ HTTP/1.1" 500 - "-" "Mozilla/5.0 (compatible; AwarioBot/1.0; +https://awario.com/bots.html)"
65.21.113.250 - - [19/May/2026:11:26:50 +0000] "GET /cartoons/Walt_Disney_Studios/Television/Disney_s_The_Weekenders/ HTTP/1.1" 500 - "-" "Mozilla/5.0 (compatible; AwarioBot/1.0; +https://awario.com/bots.html)"
65.21.113.250 - - [19/May/2026:11:26:54 +0000] "GET /cartoons/Walt_Disney_Studios/Television/JoJo_s_Circus/ HTTP/1.1" 500 - "-" "Mozilla/5.0 (compatible; AwarioBot/1.0; +https://awario.com/bots.html)"
74.7.242.5 - - [19/May/2026:11:26:55 +0000] "GET /cartoon/25309-Clarabelle_Cow.html HTTP/1.1" 500 - "https://wiki.altalux.org" "Mozilla/5.0 AppleWebKit/537.36 (KHTML, like Gecko; compatible; GPTBot/1.3; +https://openai.com/gptbot)"
65.21.113.250 - - [19/May/2026:11:26:57 +0000] "GET /cartoons/Walt_Disney_Studios/Television/Kick_Buttowski_-_Suburban_Daredevil/ HTTP/1.1" 500 - "-" "Mozilla/5.0 (compatible; AwarioBot/1.0; +https://awario.com/bots.html)"
65.21.113.250 - - [19/May/2026:11:27:00 +0000] "GET /cartoons/Walt_Disney_Studios/Television/PB_amp_J_Otter/ HTTP/1.1" 500 - "-" "Mozilla/5.0 (compatible; AwarioBot/1.0; +https://awario.com/bots.html)"
65.21.113.250 - - [19/May/2026:11:27:05 +0000] "GET /cartoons/Walt_Disney_Studios/Television/Pepper_Ann/ HTTP/1.1" 500 - "-" "Mozilla/5.0 (compatible; AwarioBot/1.0; +https://awario.com/bots.html)"
65.21.113.250 - - [19/May/2026:11:27:10 +0000] "GET /cartoons/Walt_Disney_Studios/Television/Quack_Pack/ HTTP/1.1" 500 - "-" "Mozilla/5.0 (compatible; AwarioBot/1.0; +https://awario.com/bots.html)"
65.21.113.250 - - [19/May/2026:11:27:13 +0000] "GET /cartoons/Walt_Disney_Studios/Television/Teamo_Supremo/ HTTP/1.1" 500 - "-" "Mozilla/5.0 (compatible; AwarioBot/1.0; +https://awario.com/bots.html)"
65.21.113.250 - - [19/May/2026:11:27:17 +0000] "GET /cartoons/Walt_Disney_Studios/Television/The_Proud_Family/ HTTP/1.1" 500 - "-" "Mozilla/5.0 (compatible; AwarioBot/1.0; +https://awario.com/bots.html)"
65.21.113.250 - - [19/May/2026:11:27:21 +0000] "GET /cartoons/Walt_Disney_Studios/Television/The_Shnookums_and_Meat_Funny_Cartoon_Show/ HTTP/1.1" 500 - "-" "Mozilla/5.0 (compatible; AwarioBot/1.0; +https://awario.com/bots.html)"
65.21.113.250 - - [19/May/2026:11:27:25 +0000] "GET /cartoons/Warner_Bros_/Television/Animaniacs/ HTTP/1.1" 500 - "-" "Mozilla/5.0 (compatible; AwarioBot/1.0; +https://awario.com/bots.html)"
65.21.113.250 - - [19/May/2026:11:27:33 +0000] "GET /robots.txt HTTP/1.1" 500 - "-" "Mozilla/5.0 (compatible; AwarioBot/1.0; +https://awario.com/bots.html)"
65.21.113.250 - - [19/May/2026:11:27:33 +0000] "GET /cartoons/Warner_Bros_/Television/Histeria_/index.html HTTP/1.1" 500 - "-" "Mozilla/5.0 (compatible; AwarioBot/1.0; +https://awario.com/bots.html)"
65.21.113.250 - - [19/May/2026:11:27:38 +0000] "GET /cartoons/Warner_Bros_/Television/Pinky_and_the_Brain/ HTTP/1.1" 500 - "-" "Mozilla/5.0 (compatible; AwarioBot/1.0; +https://awario.com/bots.html)"
65.21.113.250 - - [19/May/2026:11:27:43 +0000] "GET /cartoons/Warner_Bros_/Television/Waynehead/ HTTP/1.1" 500 - "-" "Mozilla/5.0 (compatible; AwarioBot/1.0; +https://awario.com/bots.html)"
65.21.113.250 - - [19/May/2026:11:27:45 +0000] "GET /bcdb/detailed.cgi?film=30882 HTTP/1.1" 500 - "-" "Mozilla/5.0 (compatible; AwarioBot/1.0; +https://awario.com/bots.html)"
54.236.1.52 - - [19/May/2026:11:27:48 +0000] "GET /cartoon_pictures/16-Reluctant_Dragon.html HTTP/1.1" 500 - "-" "Mozilla/5.0 (compatible; Pinterestbot/1.0; +http://www.pinterest.com/bot.html)"
65.21.113.250 - - [19/May/2026:11:27:49 +0000] "GET /cartoon/15008-Freak%27s_Norwegian_Lesson%3A_Conversat.html HTTP/1.1" 500 - "-" "Mozilla/5.0 (compatible; AwarioBot/1.0; +https://awario.com/bots.html)"
65.21.113.250 - - [19/May/2026:11:27:52 +0000] "GET /cartoon/369-Operation:%20Rabbit.html HTTP/1.1" 500 - "-" "Mozilla/5.0 (compatible; AwarioBot/1.0; +https://awario.com/bots.html)"
65.21.113.250 - - [19/May/2026:11:27:55 +0000] "GET /cartoon/58691-Anime_Yasei_no_Sakebi_%28Series%29.html HTTP/1.1" 500 - "-" "Mozilla/5.0 (compatible; AwarioBot/1.0; +https://awario.com/bots.html)"
142.93.7.16 - - [19/May/2026:11:27:55 +0000] "GET /cartoons/static/fluid/images/stars-5-10.gif HTTP/1.1" 500 - "http://www.bcdb.com/" "Mozilla/5.0 (Windows NT 10.0; Win64; x64) AppleWebKit/537.36 (KHTML, like Gecko) Chrome/133.0.0.0 Safari/537.36"
167.71.18.74 - - [19/May/2026:11:27:55 +0000] "GET /cartoons/static/fluid/images/stars-5-6.gif HTTP/1.1" 500 - "http://www.bcdb.com/" "Mozilla/5.0 (Windows NT 10.0; Win64; x64) AppleWebKit/537.36 (KHTML, like Gecko) Chrome/133.0.0.0 Safari/537.36"
222.252.126.248 - - [19/May/2026:11:27:57 +0000] "GET /cartoons/static/fluid/images/stars-5-6.gif HTTP/1.1" 500 - "http://www.bcdb.com/" "Mozilla/5.0 (Windows NT 10.0; Win64; x64) AppleWebKit/537.36 (KHTML, like Gecko) Chrome/133.0.0.0 Safari/537.36"
213.186.1.154 - - [19/May/2026:11:27:57 +0000] "GET /cartoons/Other_Studios/P/Pixar_Animation_Studios/index.html HTTP/1.1" 500 - "-" "Mediatoolkitbot (complaints@mediatoolkit.com)"
74.7.242.5 - - [19/May/2026:11:27:58 +0000] "GET /bcdb/detailed.cgi?film=3820. HTTP/1.1" 500 - "https://paperzz.com" "Mozilla/5.0 AppleWebKit/537.36 (KHTML, like Gecko; compatible; GPTBot/1.3; +https://openai.com/gptbot)"
113.175.56.125 - - [19/May/2026:11:27:58 +0000] "GET /cartoons/static/fluid/images/stars-5-10.gif HTTP/1.1" 500 - "http://www.bcdb.com/" "Mozilla/5.0 (Windows NT 10.0; Win64; x64) AppleWebKit/537.36 (KHTML, like Gecko) Chrome/133.0.0.0 Safari/537.36"
65.21.113.250 - - [19/May/2026:11:28:05 +0000] "GET /cartoon_video/5436-Marge_Vs_The_Monorail.html HTTP/1.1" 500 - "-" "Mozilla/5.0 (compatible; AwarioBot/1.0; +https://awario.com/bots.html)"
65.21.113.250 - - [19/May/2026:11:28:10 +0000] "GET /cartoons/Walt_Disney_Studios/Shorts/Mickey_Mouse/index.html HTTP/1.1" 500 - "-" "Mozilla/5.0 (compatible; AwarioBot/1.0; +https://awario.com/bots.html)"
65.21.113.250 - - [19/May/2026:11:28:13 +0000] "GET /cartoons/Walt_Disney_Studios/Television/Darkwing_Duck/ HTTP/1.1" 500 - "-" "Mozilla/5.0 (compatible; AwarioBot/1.0; +https://awario.com/bots.html)"
213.186.1.154 - - [19/May/2026:11:28:15 +0000] "GET /cartoons/Other_Studios/C/Cartoon_Network_Studios/index.html HTTP/1.1" 500 - "-" "Mediatoolkitbot (complaints@mediatoolkit.com)"
65.21.113.250 - - [19/May/2026:11:28:16 +0000] "GET /cartoon/2974-The_Bookworm.html HTTP/1.1" 500 - "-" "Mozilla/5.0 (compatible; AwarioBot/1.0; +https://awario.com/bots.html)"
65.21.113.250 - - [19/May/2026:11:28:18 +0000] "GET /cartoon/3014-Screwball_Squirrel.html HTTP/1.1" 500 - "-" "Mozilla/5.0 (compatible; AwarioBot/1.0; +https://awario.com/bots.html)"
65.21.113.250 - - [19/May/2026:11:28:23 +0000] "GET /cartoons/Other_Studios/G/Grantray-Lawrence_Animation/ HTTP/1.1" 500 - "-" "Mozilla/5.0 (compatible; AwarioBot/1.0; +https://awario.com/bots.html)"
65.21.113.250 - - [19/May/2026:11:28:27 +0000] "GET /cartoons/Other_Studios/K/Krantz_Films/ HTTP/1.1" 500 - "-" "Mozilla/5.0 (compatible; AwarioBot/1.0; +https://awario.com/bots.html)"
65.21.113.250 - - [19/May/2026:11:28:33 +0000] "GET /Walt_Disney_Studios/Television/Disney_s_101_Dalmatians/ HTTP/1.1" 500 - "-" "Mozilla/5.0 (compatible; AwarioBot/1.0; +https://awario.com/bots.html)"
65.21.113.250 - - [19/May/2026:11:28:38 +0000] "GET /bcdb/cartoon.cgi?film=20505&cartoon=Yellow%20Submarine HTTP/1.1" 500 - "-" "Mozilla/5.0 (compatible; AwarioBot/1.0; +https://awario.com/bots.html)"
65.21.113.250 - - [19/May/2026:11:28:42 +0000] "GET /bcdb/detailed.cgi?film=27324&p=c HTTP/1.1" 500 - "-" "Mozilla/5.0 (compatible; AwarioBot/1.0; +https://awario.com/bots.html)"
65.21.113.250 - - [19/May/2026:11:28:46 +0000] "GET /cartoon/3071-Mouse_In_Manhattan.html HTTP/1.1" 500 - "-" "Mozilla/5.0 (compatible; AwarioBot/1.0; +https://awario.com/bots.html)"
65.21.113.250 - - [19/May/2026:11:28:49 +0000] "GET /cartoon/3657-Soda_Squirt.html HTTP/1.1" 500 - "-" "Mozilla/5.0 (compatible; AwarioBot/1.0; +https://awario.com/bots.html)"
65.21.113.250 - - [19/May/2026:11:28:53 +0000] "GET /cartoons/Hanna-Barbera_Studios/D-F/Frankenstein_Jr__and_The_Impossibles/Frankenstein_Jr_/index.html HTTP/1.1" 500 - "-" "Mozilla/5.0 (compatible; AwarioBot/1.0; +https://awario.com/bots.html)"
65.21.113.250 - - [19/May/2026:11:28:56 +0000] "GET /cartoons/Hanna-Barbera_Studios/G-J/The_Huckleberry_Hound_Show/Pixie_and_Dixie/ HTTP/1.1" 500 - "-" "Mozilla/5.0 (compatible; AwarioBot/1.0; +https://awario.com/bots.html)"
74.7.242.5 - - [19/May/2026:11:28:58 +0000] "GET /cartoon_synopsis/54 HTTP/1.1" 500 - "https://www.zapzaptv.it" "Mozilla/5.0 AppleWebKit/537.36 (KHTML, like Gecko; compatible; GPTBot/1.3; +https://openai.com/gptbot)"
65.21.113.250 - - [19/May/2026:11:29:00 +0000] "GET /cartoons/Other_Studios/T/Total_TV/The_Underdog_Show/Underdog/ HTTP/1.1" 500 - "-" "Mozilla/5.0 (compatible; AwarioBot/1.0; +https://awario.com/bots.html)"
65.21.113.250 - - [19/May/2026:11:29:09 +0000] "GET /bcdb/detailed.cgi?film=18490 HTTP/1.1" 500 - "-" "Mozilla/5.0 (compatible; AwarioBot/1.0; +https://awario.com/bots.html)"
65.21.113.250 - - [19/May/2026:11:29:14 +0000] "GET /cartoon/7860-Upsidaisium.html?fb_xd_fragment HTTP/1.1" 500 - "-" "Mozilla/5.0 (compatible; AwarioBot/1.0; +https://awario.com/bots.html)"
65.21.113.250 - - [19/May/2026:11:29:18 +0000] "GET /cartoon/9829-Big_Game.html HTTP/1.1" 500 - "-" "Mozilla/5.0 (compatible; AwarioBot/1.0; +https://awario.com/bots.html)"
65.21.113.250 - - [19/May/2026:11:29:22 +0000] "GET /cartoons/Walt_Disney_Studios/Television/Disney_s_Adventures_of_the_Gummi_Bears/ HTTP/1.1" 500 - "-" "Mozilla/5.0 (compatible; AwarioBot/1.0; +https://awario.com/bots.html)"
65.21.113.250 - - [19/May/2026:11:29:33 +0000] "GET /bcdb/cartoon.cgi?film=33817 HTTP/1.1" 500 - "-" "Mozilla/5.0 (compatible; AwarioBot/1.0; +https://awario.com/bots.html)"
65.21.113.250 - - [19/May/2026:11:29:37 +0000] "GET /robots.txt HTTP/1.1" 500 - "-" "Mozilla/5.0 (compatible; AwarioBot/1.0; +https://awario.com/bots.html)"
65.21.113.250 - - [19/May/2026:11:29:37 +0000] "GET /bcdb/detailed.cgi?film=7273 HTTP/1.1" 500 - "-" "Mozilla/5.0 (compatible; AwarioBot/1.0; +https://awario.com/bots.html)"
65.21.113.250 - - [19/May/2026:11:29:42 +0000] "GET /bcdb/search.cgi?query=forever%20blowing%20bubbles&bool=and&substring=1 HTTP/1.1" 500 - "-" "Mozilla/5.0 (compatible; AwarioBot/1.0; +https://awario.com/bots.html)"
65.21.113.250 - - [19/May/2026:11:29:53 +0000] "GET /cartoon_synopsis/57872-Miss_Spider HTTP/1.1" 500 - "-" "Mozilla/5.0 (compatible; AwarioBot/1.0; +https://awario.com/bots.html)"
65.21.113.250 - - [19/May/2026:11:29:57 +0000] "GET /cartoons/Universal_Studios/Walter_Lantz/Maw_and_Paw/ HTTP/1.1" 500 - "-" "Mozilla/5.0 (compatible; AwarioBot/1.0; +https://awario.com/bots.html)"
65.21.113.250 - - [19/May/2026:11:30:00 +0000] "GET /cartoons/Walt_Disney_Studios/Shorts/Silly_Symphonies/ HTTP/1.1" 500 - "-" "Mozilla/5.0 (compatible; AwarioBot/1.0; +https://awario.com/bots.html)"
65.21.113.250 - - [19/May/2026:11:30:05 +0000] "GET /bcdb/cartoon.cgi?film=91 HTTP/1.1" 500 - "-" "Mozilla/5.0 (compatible; AwarioBot/1.0; +https://awario.com/bots.html)"
147.135.5.68 - - [19/May/2026:11:30:19 +0000] "GET /robots.txt HTTP/1.1" 500 - "-" "yacybot (freeworld/global; amd64 Linux 6.12.74+deb13+1-amd64; java 21.0.11; Etc/en) https://yacy.net/bot.html"
132.231.12.31 - - [19/May/2026:11:30:42 +0000] "GET /cartoon/5401-Poor_Papa.html HTTP/1.1" 500 - "-" "OWLer-W (owler@ows.eu)"
52.167.144.59 - - [19/May/2026:11:30:46 +0000] "GET /robots.txt HTTP/1.1" 500 - "-" "Mozilla/5.0 AppleWebKit/537.36 (KHTML, like Gecko; compatible; bingbot/2.0; +http://www.bing.com/bingbot.htm) Chrome/116.0.1938.76 Safari/537.36"
40.77.167.76 - - [19/May/2026:11:30:52 +0000] "GET / HTTP/1.1" 500 - "-" "Mozilla/5.0 AppleWebKit/537.36 (KHTML, like Gecko; compatible; bingbot/2.0; +http://www.bing.com/bingbot.htm) Chrome/116.0.1938.76 Safari/537.36"
213.186.1.154 - - [19/May/2026:11:32:19 +0000] "GET /cartoons/Warner_Bros_/Merrie_Melodies/index.html HTTP/1.1" 500 - "-" "Mediatoolkitbot (complaints@mediatoolkit.com)"
161.123.110.11 - - [19/May/2026:11:34:08 +0000] "GET /cartoon_story/5228-Tin_Pan_Alley_Cats.html HTTP/1.1" 500 - "https://www.google.com/" "Mozilla/5.0 (Windows NT 10.0; Win64; x64) AppleWebKit/537.36 (KHTML, like Gecko) Chrome/131.0.0.0 Safari/537.36"
74.7.242.151 - - [19/May/2026:11:34:44 +0000] "GET /sitemap-index.xml.gz HTTP/1.1" 500 - "-" "Mozilla/5.0 (Macintosh; Intel Mac OS X 10_15_7) AppleWebKit/537.36 (KHTML, like Gecko) Chrome/131.0.0.0 Safari/537.36; compatible; OAI-SearchBot/1.3; +https://openai.com/searchbot"
52.73.142.41 - - [19/May/2026:11:35:58 +0000] "GET /bcdb/detailed.cgi?film=63058&p=s HTTP/1.1" 500 - "-" "Mozilla/5.0 AppleWebKit/537.36 (KHTML, like Gecko; compatible; Amazonbot/0.1; +https://developer.amazon.com/support/amazonbot) Chrome/119.0.6045.214 Safari/537.36"
213.186.1.154 - - [19/May/2026:11:36:10 +0000] "GET /cartoons/Ratings HTTP/1.1" 500 - "-" "Mediatoolkitbot (complaints@mediatoolkit.com)"
69.254.33.184 - - [19/May/2026:11:36:23 +0000] "GET /cartoons/Other_Studios/A/Animation_Associates/Q_T__Hush/ HTTP/1.1" 500 - "-" "Mozilla/5.0 (Windows NT 10.0; Win64; x64) AppleWebKit/537.36 (KHTML, like Gecko) Chrome/110.0.0.0 Safari/537.36"
74.7.242.5 - - [19/May/2026:11:40:14 +0000] "GET /bcdb/cartoon.cgi?film=139870/ HTTP/1.1" 500 - "https://kiwix.kozochka.org" "Mozilla/5.0 AppleWebKit/537.36 (KHTML, like Gecko; compatible; GPTBot/1.3; +https://openai.com/gptbot)"
216.194.162.80 - - [19/May/2026:11:40:25 +0000] "GET /cartoons/Other_Studios/D/DePatie-Freleng_Enterprises/Pink_Panther/ HTTP/1.1" 500 - "http://www.bcdb.com/" "Mozilla/5.0 (Windows NT 10.0; Win64; x64) AppleWebKit/537.36 (KHTML, like Gecko) Chrome/146.0.0.0 Safari/537.36 Edg/146.0.0.0"
92.222.108.98 - - [19/May/2026:11:40:37 +0000] "GET /cartoon/5255-Tweetie_Pie.html HTTP/1.1" 500 - "-" "Mozilla/5.0 (compatible; AhrefsBot/7.0; +http://ahrefs.com/robot/)"
85.208.98.18 - - [19/May/2026:11:42:57 +0000] "GET /robots.txt HTTP/1.1" 500 - "-" "Mozilla/5.0 (compatible; SemrushBot; +http://www.semrush.com/bot.html)"
216.244.66.244 - - [19/May/2026:11:42:58 +0000] "GET /robots.txt HTTP/1.1" 500 - "-" "Mozilla/5.0 (compatible; DotBot/1.2; +https://opensiteexplorer.org/dotbot; help@moz.com)"
216.244.66.244 - - [19/May/2026:11:43:00 +0000] "GET /robots.txt HTTP/1.1" 500 - "-" "Mozilla/5.0 (compatible; DotBot/1.2; +https://opensiteexplorer.org/dotbot; help@moz.com)"
213.186.1.154 - - [19/May/2026:11:45:17 +0000] "GET /cartoons/Other_Studios/D/DreamWorks_Animation/index.html HTTP/1.1" 500 - "-" "Mediatoolkitbot (complaints@mediatoolkit.com)"
93.114.0.159 - - [19/May/2026:11:45:33 +0000] "GET /cartoon/36548-500-Hats-Of-Bartholemew-Cubbins HTTP/1.1" 500 - "https://www.google.com/" "Mozilla/5.0 (Windows NT 10.0; Win64; x64) AppleWebKit/537.36 (KHTML, like Gecko) Chrome/131.0.0.0 Safari/537.36"
144.76.22.108 - - [19/May/2026:11:45:50 +0000] "GET /robots.txt HTTP/1.1" 500 - "-" "Mozilla/5.0 (Windows NT 10.0; Win64; x64; trendictionbot0.5.0; trendiction search; http://www.trendiction.de/bot; please let us know of any problems; web at trendiction.com) Gecko/20100101 Firefox/125.0"
144.76.22.108 - - [19/May/2026:11:45:51 +0000] "GET / HTTP/1.1" 500 - "-" "Mozilla/5.0 (Windows NT 10.0; Win64; x64; trendictionbot0.5.0; trendiction search; http://www.trendiction.de/bot; please let us know of any problems; web at trendiction.com) Gecko/20100101 Firefox/125.0"
157.230.83.159 - - [19/May/2026:11:46:33 +0000] "GET /cartoons/static/fluid/images/stars-5-10.gif HTTP/1.1" 500 - "http://www.bcdb.com/" "Mozilla/5.0 (Windows NT 10.0; Win64; x64) AppleWebKit/537.36 (KHTML, like Gecko) Chrome/124.0.0.0 Safari/537.36"
213.186.1.154 - - [19/May/2026:11:46:34 +0000] "GET /cartoon/372-One_Froggy_Evening.html HTTP/1.1" 500 - "-" "Mediatoolkitbot (complaints@mediatoolkit.com)"
14.191.220.56 - - [19/May/2026:11:46:35 +0000] "GET /cartoons/static/fluid/images/stars-5-10.gif HTTP/1.1" 500 - "http://www.bcdb.com/" "Mozilla/5.0 (Windows NT 10.0; Win64; x64) AppleWebKit/537.36 (KHTML, like Gecko) Chrome/124.0.0.0 Safari/537.36"
74.7.244.60 - - [19/May/2026:11:47:10 +0000] "GET /robots.txt HTTP/1.1" 500 - "-" "Mozilla/5.0 (Macintosh; Intel Mac OS X 10_15_7) AppleWebKit/537.36 (KHTML, like Gecko) Chrome/131.0.0.0 Safari/537.36; compatible; OAI-SearchBot/1.3; robots.txt; +https://openai.com/searchbot"
74.7.242.151 - - [19/May/2026:11:47:11 +0000] "GET /sitemap-index.xml.gz HTTP/1.1" 500 - "-" "Mozilla/5.0 (Macintosh; Intel Mac OS X 10_15_7) AppleWebKit/537.36 (KHTML, like Gecko) Chrome/131.0.0.0 Safari/537.36; compatible; OAI-SearchBot/1.3; +https://openai.com/searchbot"
213.186.1.154 - - [19/May/2026:11:47:17 +0000] "GET /cartoons/Columbia_Pictures/UPA/index.html HTTP/1.1" 500 - "-" "Mediatoolkitbot (complaints@mediatoolkit.com)"
213.186.1.154 - - [19/May/2026:11:48:19 +0000] "GET /cartoon/20639-An_American_Tail.html HTTP/1.1" 500 - "-" "Mediatoolkitbot (complaints@mediatoolkit.com)"
98.109.123.228 - - [19/May/2026:11:48:31 +0000] "GET /cartoons/Hanna-Barbera_Studios/D-F/The_Fonz_and_the_Happy_Days_Gang/ HTTP/1.1" 500 - "-" "Mozilla/5.0 (Windows NT 10.0; Win64; x64) AppleWebKit/537.36 (KHTML, like Gecko) Chrome/99.0.4844.51 Safari/537.36"
69.48.252.225 - - [19/May/2026:11:48:32 +0000] "GET /cartoon/137537-Missed-Connection HTTP/1.1" 500 - "-" "Mozilla/5.0 (Macintosh; Intel Mac OS X 10_15_7) AppleWebKit/537.36 (KHTML, like Gecko) Chrome/133.0.0.0 Safari/537.36"
